{"id":42318,"date":"2025-03-27T09:02:22","date_gmt":"2025-03-27T00:02:22","guid":{"rendered":"https:\/\/listman.shop\/autoparts-br\/product\/1005006042700644\/"},"modified":"2026-04-11T08:12:09","modified_gmt":"2026-04-10T23:12:09","slug":"1005006042700644","status":"publish","type":"product","link":"https:\/\/listman.shop\/autoparts-br\/product\/1005006042700644\/","title":{"rendered":"Lente hid modificada bi led projetor retrofit adaptador quadro 30mm 40mm 50mm placa de transfer\u00eancia para kits de instala\u00e7\u00e3o de motocicleta carro"},"content":{"rendered":"<div class=\"detailmodule_html\">\n<div class=\"detail-desc-decorate-richtext\">\n<p><\/p>\n<p><span style=\"font-size:32px;, sans-serif\">Especifica\u00e7\u00f5es:<\/span><\/p>\n<p><\/p>\n<p>Lente hepa modificada bi led projetor retrofit adaptador quadro 30mm 40mm 50mm placa de transfer\u00eancia para kits de instala\u00e7\u00e3o de motocicleta de carro<\/p>\n<p><\/p>\n<p><span style=\"font-size:14px;font-family:arial, helvetica, sans-serif\">Nome do item: moldura adaptadora para lente<\/span><\/p>\n<p><span style=\"font-size:14px;font-family:arial, helvetica, sans-serif\">Tamanho: 30mm\/40mm\/50mm<br \/>Pacote: 100 pe\u00e7as\/saco<\/span><\/p>\n<p><\/p>\n<p><img data-recalc-dims=\"1\" decoding=\"async\" src=\"https:\/\/i0.wp.com\/ae01.alicdn.com\/kf\/S91b810f3619947bb900c428a30e190ac0.png?w=1200&#038;ssl=1\"><img data-recalc-dims=\"1\" loading=\"lazy\" decoding=\"async\" width=\"799\" height=\"695\" src=\"https:\/\/i0.wp.com\/ae01.alicdn.com\/kf\/Sf6a91e29773d4408852ee994ed1f1d5cQ.jpg?resize=799%2C695&#038;ssl=1\"><img data-recalc-dims=\"1\" decoding=\"async\" src=\"https:\/\/i0.wp.com\/ae01.alicdn.com\/kf\/S3342249396544d178d9bdd5aeb7cca7cz.png?w=1200&#038;ssl=1\"><img data-recalc-dims=\"1\" decoding=\"async\" src=\"https:\/\/i0.wp.com\/ae01.alicdn.com\/kf\/Sc1275dc8361e45e9a0fea6855acaed4cC.png?w=1200&#038;ssl=1\"><img data-recalc-dims=\"1\" decoding=\"async\" src=\"https:\/\/i0.wp.com\/ae01.alicdn.com\/kf\/S0219e3806f7c43c79cc2f13ec479ba41p.png?w=1200&#038;ssl=1\"><\/p>\n<\/div>\n<\/div>\n","protected":false},"excerpt":{"rendered":"<p>Especifica\u00e7\u00f5es: Lente hepa modificada bi led projetor retrofit adaptador quadro 30mm 40mm 50mm placa de transfer\u00eancia para kits de instala\u00e7\u00e3o de motocicleta de carro Nome do item: moldura adaptadora para lente Tamanho: 30mm\/40mm\/50mmPacote: 100 pe\u00e7as\/saco<\/p>\n","protected":false},"featured_media":42313,"template":"","meta":{"neve_meta_sidebar":"","neve_meta_container":"","neve_meta_enable_content_width":"","neve_meta_content_width":0,"neve_meta_title_alignment":"","neve_meta_author_avatar":"","neve_post_elements_order":"","neve_meta_disable_header":"","neve_meta_disable_footer":"","neve_meta_disable_title":""},"product_brand":[],"product_cat":[48,19,17],"product_tag":[],"class_list":{"0":"post-42318","1":"product","2":"type-product","3":"status-publish","4":"has-post-thumbnail","6":"product_cat-lentes-e-acessorios-para-projetores","7":"product_cat-luzes-automotivas","8":"product_cat-pecas-e-acessorios-automotivos","10":"first","11":"instock","12":"shipping-taxable","13":"purchasable","14":"product-type-variable","15":"has-default-attributes"},"jetpack_sharing_enabled":true,"_links":{"self":[{"href":"https:\/\/listman.shop\/autoparts-br\/wp-json\/wp\/v2\/product\/42318","targetHints":{"allow":["GET"]}}],"collection":[{"href":"https:\/\/listman.shop\/autoparts-br\/wp-json\/wp\/v2\/product"}],"about":[{"href":"https:\/\/listman.shop\/autoparts-br\/wp-json\/wp\/v2\/types\/product"}],"wp:featuredmedia":[{"embeddable":true,"href":"https:\/\/listman.shop\/autoparts-br\/wp-json\/wp\/v2\/media\/42313"}],"wp:attachment":[{"href":"https:\/\/listman.shop\/autoparts-br\/wp-json\/wp\/v2\/media?parent=42318"}],"wp:term":[{"taxonomy":"product_brand","embeddable":true,"href":"https:\/\/listman.shop\/autoparts-br\/wp-json\/wp\/v2\/product_brand?post=42318"},{"taxonomy":"product_cat","embeddable":true,"href":"https:\/\/listman.shop\/autoparts-br\/wp-json\/wp\/v2\/product_cat?post=42318"},{"taxonomy":"product_tag","embeddable":true,"href":"https:\/\/listman.shop\/autoparts-br\/wp-json\/wp\/v2\/product_tag?post=42318"}],"curies":[{"name":"wp","href":"https:\/\/api.w.org\/{rel}","templated":true}]}}