{"id":42477,"date":"2025-03-27T09:09:27","date_gmt":"2025-03-27T00:09:27","guid":{"rendered":"https:\/\/listman.shop\/autoparts-br\/product\/1005006219560634\/"},"modified":"2026-04-14T16:03:08","modified_gmt":"2026-04-14T07:03:08","slug":"1005006219560634","status":"publish","type":"product","link":"https:\/\/listman.shop\/autoparts-br\/product\/1005006219560634\/","title":{"rendered":"Tampa das far\u00f3is para Audi A4 B9 2015-2019 8W 0941043   8W 0941044   Tampa de vidro transparente da lente dos far\u00f3is dianteiros da carca\u00e7a"},"content":{"rendered":"<div class=\"detailmodule_html\">\n<div class=\"detail-desc-decorate-richtext\">\n<div class=\"detailmodule_html\">\n<div class=\"detail-desc-decorate-richtext\">\n<div>\n   <span style=\"font-size:16px;, Roboto, Arial, Helvetica, sans-serif, SimSun\" id=\"tl_1\">Descri&ccedil;&atilde;o:<\/span><br \/>\n   <br \/>\n   <span style=\"font-size:16px;, Roboto, Arial, Helvetica, sans-serif, SimSun\" id=\"tl_2\">100% novo e de alta qualidade<\/span><br \/>\n   <br \/>\n   <span style=\"font-size:16px;, Roboto, Arial, Helvetica, sans-serif, SimSun\" id=\"tl_3\">Port&aacute;til e dur&aacute;vel, leve, f&aacute;cil de transportar<\/span><br \/>\n   <br \/>\n   <span style=\"font-size:16px;, Roboto, Arial, Helvetica, sans-serif, SimSun\" id=\"tl_4\">Feito de material pl&aacute;stico de alta qualidade, ecol&oacute;gico, leve e dur&aacute;vel.<\/span><br \/>\n   <br \/>\n   <span style=\"font-size:16px;, Roboto, Arial, Helvetica, sans-serif, SimSun\" id=\"tl_5\">Concha transparente, n&atilde;o afeta a emiss&atilde;o de luz.<\/span><br \/>\n   <br \/>\n   <span style=\"font-size:16px;, Roboto, Arial, Helvetica, sans-serif, SimSun\" id=\"tl_6\">Proteja o farol do seu carro contra quebras, poeira e &aacute;gua.<\/span><br \/>\n   <br \/>\n   <span style=\"font-size:16px;, Roboto, Arial, Helvetica, sans-serif, SimSun\" id=\"tl_7\">F&aacute;cil de remover e instalar.<\/span><br \/>\n   <br \/>\n   <span style=\"font-size:16px;, Roboto, Arial, Helvetica, sans-serif, SimSun\" id=\"tl_8\">Substitui&ccedil;&atilde;o OEM<\/span><\/p>\n<p>   <span style=\"font-size:16px;, Roboto, Arial, Helvetica, sans-serif, SimSun\" id=\"tl_9\">Especifica&ccedil;&otilde;es:<\/span><br \/>\n   <br \/>\n   <span style=\"font-size:16px;, Roboto, Arial, Helvetica, sans-serif, SimSun\" id=\"tl_10\">100% novo, melhor qualidade.<\/span><br \/>\n   <br \/>\n   <span style=\"font-size:16px;, Roboto, Arial, Helvetica, sans-serif, SimSun\" id=\"tl_11\">Material: pl&aacute;stico policarbonato (PC)<\/span><br \/>\n   <br \/>\n   <span style=\"font-size:16px;, Roboto, Arial, Helvetica, sans-serif, SimSun\" id=\"tl_12\">Nome do item: capa do farol<\/span><br \/>\n   <br \/>\n   <span style=\"font-size:16px;, Roboto, Arial, Helvetica, sans-serif, SimSun\" id=\"tl_13\">Coloca&ccedil;&atilde;o no ve&iacute;culo: frente, esquerda e direita<\/span><\/p>\n<p>   <span style=\"font-size:16px;, Roboto, Arial, Helvetica, sans-serif, SimSun\" id=\"tl_14\">Para Audi A4 B9 2015-2019 <br \/>N&uacute;mero da pe&ccedil;a: 8W0941043, 8W0941044<\/span> <\/p>\n<p>   <span style=\"font-size:16px;, Roboto, Arial, Helvetica, sans-serif, SimSun\" id=\"tl_15\">Pacote inclu&iacute;do:<\/span><br \/>\n   <br \/>\n   <span style=\"font-size:16px;, Roboto, Arial, Helvetica, sans-serif, SimSun\" id=\"tl_16\">1 x capa de lentes de farol (esquerda ou direita)<\/span><\/p>\n<p>   <span style=\"font-size:16px;, Roboto, Arial, Helvetica, sans-serif, SimSun\" id=\"tl_17\">Notas:<\/span><br \/>\n   <br \/>\n   <span style=\"font-size:16px;, Roboto, Arial, Helvetica, sans-serif, SimSun\" id=\"tl_18\">1.Medi&ccedil;&atilde;o manual, permita um erro de 1 ~ 3mm, obrigado.<\/span><br \/>\n   <br \/>\n   <span style=\"font-size:16px;, Roboto, Arial, Helvetica, sans-serif, SimSun\" id=\"tl_19\">2.Devido &agrave; diferen&ccedil;a entre monitores diferentes, a imagem pode n&atilde;o refletir a cor real do item.Garantimos que o estilo &eacute; o mesmo mostrado na imagem.<\/span>\n  <\/div>\n<p style=\", Roboto, Arial, Helvetica, sans-serif, SimSun;font-size:14px;font-weight:400;letter-spacing:normal;line-height:inherit;text-align:left;white-space:normal;margin:0px;margin-bottom:0px;margin-top:0px;margin-left:0px;margin-right:0px;padding:0px;padding-bottom:0px;padding-top:0px;padding-left:0px;padding-right:0px\" align=\"left\"><img data-recalc-dims=\"1\" decoding=\"async\" style=\"border:0px;margin:0px;margin-bottom:0px;margin-top:0px;margin-left:0px;margin-right:0px;padding:0px;padding-bottom:0px;padding-top:0px;padding-left:0px;padding-right:0px;max-width:100%\" src=\"https:\/\/i0.wp.com\/ae01.alicdn.com\/kf\/S780d8c098d034081a347d2c23d1b75b8R.jpg?w=1200&#038;ssl=1\" \/><\/p>\n<p style=\", Roboto, Arial, Helvetica, sans-serif, SimSun;font-size:14px;font-weight:400;letter-spacing:normal;line-height:inherit;text-align:start;white-space:normal;margin:0px;margin-bottom:0px;margin-top:0px;margin-left:0px;margin-right:0px;padding:0px;padding-bottom:0px;padding-top:0px;padding-left:0px;padding-right:0px\" align=\"start\"><span style=\"font-size:14px;, Times, serif\"><span style=\"font-size:26px\"><span><span id=\"tl_20\">Obrigado por visitar nossa loja, confirme se seu carro &eacute; igual &agrave; imagem antes de comprar.Se for diferente, entre em contato com nosso atendimento ao cliente.Obrigado.<\/span><\/span><\/span><\/span><br \/><img data-recalc-dims=\"1\" decoding=\"async\" src=\"https:\/\/i0.wp.com\/ae01.alicdn.com\/kf\/S23b1426cde1e4cc7a7dfdafa9d88b052l.jpg?w=1200&#038;ssl=1\" \/><img data-recalc-dims=\"1\" decoding=\"async\" src=\"https:\/\/i0.wp.com\/ae01.alicdn.com\/kf\/S174871c8713f40acbb12ad47a305ff358.jpg?w=1200&#038;ssl=1\" \/><img data-recalc-dims=\"1\" decoding=\"async\" src=\"https:\/\/i0.wp.com\/ae01.alicdn.com\/kf\/Sbc032877889347aea485a28f4e7da4baX.jpg?w=1200&#038;ssl=1\" \/><img data-recalc-dims=\"1\" decoding=\"async\" src=\"https:\/\/i0.wp.com\/ae01.alicdn.com\/kf\/Sb7d7790dc95f4d0ab847b8240fde9dd0E.jpg?w=1200&#038;ssl=1\" \/><img data-recalc-dims=\"1\" decoding=\"async\" src=\"https:\/\/i0.wp.com\/ae01.alicdn.com\/kf\/S1560876895164b2cb013d5fac004fed8K.jpg?w=1200&#038;ssl=1\" \/><img data-recalc-dims=\"1\" decoding=\"async\" src=\"https:\/\/i0.wp.com\/ae01.alicdn.com\/kf\/Seb134501abcd4bc28ae7974439e353d7b.jpg?w=1200&#038;ssl=1\" \/><img data-recalc-dims=\"1\" decoding=\"async\" src=\"https:\/\/i0.wp.com\/ae01.alicdn.com\/kf\/S90286d6c392c4a51ab06512c22990756v.jpg?w=1200&#038;ssl=1\" \/><img data-recalc-dims=\"1\" decoding=\"async\" src=\"https:\/\/i0.wp.com\/ae01.alicdn.com\/kf\/S225a611ebb0b453794a3732814c482d0R.jpg?w=1200&#038;ssl=1\" \/><img data-recalc-dims=\"1\" decoding=\"async\" src=\"https:\/\/i0.wp.com\/ae01.alicdn.com\/kf\/Sfa6119e0927e4732bb7449fbe548b0cfy.jpg?w=1200&#038;ssl=1\" \/><img data-recalc-dims=\"1\" decoding=\"async\" src=\"https:\/\/i0.wp.com\/ae01.alicdn.com\/kf\/S9e91b3476eb349c5b476dfe3b05e0d019.jpg?w=1200&#038;ssl=1\" \/><img data-recalc-dims=\"1\" decoding=\"async\" src=\"https:\/\/i0.wp.com\/ae01.alicdn.com\/kf\/Sfec943a59e3b4a9c952ba716dfc909cd2.jpg?w=1200&#038;ssl=1\" \/><br \/><img data-recalc-dims=\"1\" decoding=\"async\" style=\"border:0px;margin:0px;margin-bottom:0px;margin-top:0px;margin-left:0px;margin-right:0px;padding:0px;padding-bottom:0px;padding-top:0px;padding-left:0px;padding-right:0px;max-width:100%\" src=\"https:\/\/i0.wp.com\/ae01.alicdn.com\/kf\/S5f38ea5f11864369b109b976962cf547C.jpg?w=1200&#038;ssl=1\" \/><span style=\"font-size:26px\"><span style=\", Times, serif\"><br \/><\/span><\/span><img data-recalc-dims=\"1\" decoding=\"async\" style=\"border:0px;margin:0px;margin-bottom:0px;margin-top:0px;margin-left:0px;margin-right:0px;padding:0px;padding-bottom:0px;padding-top:0px;padding-left:0px;padding-right:0px;max-width:100%;width:800px\"  src=\"https:\/\/i0.wp.com\/ae01.alicdn.com\/kf\/Sa925e1bc042e4c40ab049fea4ba7b06fb.jpg?w=1200&#038;ssl=1\" \/><\/p>\n<div>\n   &nbsp;\n  <\/div>\n<h2 style=\", sans-serif;font-size:20px;font-weight:500;letter-spacing:normal;line-height:30px;text-align:start;white-space:normal;border-bottom:0px;border-left:0px;border-right:0px;border-top:0px;margin:0px 0px 0.75em;margin-bottom:0.75em;margin-top:0px;margin-left:0px;margin-right:0px;padding:0px;padding-bottom:0px;padding-top:0px;padding-left:0px;padding-right:0px\" align=\"start\"><span style=\", Times, serif\" id=\"tl_21\">Envio:<\/span><\/h2>\n<p style=\", sans-serif;font-size:14px;font-weight:400;letter-spacing:normal;line-height:inherit;text-align:start;white-space:normal;border-bottom:0px;border-left:0px;border-right:0px;border-top:0px;margin:0px;margin-bottom:0px;margin-top:0px;margin-left:0px;margin-right:0px;padding:0px;padding-bottom:0px;padding-top:0px;padding-left:0px;padding-right:0px\" align=\"start\"><span style=\", Times, serif\" id=\"tl_22\">1.Enviamos para todo o mundo, exceto algumas &aacute;reas remotas.<\/span><\/p>\n<p style=\", sans-serif;font-size:14px;font-weight:400;letter-spacing:normal;line-height:inherit;text-align:start;white-space:normal;border-bottom:0px;border-left:0px;border-right:0px;border-top:0px;margin:0px;margin-bottom:0px;margin-top:0px;margin-left:0px;margin-right:0px;padding:0px;padding-bottom:0px;padding-top:0px;padding-left:0px;padding-right:0px\" align=\"start\"><span style=\", Times, serif\" id=\"tl_23\">2.Pedidos processados dentro de 24 a 48 horas ap&oacute;s a verifica&ccedil;&atilde;o do pagamento.<\/span><\/p>\n<p style=\", sans-serif;font-size:14px;font-weight:400;letter-spacing:normal;line-height:inherit;text-align:start;white-space:normal;border-bottom:0px;border-left:0px;border-right:0px;border-top:0px;margin:0px;margin-bottom:0px;margin-top:0px;margin-left:0px;margin-right:0px;padding:0px;padding-bottom:0px;padding-top:0px;padding-left:0px;padding-right:0px\" align=\"start\"><span style=\", Times, serif\" id=\"tl_24\">3.Antes de comprar, verifique se seu endere&ccedil;o est&aacute; correto.Ou n&atilde;o, corrija antes do pagamento.<\/span><\/p>\n<p style=\", sans-serif;font-size:14px;font-weight:400;letter-spacing:normal;line-height:inherit;text-align:start;white-space:normal;border-bottom:0px;border-left:0px;border-right:0px;border-top:0px;margin:0px;margin-bottom:0px;margin-top:0px;margin-left:0px;margin-right:0px;padding:0px;padding-bottom:0px;padding-top:0px;padding-left:0px;padding-right:0px\" align=\"start\"><span style=\", Times, serif\" id=\"tl_25\">4.Se voc&ecirc; n&atilde;o recebeu sua remessa dentro de 30 dias ap&oacute;s o pagamento, entre em contato conosco.Rastrearemos o envio e entraremos em contato com voc&ecirc; o mais breve poss&iacute;vel<\/span><\/p>\n<p style=\", sans-serif;font-size:14px;font-weight:400;letter-spacing:normal;line-height:inherit;text-align:start;white-space:normal;border-bottom:0px;border-left:0px;border-right:0px;border-top:0px;margin:0px;margin-bottom:0px;margin-top:0px;margin-left:0px;margin-right:0px;padding:0px;padding-bottom:0px;padding-top:0px;padding-left:0px;padding-right:0px\" align=\"start\"><span style=\", Times, serif\" id=\"tl_26\">o mais poss&iacute;vel com uma resposta.Nosso objetivo &eacute; a satisfa&ccedil;&atilde;o do cliente!<\/span><\/p>\n<p style=\", sans-serif;font-size:14px;font-weight:400;letter-spacing:normal;line-height:inherit;text-align:start;white-space:normal;border-bottom:0px;border-left:0px;border-right:0px;border-top:0px;margin:0px;margin-bottom:0px;margin-top:0px;margin-left:0px;margin-right:0px;padding:0px;padding-bottom:0px;padding-top:0px;padding-left:0px;padding-right:0px\" align=\"start\"><span style=\", Times, serif\" id=\"tl_27\">5.Devido ao status do estoque e &agrave;s diferen&ccedil;as de hor&aacute;rio, optaremos por enviar seu item do nosso primeiro armaz&eacute;m dispon&iacute;vel para entrega r&aacute;pida.<\/span><\/p>\n<h2 style=\", sans-serif;font-size:20px;font-weight:500;letter-spacing:normal;line-height:30px;text-align:start;white-space:normal;border-bottom:0px;border-left:0px;border-right:0px;border-top:0px;margin:0px 0px 0.75em;margin-bottom:0.75em;margin-top:0px;margin-left:0px;margin-right:0px;padding:0px;padding-bottom:0px;padding-top:0px;padding-left:0px;padding-right:0px\" align=\"start\"><span style=\", Times, serif\" id=\"tl_28\">Pagamento:<\/span><\/h2>\n<p style=\", sans-serif;font-size:14px;font-weight:400;letter-spacing:normal;line-height:inherit;text-align:start;white-space:normal;border-bottom:0px;border-left:0px;border-right:0px;border-top:0px;margin:0px;margin-bottom:0px;margin-top:0px;margin-left:0px;margin-right:0px;padding:0px;padding-bottom:0px;padding-top:0px;padding-left:0px;padding-right:0px\" align=\"start\"><span style=\", Times, serif\" id=\"tl_29\">1.Aceitamos Alipay.Todos os principais cart&otilde;es de cr&eacute;dito s&atilde;o aceitos atrav&eacute;s do COMPROMISSO seguro do processador de pagamento.<\/span><\/p>\n<p style=\", sans-serif;font-size:14px;font-weight:400;letter-spacing:normal;line-height:inherit;text-align:start;white-space:normal;border-bottom:0px;border-left:0px;border-right:0px;border-top:0px;margin:0px;margin-bottom:0px;margin-top:0px;margin-left:0px;margin-right:0px;padding:0px;padding-bottom:0px;padding-top:0px;padding-left:0px;padding-right:0px\" align=\"start\"><span style=\", Times, serif\" id=\"tl_30\">2.O pagamento deve ser feito dentro de 3 dias ap&oacute;s o pedido.<\/span><\/p>\n<p style=\", sans-serif;font-size:14px;font-weight:400;letter-spacing:normal;line-height:inherit;text-align:start;white-space:normal;border-bottom:0px;border-left:0px;border-right:0px;border-top:0px;margin:0px;margin-bottom:0px;margin-top:0px;margin-left:0px;margin-right:0px;padding:0px;padding-bottom:0px;padding-top:0px;padding-left:0px;padding-right:0px\" align=\"start\"><span style=\", Times, serif\" id=\"tl_31\">3.Se voc&ecirc; puder finalizar a compra imediatamente ap&oacute;s o t&eacute;rmino do leil&atilde;o, aguarde alguns minutos e o novo pagamento de teste dever&aacute; ser conclu&iacute;do dentro de 3 dias.<\/span><\/p>\n<h2 style=\", sans-serif;font-size:20px;font-weight:500;letter-spacing:normal;line-height:30px;text-align:start;white-space:normal;border-bottom:0px;border-left:0px;border-right:0px;border-top:0px;margin:0px 0px 0.75em;margin-bottom:0.75em;margin-top:0px;margin-left:0px;margin-right:0px;padding:0px;padding-bottom:0px;padding-top:0px;padding-left:0px;padding-right:0px\" align=\"start\"><span style=\", Times, serif\" id=\"tl_32\">Garantia:<\/span><\/h2>\n<p style=\", sans-serif;font-size:14px;font-weight:400;letter-spacing:normal;line-height:inherit;text-align:start;white-space:normal;border-bottom:0px;border-left:0px;border-right:0px;border-top:0px;margin:0px;margin-bottom:0px;margin-top:0px;margin-left:0px;margin-right:0px;padding:0px;padding-bottom:0px;padding-top:0px;padding-left:0px;padding-right:0px\" align=\"start\"><span style=\", Times, serif\" id=\"tl_33\">1.12 meses de garantia do fabricante.Compre com confian&ccedil;a!<\/span><\/p>\n<p style=\", sans-serif;font-size:14px;font-weight:400;letter-spacing:normal;line-height:inherit;text-align:start;white-space:normal;border-bottom:0px;border-left:0px;border-right:0px;border-top:0px;margin:0px;margin-bottom:0px;margin-top:0px;margin-left:0px;margin-right:0px;padding:0px;padding-bottom:0px;padding-top:0px;padding-left:0px;padding-right:0px\" align=\"start\"><span style=\", Times, serif\" id=\"tl_34\">2.Se voc&ecirc; n&atilde;o ficar satisfeito ao receber seu item, devolva-o dentro de 30 dias para substitui&ccedil;&atilde;o ou devolu&ccedil;&atilde;o do dinheiro.Entre em contato comigo antes de devolv&ecirc;-lo.<\/span><\/p>\n<p style=\", sans-serif;font-size:14px;font-weight:400;letter-spacing:normal;line-height:inherit;text-align:start;white-space:normal;border-bottom:0px;border-left:0px;border-right:0px;border-top:0px;margin:0px;margin-bottom:0px;margin-top:0px;margin-left:0px;margin-right:0px;padding:0px;padding-bottom:0px;padding-top:0px;padding-left:0px;padding-right:0px\" align=\"start\"><span style=\", Times, serif\" id=\"tl_35\">3.Itens defeituosos DEVEM SER relatados e devolvidos dentro do per&iacute;odo de garantia (e na embalagem original, se poss&iacute;vel).Voc&ecirc; deve nos informar qual &eacute; o defeito e nos fornecer o n&uacute;mero do seu pedido.<\/span><\/p>\n<p style=\", sans-serif;font-size:14px;font-weight:400;letter-spacing:normal;line-height:inherit;text-align:start;white-space:normal;border-bottom:0px;border-left:0px;border-right:0px;border-top:0px;margin:0px;margin-bottom:0px;margin-top:0px;margin-left:0px;margin-right:0px;padding:0px;padding-bottom:0px;padding-top:0px;padding-left:0px;padding-right:0px\" align=\"start\"><span style=\", Times, serif\" id=\"tl_36\">4.O frete de devolu&ccedil;&atilde;o ser&aacute; pago pelo Comprador. <\/p>\n<p>Obrigado pela sua coopera&ccedil;&atilde;o.<\/span><\/p>\n<div>\n   \n  <\/div>\n<\/p><\/div>\n<\/div>\n<p><\/p>\n<\/div>\n<\/div>\n","protected":false},"excerpt":{"rendered":"<p>Descri&ccedil;&atilde;o: 100% novo e de alta qualidade Port&aacute;til e dur&aacute;vel, leve, f&aacute;cil de transportar Feito de material pl&aacute;stico de alta qualidade, ecol&oacute;gico, leve e dur&aacute;vel. Concha transparente, n&atilde;o afeta a emiss&atilde;o de luz. Proteja o farol do seu carro contra quebras, poeira e &aacute;gua. F&aacute;cil de remover e instalar. Substitui&ccedil;&atilde;o OEM Especifica&ccedil;&otilde;es: 100% novo, melhor&hellip;&nbsp;<\/p>\n","protected":false},"featured_media":42471,"template":"","meta":{"neve_meta_sidebar":"","neve_meta_container":"","neve_meta_enable_content_width":"","neve_meta_content_width":0,"neve_meta_title_alignment":"","neve_meta_author_avatar":"","neve_post_elements_order":"","neve_meta_disable_header":"","neve_meta_disable_footer":"","neve_meta_disable_title":""},"product_brand":[],"product_cat":[94,19,17],"product_tag":[],"class_list":{"0":"post-42477","1":"product","2":"type-product","3":"status-publish","4":"has-post-thumbnail","6":"product_cat-concha","7":"product_cat-luzes-automotivas","8":"product_cat-pecas-e-acessorios-automotivos","10":"first","11":"instock","12":"shipping-taxable","13":"purchasable","14":"product-type-variable","15":"has-default-attributes"},"jetpack_sharing_enabled":true,"_links":{"self":[{"href":"https:\/\/listman.shop\/autoparts-br\/wp-json\/wp\/v2\/product\/42477","targetHints":{"allow":["GET"]}}],"collection":[{"href":"https:\/\/listman.shop\/autoparts-br\/wp-json\/wp\/v2\/product"}],"about":[{"href":"https:\/\/listman.shop\/autoparts-br\/wp-json\/wp\/v2\/types\/product"}],"wp:featuredmedia":[{"embeddable":true,"href":"https:\/\/listman.shop\/autoparts-br\/wp-json\/wp\/v2\/media\/42471"}],"wp:attachment":[{"href":"https:\/\/listman.shop\/autoparts-br\/wp-json\/wp\/v2\/media?parent=42477"}],"wp:term":[{"taxonomy":"product_brand","embeddable":true,"href":"https:\/\/listman.shop\/autoparts-br\/wp-json\/wp\/v2\/product_brand?post=42477"},{"taxonomy":"product_cat","embeddable":true,"href":"https:\/\/listman.shop\/autoparts-br\/wp-json\/wp\/v2\/product_cat?post=42477"},{"taxonomy":"product_tag","embeddable":true,"href":"https:\/\/listman.shop\/autoparts-br\/wp-json\/wp\/v2\/product_tag?post=42477"}],"curies":[{"name":"wp","href":"https:\/\/api.w.org\/{rel}","templated":true}]}}