{"id":4299,"date":"2024-10-15T22:22:36","date_gmt":"2024-10-15T13:22:36","guid":{"rendered":"https:\/\/listman.shop\/autoparts-br\/product\/1005003104742414\/"},"modified":"2026-04-11T06:48:06","modified_gmt":"2026-04-10T21:48:06","slug":"1005003104742414","status":"publish","type":"product","link":"https:\/\/listman.shop\/autoparts-br\/product\/1005003104742414\/","title":{"rendered":"2 PCS HP24W L\u00e2mpada Led Para ALFA CITROEN C5 PEUGEOT 5008 DZIENNE CITROEN C5 PEUGEOT 3008 5008"},"content":{"rendered":"<div class=\"detailmodule_html\">\n<div class=\"detail-desc-decorate-richtext\"><\/p>\n<p><\/p>\n<p><\/p>\n<p><\/p>\n<p><\/p>\n<p><\/p>\n<p><\/p>\n<\/p>\n<p><\/p>\n<p><\/p>\n<p><\/p>\n<p><\/p>\n<p><\/p>\n<p><\/p>\n<p><\/p>\n<p><\/p>\n<p><\/p>\n<p><\/p>\n<p><\/p>\n<p><\/p>\n<p><\/p>\n<div class=\"detailmodule_media\">\n<div class=\"video-container-324323296378\">\n<div class=\"detail-video\" id=\"324323296378\" data-previewurl=\"https:\/\/img.alicdn.com\/imgextra\/i4\/6000000004538\/O1CN017kIW1G1jOS39fy3xS_!!6000000004538-0-tbvideo.jpg\"><\/div>\n<\/div>\n<\/div>\n<p><\/p>\n<p><\/p>\n<p><\/p>\n<p><\/p>\n<p><\/p>\n<p><\/p>\n<p><\/p>\n<p><\/p>\n<p><\/p>\n<p><\/p>\n<p><\/p>\n<p><\/p>\n<p><\/p>\n<p><\/p>\n<p><\/p>\n<p><\/p>\n<p>2 PCS Led HP24W L\u00e2mpada Led Para ALFA CITROEN C5 PEUGEOT 5008 HP24W DZIENNE CITROEN C5 PEUGEOT 3008 5008<\/p>\n<p><\/p>\n<p>Soquete: HP24W<\/p>\n<p>Cor: Branco 6500K (temperatura de cor)<\/p>\n<p>N\u00fameros originais:89072904, 13625, 6216F6, 6216.F6, 6216 F6,1612860680,77364975<\/p>\n<p><\/p>\n<p>Chip LED: 33PCS de alta pot\u00eancia 2835chip<\/p>\n<p>Aplica\u00e7\u00e3o: Para ALFA CITROEN C5 PEUGEOT 5008 HP24W DZIENNE CITROEN C5 PEUGEOT 3008 5008<\/p>\n<p>Embalagem = 2 l\u00e2mpadas PCS<\/p>\n<p><\/p>\n<p>As l\u00e2mpadas HP24W s\u00e3o usadas em carros como:<\/p>\n<p><\/p>\n<p>ALFA ROMEO MITO<\/p>\n<p><\/p>\n<p>PEUGEOT 3008, 5008 de 2009r \u00e0 condu\u00e7\u00e3o diurna<\/p>\n<p><\/p>\n<p>CITROEN C5 de 2008r.para condu\u00e7\u00e3o di\u00e1ria<\/p>\n<p><\/p>\n<p>Qualidade da pe\u00e7a de reposi\u00e7\u00e3o original<\/p>\n<p><\/p>\n<p>A qualidade e os par\u00e2metros do VALEO HP24W s\u00e3o exatamente iguais aos exigidos pelos fabricantes de ve\u00edculos durante a primeira montagem.Desta forma, fornecem ilumina\u00e7\u00e3o ao mais alto grau usando as capacidades do refletor e, assim, t\u00eam impacto na seguran\u00e7a ao dirigir.<\/p>\n<p>Polariza\u00e7\u00e3o: l\u00e2mpadas sem polariza\u00e7\u00e3o, ou seja,eles brilham em qualquer posi\u00e7\u00e3o, independentemente de + e &#8211; no carro.<\/p>\n<p><\/p>\n<p>CANBUS: O sistema eletr\u00f4nico integrado n\u00e3o exibe um mau funcionamento da l\u00e2mpada de incandesc\u00eancia queimada em carros com o trilho CANBUS.<\/p>\n<p><\/p>\n<p>Cada produto deve ser verificado individualmente antes do envio.<\/p>\n<p><\/p>\n<p>Vantagens:<\/p>\n<p><\/p>\n<p>baixa temperatura de trabalho &#8211; n\u00e3o causa aquecimento<\/p>\n<p><\/p>\n<p>Consumo de energia: m\u00faltiplas diminui\u00e7\u00f5es<\/p>\n<p><\/p>\n<p>produtividade: alta (at\u00e9 97%)<\/p>\n<p><\/p>\n<p>resist\u00eancia ao choque<\/p>\n<p><\/p>\n<p>in\u00edcio imediato<\/p>\n<p><\/p>\n<p>resistente a comut\u00f5es e comut\u00f5es frequentes<\/p>\n<p><\/p>\n<p>durabilidade: resistente \u00e0 combust\u00e3o, picos de tens\u00e3o durante a inicializa\u00e7\u00e3o<\/p>\n<p><\/p>\n<p>viabilidade: 50.000 horas<\/p>\n<p><img data-recalc-dims=\"1\" decoding=\"async\" src=\"https:\/\/i0.wp.com\/ae01.alicdn.com\/kf\/Hc4fb5daea36140c3ad16dff8f1698659Z.jpg?w=1200&#038;ssl=1\"><\/p>\n<p><img data-recalc-dims=\"1\" decoding=\"async\" src=\"https:\/\/i0.wp.com\/ae01.alicdn.com\/kf\/Ha1f6d6b7e58a499392bbfbca141592a4S.jpg?w=1200&#038;ssl=1\"><\/p>\n<p><img data-recalc-dims=\"1\" decoding=\"async\" src=\"https:\/\/i0.wp.com\/ae01.alicdn.com\/kf\/H60894344ce494cd9bdc4eb32f8219749R.jpg?w=1200&#038;ssl=1\"><img data-recalc-dims=\"1\" decoding=\"async\" src=\"https:\/\/i0.wp.com\/ae01.alicdn.com\/kf\/H0bd8f2a1c4bf465784de3d89617c6608r.jpg?w=1200&#038;ssl=1\"><img data-recalc-dims=\"1\" decoding=\"async\" src=\"https:\/\/i0.wp.com\/ae01.alicdn.com\/kf\/H4cb6a76a7abc4cc492b342f40c991ee0p.jpg?w=1200&#038;ssl=1\"><img data-recalc-dims=\"1\" decoding=\"async\" src=\"https:\/\/i0.wp.com\/ae01.alicdn.com\/kf\/H7f5917bd0eef440f990e7c566f0fb2b7j.jpg?w=1200&#038;ssl=1\"><img data-recalc-dims=\"1\" decoding=\"async\" src=\"https:\/\/i0.wp.com\/ae01.alicdn.com\/kf\/H472cab1122dd463e922219cd509aa2d7G.jpg?w=1200&#038;ssl=1\"><img data-recalc-dims=\"1\" decoding=\"async\" src=\"https:\/\/i0.wp.com\/ae01.alicdn.com\/kf\/Hc8e09f29c90048c2895887bbcb0f25d3B.jpg?w=1200&#038;ssl=1\"><img data-recalc-dims=\"1\" decoding=\"async\" src=\"https:\/\/i0.wp.com\/ae01.alicdn.com\/kf\/H58a595fb337348e7a37988a0ec43cb442.jpg?w=1200&#038;ssl=1\"><img data-recalc-dims=\"1\" decoding=\"async\" src=\"https:\/\/i0.wp.com\/ae01.alicdn.com\/kf\/Ha044b748832347bbb0ebda1eeaa07e438.jpg?w=1200&#038;ssl=1\"><\/p>\n<p><\/p>\n<p><img data-recalc-dims=\"1\" decoding=\"async\" src=\"https:\/\/i0.wp.com\/ae01.alicdn.com\/kf\/H1aad4687a74a4e7f9fd277996ad48a1bk.jpg?w=1200&#038;ssl=1\"><\/p>\n<p><\/p>\n<p><\/p>\n<p><\/p>\n<p><\/p>\n<p><\/p>\n<p><\/p>\n<p><\/p>\n<p><\/p>\n<p><\/p>\n<p><\/p>\n<p><\/p>\n<p><\/p>\n<p><\/p>\n<p><\/p>\n<p><\/p>\n<p><\/p>\n<p><\/p>\n<p><\/div>\n<\/div>\n","protected":false},"excerpt":{"rendered":"<p>2 PCS Led HP24W L\u00e2mpada Led Para ALFA CITROEN C5 PEUGEOT 5008 HP24W DZIENNE CITROEN C5 PEUGEOT 3008 5008 Soquete: HP24W Cor: Branco 6500K (temperatura de cor) N\u00fameros originais:89072904, 13625, 6216F6, 6216.F6, 6216 F6,1612860680,77364975 Chip LED: 33PCS de alta pot\u00eancia 2835chip Aplica\u00e7\u00e3o: Para ALFA CITROEN C5 PEUGEOT 5008 HP24W DZIENNE CITROEN C5 PEUGEOT 3008 5008&hellip;&nbsp;<\/p>\n","protected":false},"featured_media":4293,"template":"","meta":{"neve_meta_sidebar":"","neve_meta_container":"","neve_meta_enable_content_width":"","neve_meta_content_width":0,"neve_meta_title_alignment":"","neve_meta_author_avatar":"","neve_post_elements_order":"","neve_meta_disable_header":"","neve_meta_disable_footer":"","neve_meta_disable_title":""},"product_brand":[],"product_cat":[72,19,17],"product_tag":[],"class_list":{"0":"post-4299","1":"product","2":"type-product","3":"status-publish","4":"has-post-thumbnail","6":"product_cat-lampada-sinalizadora","7":"product_cat-luzes-automotivas","8":"product_cat-pecas-e-acessorios-automotivos","10":"first","11":"instock","12":"shipping-taxable","13":"purchasable","14":"product-type-variable","15":"has-default-attributes"},"jetpack_sharing_enabled":true,"_links":{"self":[{"href":"https:\/\/listman.shop\/autoparts-br\/wp-json\/wp\/v2\/product\/4299","targetHints":{"allow":["GET"]}}],"collection":[{"href":"https:\/\/listman.shop\/autoparts-br\/wp-json\/wp\/v2\/product"}],"about":[{"href":"https:\/\/listman.shop\/autoparts-br\/wp-json\/wp\/v2\/types\/product"}],"wp:featuredmedia":[{"embeddable":true,"href":"https:\/\/listman.shop\/autoparts-br\/wp-json\/wp\/v2\/media\/4293"}],"wp:attachment":[{"href":"https:\/\/listman.shop\/autoparts-br\/wp-json\/wp\/v2\/media?parent=4299"}],"wp:term":[{"taxonomy":"product_brand","embeddable":true,"href":"https:\/\/listman.shop\/autoparts-br\/wp-json\/wp\/v2\/product_brand?post=4299"},{"taxonomy":"product_cat","embeddable":true,"href":"https:\/\/listman.shop\/autoparts-br\/wp-json\/wp\/v2\/product_cat?post=4299"},{"taxonomy":"product_tag","embeddable":true,"href":"https:\/\/listman.shop\/autoparts-br\/wp-json\/wp\/v2\/product_tag?post=4299"}],"curies":[{"name":"wp","href":"https:\/\/api.w.org\/{rel}","templated":true}]}}