{"id":43216,"date":"2025-03-27T09:34:10","date_gmt":"2025-03-27T00:34:10","guid":{"rendered":"https:\/\/listman.shop\/autoparts-br\/product\/1005007019150269\/"},"modified":"2026-04-14T15:44:10","modified_gmt":"2026-04-14T06:44:10","slug":"1005007019150269","status":"publish","type":"product","link":"https:\/\/listman.shop\/autoparts-br\/product\/1005007019150269\/","title":{"rendered":"Para volkswagen 2006-2009 mk5 golf\/gti coelho 2005-2010 jetta r32 2008 led luzes de marcador laterais do carro l\u00e2mpada de sinal de volta"},"content":{"rendered":"<div class=\"detailmodule_html\">\n<div class=\"detail-desc-decorate-richtext\">\n<div class=\"detailmodule_image\"><img data-recalc-dims=\"1\" decoding=\"async\" class=\"detail-desc-decorate-image\" src=\"https:\/\/i0.wp.com\/ae01.alicdn.com\/kf\/HTB1wmSWde3tHKVjSZSgq6x4QFXaK.jpg?w=1200&#038;ssl=1\"><\/div>\n<div class=\"detailmodule_text\">\n<p style=\"font-family:OpenSans;font-size:14px;font-weight:300;line-height:20px;white-space:pre-wrap;margin-bottom:12px\" class=\"detail-desc-decorate-content\">Esta p\u00e1gina apresenta 1 par de luzes de marca\u00e7\u00e3o laterais LED frontais \u00e2mbar para Volkswagen MK5 Golf\/GTI Rabbit, Jetta etc.D\u00ea ao seu VW uma apar\u00eancia de LED moderna e din\u00e2mica com maior seguran\u00e7a e visibilidade \u00e0 noite!<\/p>\n<\/div>\n<div class=\"detailmodule_text\">\n<p style=\"font-family:OpenSans;font-size:20px;font-weight:900;line-height:28px;white-space:pre-wrap;margin-bottom:12px\" class=\"detail-desc-decorate-title\">Caracter\u00edsticas:<\/p>\n<p style=\"font-family:OpenSans;font-size:14px;font-weight:300;line-height:20px;white-space:pre-wrap;margin-bottom:12px\" class=\"detail-desc-decorate-content\">Lente fum\u00ea \/ Lente transparente LED \u00e2mbar<br \/>Para Volkswagen 2006-2009 MK5 Golf\/GTI Rabbit, 2005-2010 Jetta, 2008 R32, tamb\u00e9m se encaixa no 2010-2014 Volkswagen MK6 Golf TDI (motor diesel)<br \/>Inclui um par (lados do motorista e do passageiro) lente de tampa transparente \u00e2mbar amarelo LED l\u00e2mpadas de marca\u00e7\u00e3o lateral do para-choque dianteiro<br \/>Cada pe\u00e7a \u00e9 alimentada por 40 pe\u00e7as de diodos LED de alta pot\u00eancia para formar uma faixa focal perfeita com uma sa\u00edda de ilumina\u00e7\u00e3o super brilhante<br \/>Instala\u00e7\u00e3o plug and play direta para dar ao seu VW uma apar\u00eancia de LED moderna e din\u00e2mica com maior seguran\u00e7a e visibilidade \u00e0 noite!<\/p>\n<\/div>\n<div class=\"detailmodule_text\">\n<p style=\"font-family:OpenSans;font-size:20px;font-weight:900;line-height:28px;white-space:pre-wrap;margin-bottom:12px\" class=\"detail-desc-decorate-title\">Montagem:<\/p>\n<p style=\"font-family:OpenSans;font-size:14px;font-weight:300;line-height:20px;white-space:pre-wrap;margin-bottom:12px\" class=\"detail-desc-decorate-content\">Para 2006-2009 Volkswagen MK5 Golfe\/GTI Coelho<br \/>Para Volkswagen Jetta 2005-2010<br \/>Para 2008 Volkswagen R32<br \/>Para 2010-2014 Volkswagen MK6 Golf TDI (motor diesel)<\/p>\n<\/div>\n<div class=\"detailmodule_image\"><img data-recalc-dims=\"1\" decoding=\"async\" class=\"detail-desc-decorate-image\" src=\"https:\/\/i0.wp.com\/ae01.alicdn.com\/kf\/Hbba86af0af314b2f9c46b72b34ea35b6I.jpg?w=1200&#038;ssl=1\"><img data-recalc-dims=\"1\" decoding=\"async\" class=\"detail-desc-decorate-image\" src=\"https:\/\/i0.wp.com\/ae01.alicdn.com\/kf\/H6ad8765103934f02b6d39c7e21a7b56cB.jpg?w=1200&#038;ssl=1\"><img data-recalc-dims=\"1\" decoding=\"async\" class=\"detail-desc-decorate-image\" src=\"https:\/\/i0.wp.com\/ae01.alicdn.com\/kf\/H9e4ba0ea642841169dea06d1c6fbf387R.jpg?w=1200&#038;ssl=1\"><img data-recalc-dims=\"1\" decoding=\"async\" class=\"detail-desc-decorate-image\" src=\"https:\/\/i0.wp.com\/ae01.alicdn.com\/kf\/H54813c0c275c4b1584ab10797d51631a0.jpg?w=1200&#038;ssl=1\"><img data-recalc-dims=\"1\" decoding=\"async\" class=\"detail-desc-decorate-image\" src=\"https:\/\/i0.wp.com\/ae01.alicdn.com\/kf\/H6fdca6c2b07b4a1ea4679bc382d6d413o.jpg?w=1200&#038;ssl=1\"><img data-recalc-dims=\"1\" decoding=\"async\" class=\"detail-desc-decorate-image\" src=\"https:\/\/i0.wp.com\/ae01.alicdn.com\/kf\/Ha111cf0bb9c84a0882b37d323b544353c.jpg?w=1200&#038;ssl=1\"><img data-recalc-dims=\"1\" decoding=\"async\" class=\"detail-desc-decorate-image\" src=\"https:\/\/i0.wp.com\/ae01.alicdn.com\/kf\/H0dc75fe55e574e8fb8ce9fb65a675058u.jpg?w=1200&#038;ssl=1\"><img data-recalc-dims=\"1\" decoding=\"async\" class=\"detail-desc-decorate-image\" src=\"https:\/\/i0.wp.com\/ae01.alicdn.com\/kf\/H7e5cf36c89d04ccab0610b5f9446b832h.jpg?w=1200&#038;ssl=1\"><img data-recalc-dims=\"1\" decoding=\"async\" class=\"detail-desc-decorate-image\" src=\"https:\/\/i0.wp.com\/ae01.alicdn.com\/kf\/H69dd9457ca9646b0b15201a81eb3f2d58.jpg?w=1200&#038;ssl=1\"><img data-recalc-dims=\"1\" decoding=\"async\" class=\"detail-desc-decorate-image\" src=\"https:\/\/i0.wp.com\/ae01.alicdn.com\/kf\/Hb49f010719d54d8bb3c369ba2176cc89y.jpg?w=1200&#038;ssl=1\"><\/div>\n<div class=\"detailmodule_image\"><img data-recalc-dims=\"1\" decoding=\"async\" class=\"detail-desc-decorate-image\" src=\"https:\/\/i0.wp.com\/ae01.alicdn.com\/kf\/HTB1ucMsi3KTBuNkSne1q6yJoXXaa.jpg?w=1200&#038;ssl=1\"><img data-recalc-dims=\"1\" decoding=\"async\" class=\"detail-desc-decorate-image\" src=\"https:\/\/i0.wp.com\/ae01.alicdn.com\/kf\/HTB1T_PzrDJYBeNjy1zeq6yhzVXaq.jpg?w=1200&#038;ssl=1\"><img data-recalc-dims=\"1\" decoding=\"async\" class=\"detail-desc-decorate-image\" src=\"https:\/\/i0.wp.com\/ae01.alicdn.com\/kf\/HTB1aXwAi5OYBuNjSsD4q6zSkFXad.jpg?w=1200&#038;ssl=1\"><img data-recalc-dims=\"1\" decoding=\"async\" class=\"detail-desc-decorate-image\" src=\"https:\/\/i0.wp.com\/ae01.alicdn.com\/kf\/HTB1n_hIruuSBuNjSsziq6zq8pXab.jpg?w=1200&#038;ssl=1\"><img data-recalc-dims=\"1\" decoding=\"async\" class=\"detail-desc-decorate-image\" src=\"https:\/\/i0.wp.com\/ae01.alicdn.com\/kf\/HTB1x9BrrpOWBuNjy0Fiq6xFxVXaZ.jpg?w=1200&#038;ssl=1\"><img data-recalc-dims=\"1\" decoding=\"async\" class=\"detail-desc-decorate-image\" src=\"https:\/\/i0.wp.com\/ae01.alicdn.com\/kf\/HTB1LfHtQsfpK1RjSZFOq6y6nFXa9.jpg?w=1200&#038;ssl=1\"><\/div>\n<p><\/p>\n<\/div>\n<\/div>\n","protected":false},"excerpt":{"rendered":"<p>Esta p\u00e1gina apresenta 1 par de luzes de marca\u00e7\u00e3o laterais LED frontais \u00e2mbar para Volkswagen MK5 Golf\/GTI Rabbit, Jetta etc.D\u00ea ao seu VW uma apar\u00eancia de LED moderna e din\u00e2mica com maior seguran\u00e7a e visibilidade \u00e0 noite! Caracter\u00edsticas: Lente fum\u00ea \/ Lente transparente LED \u00e2mbarPara Volkswagen 2006-2009 MK5 Golf\/GTI Rabbit, 2005-2010 Jetta, 2008 R32, tamb\u00e9m&hellip;&nbsp;<\/p>\n","protected":false},"featured_media":43210,"template":"","meta":{"neve_meta_sidebar":"","neve_meta_container":"","neve_meta_enable_content_width":"","neve_meta_content_width":0,"neve_meta_title_alignment":"","neve_meta_author_avatar":"","neve_post_elements_order":"","neve_meta_disable_header":"","neve_meta_disable_footer":"","neve_meta_disable_title":""},"product_brand":[],"product_cat":[72,19,17],"product_tag":[],"class_list":{"0":"post-43216","1":"product","2":"type-product","3":"status-publish","4":"has-post-thumbnail","6":"product_cat-lampada-sinalizadora","7":"product_cat-luzes-automotivas","8":"product_cat-pecas-e-acessorios-automotivos","10":"first","11":"instock","12":"shipping-taxable","13":"purchasable","14":"product-type-variable","15":"has-default-attributes"},"jetpack_sharing_enabled":true,"_links":{"self":[{"href":"https:\/\/listman.shop\/autoparts-br\/wp-json\/wp\/v2\/product\/43216","targetHints":{"allow":["GET"]}}],"collection":[{"href":"https:\/\/listman.shop\/autoparts-br\/wp-json\/wp\/v2\/product"}],"about":[{"href":"https:\/\/listman.shop\/autoparts-br\/wp-json\/wp\/v2\/types\/product"}],"wp:featuredmedia":[{"embeddable":true,"href":"https:\/\/listman.shop\/autoparts-br\/wp-json\/wp\/v2\/media\/43210"}],"wp:attachment":[{"href":"https:\/\/listman.shop\/autoparts-br\/wp-json\/wp\/v2\/media?parent=43216"}],"wp:term":[{"taxonomy":"product_brand","embeddable":true,"href":"https:\/\/listman.shop\/autoparts-br\/wp-json\/wp\/v2\/product_brand?post=43216"},{"taxonomy":"product_cat","embeddable":true,"href":"https:\/\/listman.shop\/autoparts-br\/wp-json\/wp\/v2\/product_cat?post=43216"},{"taxonomy":"product_tag","embeddable":true,"href":"https:\/\/listman.shop\/autoparts-br\/wp-json\/wp\/v2\/product_tag?post=43216"}],"curies":[{"name":"wp","href":"https:\/\/api.w.org\/{rel}","templated":true}]}}