{"id":4323,"date":"2024-10-15T22:23:19","date_gmt":"2024-10-15T13:23:19","guid":{"rendered":"https:\/\/listman.shop\/autoparts-br\/product\/1005005392293559\/"},"modified":"2026-05-04T14:23:06","modified_gmt":"2026-05-04T05:23:06","slug":"1005005392293559","status":"publish","type":"product","link":"https:\/\/listman.shop\/autoparts-br\/product\/1005005392293559\/","title":{"rendered":"Farol led drl para mitsubishi lancer 2004 2005 2006, luz diurna, branco, amarelo, sinal de seta, amortecedor dianteiro, l\u00e2mpada de neblina, 12v"},"content":{"rendered":"<div class=\"detailmodule_html\">\n<div class=\"detail-desc-decorate-richtext\">\n<p><span style=\"font-size:20px\">Farol led drl para mitsubishi lancer 2004 2005 2006 luz de circula\u00e7\u00e3o diurna branco amarelo sinal de volta amortecedor dianteiro l\u00e2mpada de neblina 12v<\/span><\/p>\n<p><\/p>\n<p><span style=\"font-size:18px\"><strong>Acess\u00f3rios<\/strong><\/span><\/p>\n<p><span style=\"font-size:18px\"><strong>Adequado para Mitsubishi Lancer 2004 2005 2006<\/strong><\/span><\/p>\n<p><\/p>\n<p><span style=\"font-size:18px\">Especifica\u00e7\u00e3o:<\/span><\/p>\n<p>1.100% novo<\/p>\n<p>2.Tipo OEM<\/p>\n<p>3. Alta pot\u00eancia<\/p>\n<p>4. cor: drl branco\/l\u00e2mpada de sinaliza\u00e7\u00e3o amarela<\/p>\n<p>5. \u00c0 prova d&#8217;\u00e1gua e longa vida \u00fatil<\/p>\n<p><\/p>\n<p><span style=\"font-size:18px\">Caracter\u00edsticas:<\/span><\/p>\n<p>1. \u00e0 prova d&#8217;\u00e1gua: com prote\u00e7\u00e3o contra polaridade reversa e prote\u00e7\u00e3o de circuito aberto, 100% \u00e0 prova d&#8217;\u00e1gua e resistente a choques.<\/p>\n<p><\/p>\n<p>2. Luz dia, noite, dia chuvoso ou neblina para tornar a condu\u00e7\u00e3o mais segura.<\/p>\n<p><\/p>\n<p>3. Alta qualidade resistente a temperaturas elevadas A caixa ajuda a reduzir o dissipador de calor.<\/p>\n<p><\/p>\n<p>4. \u00e0 prova de poeira, resistente a choques, \u00e0 prova d&#8217;\u00e1gua<\/p>\n<p><\/p>\n<p>5.F\u00e1cil de ser conectado<\/p>\n<p><\/p>\n<p><span style=\"font-size:18px\">Pacote inclu\u00eddo<\/span><\/p>\n<p>2 x DRLs (esquerda e direita)<\/p>\n<p>1 x fios e interruptor<\/p>\n<p><img data-recalc-dims=\"1\" decoding=\"async\" src=\"https:\/\/i0.wp.com\/ae01.alicdn.com\/kf\/S7c8acc55b8ed46a4b3ddbdba28da05c5Y.jpg?w=1200&#038;ssl=1\"><img data-recalc-dims=\"1\" decoding=\"async\" src=\"https:\/\/i0.wp.com\/ae01.alicdn.com\/kf\/Sf384af15280f4208b031f5461977f589W.jpg?w=1200&#038;ssl=1\"><img data-recalc-dims=\"1\" decoding=\"async\" src=\"https:\/\/i0.wp.com\/ae01.alicdn.com\/kf\/Sd98de1512cff4c328c320824eb430e59o.jpg?w=1200&#038;ssl=1\"><img data-recalc-dims=\"1\" decoding=\"async\" src=\"https:\/\/i0.wp.com\/ae01.alicdn.com\/kf\/S312eb7c9b5d74633a7303c88a90d30030.jpg?w=1200&#038;ssl=1\"><img data-recalc-dims=\"1\" decoding=\"async\" src=\"https:\/\/i0.wp.com\/ae01.alicdn.com\/kf\/Sb1ea11a70d994cc88b155c92fa815f62l.jpg?w=1200&#038;ssl=1\"><\/p>\n<\/p>\n<\/div>\n<\/div>\n","protected":false},"excerpt":{"rendered":"<p>Farol led drl para mitsubishi lancer 2004 2005 2006 luz de circula\u00e7\u00e3o diurna branco amarelo sinal de volta amortecedor dianteiro l\u00e2mpada de neblina 12v Acess\u00f3rios Adequado para Mitsubishi Lancer 2004 2005 2006 Especifica\u00e7\u00e3o: 1.100% novo 2.Tipo OEM 3. Alta pot\u00eancia 4. cor: drl branco\/l\u00e2mpada de sinaliza\u00e7\u00e3o amarela 5. \u00c0 prova d&#8217;\u00e1gua e longa vida \u00fatil&hellip;&nbsp;<\/p>\n","protected":false},"featured_media":4317,"template":"","meta":{"neve_meta_sidebar":"","neve_meta_container":"","neve_meta_enable_content_width":"","neve_meta_content_width":0,"neve_meta_title_alignment":"","neve_meta_author_avatar":"","neve_post_elements_order":"","neve_meta_disable_header":"","neve_meta_disable_footer":"","neve_meta_disable_title":""},"product_brand":[],"product_cat":[95,19,17],"product_tag":[],"class_list":{"0":"post-4323","1":"product","2":"type-product","3":"status-publish","4":"has-post-thumbnail","6":"product_cat-assembleia-lampada-sinal","7":"product_cat-luzes-automotivas","8":"product_cat-pecas-e-acessorios-automotivos","10":"first","11":"instock","12":"shipping-taxable","13":"purchasable","14":"product-type-variable","15":"has-default-attributes"},"jetpack_sharing_enabled":true,"_links":{"self":[{"href":"https:\/\/listman.shop\/autoparts-br\/wp-json\/wp\/v2\/product\/4323","targetHints":{"allow":["GET"]}}],"collection":[{"href":"https:\/\/listman.shop\/autoparts-br\/wp-json\/wp\/v2\/product"}],"about":[{"href":"https:\/\/listman.shop\/autoparts-br\/wp-json\/wp\/v2\/types\/product"}],"wp:featuredmedia":[{"embeddable":true,"href":"https:\/\/listman.shop\/autoparts-br\/wp-json\/wp\/v2\/media\/4317"}],"wp:attachment":[{"href":"https:\/\/listman.shop\/autoparts-br\/wp-json\/wp\/v2\/media?parent=4323"}],"wp:term":[{"taxonomy":"product_brand","embeddable":true,"href":"https:\/\/listman.shop\/autoparts-br\/wp-json\/wp\/v2\/product_brand?post=4323"},{"taxonomy":"product_cat","embeddable":true,"href":"https:\/\/listman.shop\/autoparts-br\/wp-json\/wp\/v2\/product_cat?post=4323"},{"taxonomy":"product_tag","embeddable":true,"href":"https:\/\/listman.shop\/autoparts-br\/wp-json\/wp\/v2\/product_tag?post=4323"}],"curies":[{"name":"wp","href":"https:\/\/api.w.org\/{rel}","templated":true}]}}