{"id":45962,"date":"2025-03-30T10:17:39","date_gmt":"2025-03-30T01:17:39","guid":{"rendered":"https:\/\/listman.shop\/autoparts-br\/product\/1005006272419143\/"},"modified":"2026-04-14T21:57:06","modified_gmt":"2026-04-14T12:57:06","slug":"1005006272419143","status":"publish","type":"product","link":"https:\/\/listman.shop\/autoparts-br\/product\/1005006272419143\/","title":{"rendered":"4 unidades 3641101 XKN01A TPMS Sensor de monitor de press\u00e3o dos pneus para Haval DARGO GreatWall POER Tank 300 2021 2022"},"content":{"rendered":"<div class=\"detailmodule_html\">\n<div class=\"detail-desc-decorate-richtext\">\n<p><\/p>\n<div>\n<div>\n<div>\n<div>\n<div>\n<div>\n<div>\n<div>\n<div>\n<p><img data-recalc-dims=\"1\" decoding=\"async\" src=\"https:\/\/i0.wp.com\/ae01.alicdn.com\/kf\/H2a6b82a9bd7d4856a1e31dc09425f2c25.jpg?w=1200&#038;ssl=1\"><\/p>\n<p><span style=\"font-size:28px\"><span>Prezado cliente, se houver algum problema ap\u00f3s receber a mercadoria, entre em contato conosco na primeira vez.<\/span><\/span><\/p>\n<\/div>\n<p><\/p>\n<div><\/div>\n<p><\/p>\n<p><span style=\"font-size:20px\">N\u00daMERO DE PE\u00c7AS INTERCAMBIADAS:<\/span><\/p>\n<p><span style=\"font-size:16px;, sans-serif\">3641101XKN01A<\/span><\/p>\n<p><\/p>\n<p><span style=\"font-size:20px\">Vida \u00fatil da bateria: CERCA DE 3 ANOS<\/span><\/p>\n<p><span style=\"font-size:20px\">FREQU\u00caNCIA: 433MHz<\/span><\/p>\n<p><span style=\"font-size:20px\">CONTE\u00daDO: PACOTE NORMAL<\/span><\/p>\n<p><\/p>\n<p><span style=\"font-size:20px\">APLICA\u00c7\u00c3O:<\/span><\/p>\n<ul style=\", Arial, sans-serif;font-size:15px;font-weight:400;letter-spacing:0.5px;text-align:start;white-space:normal;margin-bottom:1rem;margin-top:0px;padding-left:35px\">\n<li style=\"line-height:26px;margin-left:0px\">\n<div><\/div>\n<div style=\", Roboto, Arial, Helvetica, sans-serif, SimSun;font-size:14px;font-weight:400;letter-spacing:normal;line-height:inherit;text-align:start;white-space:normal;border:0px;margin:0px;margin-bottom:0px;margin-top:0px;margin-left:0px;margin-right:0px;padding:0px;padding-bottom:0px;padding-top:0px;padding-left:0px;padding-right:0px\" align=\"start\">\n<div style=\"line-height:inherit;border:0px;margin:0px;margin-bottom:0px;margin-top:0px;margin-left:0px;margin-right:0px;padding:0px;padding-bottom:0px;padding-top:0px;padding-left:0px;padding-right:0px\">\n<div style=\"line-height:inherit;border:0px;margin:0px;margin-bottom:0px;margin-top:0px;margin-left:0px;margin-right:0px;padding:0px;padding-bottom:0px;padding-top:0px;padding-left:0px;padding-right:0px\">\n<div style=\"line-height:inherit;border:0px;margin:0px;margin-bottom:0px;margin-top:0px;margin-left:0px;margin-right:0px;padding:0px;padding-bottom:0px;padding-top:0px;padding-left:0px;padding-right:0px\"><strong><span style=\"font-size:18px\">Aplica\u00e7\u00e3o:<\/span><\/strong><\/div>\n<\/div>\n<\/div>\n<\/div>\n<p style=\", Roboto, Arial, Helvetica, sans-serif, SimSun;font-size:14px;font-weight:400;letter-spacing:normal;line-height:inherit;text-align:start;white-space:normal;margin:0px 0px 0px 0pt;margin-bottom:0px;margin-top:0px;margin-left:0pt;margin-right:0px;padding:0px;padding-bottom:0px;padding-top:0px;padding-left:0px;padding-right:0px\" align=\"start\"><span style=\"font-size:16px\"><span style=\", sans-serif\"><br \/>Para GreatWall POER 2021-<\/p>\n<p>Para<\/span><\/span><span style=\"font-size:16px\"><span style=\", sans-serif\"><span>&nbsp;<\/span><\/span><\/span><span style=\"font-size:16px\"><span style=\", sans-serif\">Tanque GreatWall 300 2020-2021<\/p>\n<p>Para<\/span><\/span><span style=\"font-size:16px\"><span style=\", sans-serif\"><span>&nbsp;<\/span><\/span><\/span><span style=\"font-size:16px\"><span style=\", sans-serif\">Haval DARGO 2020-2021<\/span><\/span><\/p>\n<div><\/div>\n<\/li>\n<\/ul>\n<p><img data-recalc-dims=\"1\" decoding=\"async\" src=\"https:\/\/i0.wp.com\/ae01.alicdn.com\/kf\/S7dd8e4298dc94a31a5693d91f1eafcbd1.jpg?w=1200&#038;ssl=1\"><img data-recalc-dims=\"1\" decoding=\"async\" src=\"https:\/\/i0.wp.com\/ae01.alicdn.com\/kf\/Sad7b0864a1184cb78ca8fbb526c556db0.jpg?w=1200&#038;ssl=1\"><img data-recalc-dims=\"1\" decoding=\"async\" src=\"https:\/\/i0.wp.com\/ae01.alicdn.com\/kf\/S524fe859f2904964b7d8bd2a639d1c00S.jpg?w=1200&#038;ssl=1\"><img data-recalc-dims=\"1\" decoding=\"async\" src=\"https:\/\/i0.wp.com\/ae01.alicdn.com\/kf\/Sccdd9e2ee3f94e3ba7a001c512c023c9u.jpg?w=1200&#038;ssl=1\"><img data-recalc-dims=\"1\" decoding=\"async\" src=\"https:\/\/i0.wp.com\/ae01.alicdn.com\/kf\/Sba6165aa49374b63889c74ebef1ab13ef.jpg?w=1200&#038;ssl=1\"><\/p>\n<div><\/div>\n<p><\/p>\n<p><span style=\"font-size:20px\">Perguntas frequentes<\/span><\/p>\n<p><span style=\"font-size:20px\">P: \u3010Freq\u00fcentemente do sensor TPMS\u3011<\/span><\/p>\n<p><span style=\"font-size:20px\">R: 433 MHz<\/span><\/p>\n<p><span style=\"font-size:20px\">P: \u3010O sensor tpms precisava fazer um programa\u3011<\/span><\/p>\n<p><span style=\"font-size:20px\">R: O sensor de press\u00e3o dos pneus vem pr\u00e9-programado especificamente para sua marca\/modelo\/ano de ve\u00edculo, \u00e9 necess\u00e1rio ativ\u00e1-los por ferramenta de verifica\u00e7\u00e3o ou &#8220;reaprendizado&#8221;.<\/span><\/p>\n<p><span style=\"font-size:20px\">P: \u3010Procedimento de reaprender\u3011<\/span><\/p>\n<p><span style=\"font-size:20px\">R: Gatilho necess\u00e1rio<\/span><\/p>\n<\/div>\n<\/div>\n<\/div>\n<\/div>\n<\/div>\n<\/div>\n<\/div>\n<\/div>\n<p><\/p>\n<\/div>\n<\/div>\n","protected":false},"excerpt":{"rendered":"<p>Prezado cliente, se houver algum problema ap\u00f3s receber a mercadoria, entre em contato conosco na primeira vez. N\u00daMERO DE PE\u00c7AS INTERCAMBIADAS: 3641101XKN01A Vida \u00fatil da bateria: CERCA DE 3 ANOS FREQU\u00caNCIA: 433MHz CONTE\u00daDO: PACOTE NORMAL APLICA\u00c7\u00c3O: Aplica\u00e7\u00e3o: Para GreatWall POER 2021- Para&nbsp;Tanque GreatWall 300 2020-2021 Para&nbsp;Haval DARGO 2020-2021 Perguntas frequentes P: \u3010Freq\u00fcentemente do sensor TPMS\u3011&hellip;&nbsp;<\/p>\n","protected":false},"featured_media":45957,"template":"","meta":{"neve_meta_sidebar":"","neve_meta_container":"","neve_meta_enable_content_width":"","neve_meta_content_width":0,"neve_meta_title_alignment":"","neve_meta_author_avatar":"","neve_post_elements_order":"","neve_meta_disable_header":"","neve_meta_disable_footer":"","neve_meta_disable_title":""},"product_brand":[],"product_cat":[26,17,47],"product_tag":[],"class_list":{"0":"post-45962","1":"product","2":"type-product","3":"status-publish","4":"has-post-thumbnail","6":"product_cat-pecas-de-desgaste","7":"product_cat-pecas-e-acessorios-automotivos","8":"product_cat-pneus-e-pecas-para-rodas","10":"first","11":"instock","12":"shipping-taxable","13":"purchasable","14":"product-type-variable"},"jetpack_sharing_enabled":true,"_links":{"self":[{"href":"https:\/\/listman.shop\/autoparts-br\/wp-json\/wp\/v2\/product\/45962","targetHints":{"allow":["GET"]}}],"collection":[{"href":"https:\/\/listman.shop\/autoparts-br\/wp-json\/wp\/v2\/product"}],"about":[{"href":"https:\/\/listman.shop\/autoparts-br\/wp-json\/wp\/v2\/types\/product"}],"wp:featuredmedia":[{"embeddable":true,"href":"https:\/\/listman.shop\/autoparts-br\/wp-json\/wp\/v2\/media\/45957"}],"wp:attachment":[{"href":"https:\/\/listman.shop\/autoparts-br\/wp-json\/wp\/v2\/media?parent=45962"}],"wp:term":[{"taxonomy":"product_brand","embeddable":true,"href":"https:\/\/listman.shop\/autoparts-br\/wp-json\/wp\/v2\/product_brand?post=45962"},{"taxonomy":"product_cat","embeddable":true,"href":"https:\/\/listman.shop\/autoparts-br\/wp-json\/wp\/v2\/product_cat?post=45962"},{"taxonomy":"product_tag","embeddable":true,"href":"https:\/\/listman.shop\/autoparts-br\/wp-json\/wp\/v2\/product_tag?post=45962"}],"curies":[{"name":"wp","href":"https:\/\/api.w.org\/{rel}","templated":true}]}}