{"id":46092,"date":"2025-03-30T10:24:09","date_gmt":"2025-03-30T01:24:09","guid":{"rendered":"https:\/\/listman.shop\/autoparts-br\/product\/1005006778342001\/"},"modified":"2026-04-14T21:30:29","modified_gmt":"2026-04-14T12:30:29","slug":"1005006778342001","status":"publish","type":"product","link":"https:\/\/listman.shop\/autoparts-br\/product\/1005006778342001\/","title":{"rendered":"Uxcell 4 pe\u00e7as od 72.6mm 73.1mm para id 57.1mm 60.1mm 67.1mm 65.1mm cubo de centraliza\u00e7\u00e3o de pneu de carro an\u00e9is centrados centro de furo de roda vermelho"},"content":{"rendered":"<div class=\"detailmodule_html\">\n<div class=\"detail-desc-decorate-richtext\">\n<div class=\"detailmodule_dynamic\"><\/div>\n<div class=\"detailmodule_html\">\n<div class=\"detail-desc-decorate-richtext\">\n<div><\/div>\n<p><span style=\"font-size:12px;font-family:Verdana, Arial, sans-serif\"><strong>Caracter\u00edsticas:<\/strong><\/span><\/p>\n<ul style=\"font-family:Verdana, Arial, sans-serif;font-size:12px;font-weight:400;letter-spacing:normal;line-height:normal;text-align:left;white-space:normal;border:0px\">\n<li style=\"font-family:Verdana, Arial, sans-serif;font-size:12px;letter-spacing:normal;line-height:normal;text-align:left;white-space:normal;border:0px\" align=\"left\">\n<p>Corrige as dimens\u00f5es das rodas e do cubo para eliminar vibra\u00e7\u00f5es.Garante um bom ajuste entre a roda e o cubo.<\/p>\n<\/li>\n<li style=\"font-family:Verdana, Arial, sans-serif;font-size:12px;letter-spacing:normal;line-height:normal;text-align:left;white-space:normal;border:0px\" align=\"left\">\n<p>Projetado para eliminar vibra\u00e7\u00f5es indesejadas do volante e garantir sempre um ajuste confort\u00e1vel.<\/p>\n<\/li>\n<li style=\"font-family:Verdana, Arial, sans-serif;font-size:12px;letter-spacing:normal;line-height:normal;text-align:left;white-space:normal;border:0px\" align=\"left\">\n<p>Substitua f\u00e1cil e rapidamente o antigo anel pl\u00e1stico centrado no cubo entre o cubo do ve\u00edculo e a roda.<\/p>\n<\/li>\n<li style=\"font-family:Verdana, Arial, sans-serif;font-size:12px;letter-spacing:normal;line-height:normal;text-align:left;white-space:normal;border:0px\" align=\"left\">\n<p>Os an\u00e9is do cubo s\u00e3o dimensionados usando dois n\u00fameros diferentes medidos em mil\u00edmetros.<\/p>\n<\/li>\n<\/ul>\n<p><span style=\"font-size:12px;font-family:Verdana, Arial, sans-serif\"><strong>Detalhes:<\/strong><\/span><\/p>\n<ul style=\"font-family:Verdana, Arial, sans-serif;font-size:12px;font-weight:400;letter-spacing:normal;line-height:normal;text-align:left;white-space:normal;border:0px\">\n<li style=\"font-family:Verdana, Arial, sans-serif;font-size:12px;letter-spacing:normal;line-height:normal;text-align:left;white-space:normal;border:0px\" align=\"left\">\n<p>Material: liga de alum\u00ednio<\/p>\n<\/li>\n<li style=\"font-family:Verdana, Arial, sans-serif;font-size:12px;letter-spacing:normal;line-height:normal;text-align:left;white-space:normal;border:0px\" align=\"left\">\n<p>Cor: Vermelho<\/p>\n<\/li>\n<li style=\"font-family:Verdana, Arial, sans-serif;font-size:12px;letter-spacing:normal;line-height:normal;text-align:left;white-space:normal;border:0px\" align=\"left\">\n<p>Di\u00e2metro externo (tamanho do cubo do ve\u00edculo): 73,1 mm\/2,88&#8243;<\/p>\n<\/li>\n<li style=\"font-family:Verdana, Arial, sans-serif;font-size:12px;letter-spacing:normal;line-height:normal;text-align:left;white-space:normal;border:0px\" align=\"left\">\n<p>Di\u00e2metro interno (tamanho do furo da roda): 64,1 mm\/2,52&#8243;<\/p>\n<\/li>\n<li style=\"font-family:Verdana, Arial, sans-serif;font-size:12px;letter-spacing:normal;line-height:normal;text-align:left;white-space:normal;border:0px\" align=\"left\">\n<p>Espessura: 10mm\/0,39&#8243;<\/p>\n<\/li>\n<\/ul>\n<p><span style=\"font-size:12px;font-family:Verdana, Arial, sans-serif\"><strong>Observa\u00e7\u00e3o:<\/strong><\/span><\/p>\n<ul style=\"font-family:Verdana, Arial, sans-serif;font-size:12px;font-weight:400;letter-spacing:normal;line-height:normal;text-align:left;white-space:normal;border:0px\">\n<li style=\"font-family:Verdana, Arial, sans-serif;font-size:12px;letter-spacing:normal;line-height:normal;text-align:left;white-space:normal;border:0px\" align=\"left\">\n<p>Certifique-se de que o di\u00e2metro interno do furo central na roda e o di\u00e2metro externo do furo do cubo do ve\u00edculo.<\/p>\n<\/li>\n<li style=\"font-family:Verdana, Arial, sans-serif;font-size:12px;letter-spacing:normal;line-height:normal;text-align:left;white-space:normal;border:0px\" align=\"left\">\n<p>O di\u00e2metro externo do anel da torneira deve caber no furo central da roda na parte traseira da roda.<\/p>\n<\/li>\n<li style=\"font-family:Verdana, Arial, sans-serif;font-size:12px;letter-spacing:normal;line-height:normal;text-align:left;white-space:normal;border:0px\" align=\"left\">\n<p>O di\u00e2metro interno \u00e9 o tamanho do cubo da roda no ve\u00edculo que pretende encaixar as rodas tamb\u00e9m.<\/p>\n<\/li>\n<li style=\"font-family:Verdana, Arial, sans-serif;font-size:12px;letter-spacing:normal;line-height:normal;text-align:left;white-space:normal;border:0px\" align=\"left\">\n<p>Por favor, permita diferen\u00e7as de 1-2mm devido \u00e0 medi\u00e7\u00e3o manual.<\/p>\n<\/li>\n<\/ul>\n<p><span style=\"font-size:12px;font-family:Verdana, Arial, sans-serif\"><strong>Lista de pacotes:<\/strong><\/span><\/p>\n<ul style=\"font-family:Verdana, Arial, sans-serif;font-size:12px;font-weight:400;letter-spacing:normal;line-height:normal;text-align:left;white-space:normal;border:0px\">\n<li style=\"font-family:Verdana, Arial, sans-serif;font-size:12px;letter-spacing:normal;line-height:normal;text-align:left;white-space:normal;border:0px\" align=\"left\">\n<p>4 unidades de an\u00e9is centrais do cubo<\/p>\n<\/li>\n<\/ul>\n<p><img data-recalc-dims=\"1\" decoding=\"async\" src=\"https:\/\/i0.wp.com\/ae01.alicdn.com\/kf\/S4c4f5979084e400286f397ab0d02808fv.jpg?w=1200&#038;ssl=1\"><img data-recalc-dims=\"1\" decoding=\"async\" src=\"https:\/\/i0.wp.com\/ae01.alicdn.com\/kf\/S43f632791d6e41308a9a5db43688a511J.jpg?w=1200&#038;ssl=1\"><img data-recalc-dims=\"1\" decoding=\"async\" src=\"https:\/\/i0.wp.com\/ae01.alicdn.com\/kf\/S9ba3b431b3ad47bd97c88837bdd8ba8bN.jpg?w=1200&#038;ssl=1\"><img data-recalc-dims=\"1\" decoding=\"async\" src=\"https:\/\/i0.wp.com\/ae01.alicdn.com\/kf\/Sde9479c52ee047cc86bae1d9c45713b1H.jpg?w=1200&#038;ssl=1\"><img data-recalc-dims=\"1\" decoding=\"async\" src=\"https:\/\/i0.wp.com\/ae01.alicdn.com\/kf\/S8fb6170c004e47df8105d8fbfc53878en.jpg?w=1200&#038;ssl=1\"><img data-recalc-dims=\"1\" decoding=\"async\" src=\"https:\/\/i0.wp.com\/ae01.alicdn.com\/kf\/S442ffce5fe5b406d829d1f8813ece6ea1.jpg?w=1200&#038;ssl=1\"><img data-recalc-dims=\"1\" decoding=\"async\" src=\"https:\/\/i0.wp.com\/ae01.alicdn.com\/kf\/S95c6805358e043be967ab253d863f8b89.jpg?w=1200&#038;ssl=1\"><\/p>\n<\/div>\n<\/div>\n<p><\/p>\n<\/div>\n<\/div>\n","protected":false},"excerpt":{"rendered":"<p>Caracter\u00edsticas: Corrige as dimens\u00f5es das rodas e do cubo para eliminar vibra\u00e7\u00f5es.Garante um bom ajuste entre a roda e o cubo. Projetado para eliminar vibra\u00e7\u00f5es indesejadas do volante e garantir sempre um ajuste confort\u00e1vel. Substitua f\u00e1cil e rapidamente o antigo anel pl\u00e1stico centrado no cubo entre o cubo do ve\u00edculo e a roda. Os an\u00e9is&hellip;&nbsp;<\/p>\n","protected":false},"featured_media":46086,"template":"","meta":{"neve_meta_sidebar":"","neve_meta_container":"","neve_meta_enable_content_width":"","neve_meta_content_width":0,"neve_meta_title_alignment":"","neve_meta_author_avatar":"","neve_post_elements_order":"","neve_meta_disable_header":"","neve_meta_disable_footer":"","neve_meta_disable_title":""},"product_brand":[],"product_cat":[26,17,47],"product_tag":[],"class_list":{"0":"post-46092","1":"product","2":"type-product","3":"status-publish","4":"has-post-thumbnail","6":"product_cat-pecas-de-desgaste","7":"product_cat-pecas-e-acessorios-automotivos","8":"product_cat-pneus-e-pecas-para-rodas","10":"first","11":"instock","12":"shipping-taxable","13":"purchasable","14":"product-type-variable","15":"has-default-attributes"},"jetpack_sharing_enabled":true,"_links":{"self":[{"href":"https:\/\/listman.shop\/autoparts-br\/wp-json\/wp\/v2\/product\/46092","targetHints":{"allow":["GET"]}}],"collection":[{"href":"https:\/\/listman.shop\/autoparts-br\/wp-json\/wp\/v2\/product"}],"about":[{"href":"https:\/\/listman.shop\/autoparts-br\/wp-json\/wp\/v2\/types\/product"}],"wp:featuredmedia":[{"embeddable":true,"href":"https:\/\/listman.shop\/autoparts-br\/wp-json\/wp\/v2\/media\/46086"}],"wp:attachment":[{"href":"https:\/\/listman.shop\/autoparts-br\/wp-json\/wp\/v2\/media?parent=46092"}],"wp:term":[{"taxonomy":"product_brand","embeddable":true,"href":"https:\/\/listman.shop\/autoparts-br\/wp-json\/wp\/v2\/product_brand?post=46092"},{"taxonomy":"product_cat","embeddable":true,"href":"https:\/\/listman.shop\/autoparts-br\/wp-json\/wp\/v2\/product_cat?post=46092"},{"taxonomy":"product_tag","embeddable":true,"href":"https:\/\/listman.shop\/autoparts-br\/wp-json\/wp\/v2\/product_tag?post=46092"}],"curies":[{"name":"wp","href":"https:\/\/api.w.org\/{rel}","templated":true}]}}