{"id":46228,"date":"2025-03-30T10:31:13","date_gmt":"2025-03-30T01:31:13","guid":{"rendered":"https:\/\/listman.shop\/autoparts-br\/product\/1005007137472305\/"},"modified":"2026-04-14T21:19:11","modified_gmt":"2026-04-14T12:19:11","slug":"1005007137472305","status":"publish","type":"product","link":"https:\/\/listman.shop\/autoparts-br\/product\/1005007137472305\/","title":{"rendered":"Modifica\u00e7\u00e3o do eixo traseiro porca de tit\u00e2nio para porca do eixo traseiro da motocicleta m18 m20 m22 m24"},"content":{"rendered":"<div class=\"detailmodule_html\">\n<div class=\"detail-desc-decorate-richtext\">\n<div class=\"detailmodule_html\">\n<div class=\"detail-desc-decorate-richtext\">\n<div id=\"offer-template-0\">\n   <span style=\"font-size:16px\"><strong id=\"tl_1\">Modifica&ccedil;&atilde;o de motocicleta um eixo traseiro tit&acirc;nio NUT motocicleta uma porca de eixo traseiro M18m22 porca de tit&acirc;nio porca de tit&acirc;nio<\/strong><\/span><br \/>\n   \n  <\/div>\n<p id=\"tl_2\">Especifica&ccedil;&atilde;o: M18\/20\/22\/24 &times; 1,5mm <br \/>M18 20 22, Chave 32mm, Chave M24 34mm <br \/> <span style=\"font-size:16px\"><span><strong>Notas:<\/strong><\/span><\/span> <span style=\"font-size:16px\"><br \/>Por favor, confirme seu modelo exato antes de compr&aacute;-lo, obrigado!<br \/>Os desenhos dimensionais abaixo s&atilde;o medidos manualmente.Por favor, permita diferen&ccedil;as de 0,1-0,3 cm devido &agrave; medi&ccedil;&atilde;o manual, obrigado.<br \/>Devido aos diferentes monitores e efeitos de luz, a cor real do item pode ser ligeiramente diferente da cor mostrada nas fotos.<\/span><\/p>\n<table style=\"border-collapse:separate;width:737px\" border=\"0\" cellpadding=\"0\" cellspacing=\"1\">\n<tbody>\n<tr>\n<td>\n<p><span style=\"font-size:18pt;font-family:simsun\" id=\"tl_3\">Nome: motocicleta uma porca do eixo traseiro<\/span><\/p>\n<\/td>\n<td>\n<p><span style=\"font-size:18pt;font-family:simsun\" id=\"tl_4\">Material: liga de tit&acirc;nio TC4<\/span><\/p>\n<\/td>\n<\/tr>\n<tr>\n<td>\n<p><span style=\"font-size:18pt;font-family:simsun\" id=\"tl_5\">Especifica&ccedil;&atilde;o: M18\/20\/22\/24 &times; 1,5mm<\/span><\/p>\n<p><span style=\"font-size:x-large;font-family:simsun\" id=\"tl_6\">M18 20 22, chave 32mm, chave M24 34mm<\/span><\/p>\n<\/td>\n<td>\n<p><span style=\"font-size:18pt;font-family:simsun\" id=\"tl_7\">Embalagem: saco ziplock de PVC<\/span><\/p>\n<\/td>\n<\/tr>\n<\/tbody>\n<\/table>\n<p><img data-recalc-dims=\"1\" decoding=\"async\" src=\"https:\/\/i0.wp.com\/ae01.alicdn.com\/kf\/Sc382110a1aba4a908cbb9209c6d12f49U.jpg?w=1200&#038;ssl=1\" \/><img data-recalc-dims=\"1\" decoding=\"async\" src=\"https:\/\/i0.wp.com\/ae01.alicdn.com\/kf\/Sc6a1f2ad869a4fc785c30336a47ac2abL.jpg?w=1200&#038;ssl=1\" \/><img data-recalc-dims=\"1\" decoding=\"async\" src=\"https:\/\/i0.wp.com\/ae01.alicdn.com\/kf\/S5cf47c0002b347d09c395eec936430cfX.jpg?w=1200&#038;ssl=1\" \/><\/p>\n<\/p><\/div>\n<\/div>\n<p><\/div>\n<\/div>\n","protected":false},"excerpt":{"rendered":"<p>Modifica&ccedil;&atilde;o de motocicleta um eixo traseiro tit&acirc;nio NUT motocicleta uma porca de eixo traseiro M18m22 porca de tit&acirc;nio porca de tit&acirc;nio Especifica&ccedil;&atilde;o: M18\/20\/22\/24 &times; 1,5mm M18 20 22, Chave 32mm, Chave M24 34mm Notas: Por favor, confirme seu modelo exato antes de compr&aacute;-lo, obrigado!Os desenhos dimensionais abaixo s&atilde;o medidos manualmente.Por favor, permita diferen&ccedil;as de 0,1-0,3&hellip;&nbsp;<\/p>\n","protected":false},"featured_media":46222,"template":"","meta":{"neve_meta_sidebar":"","neve_meta_container":"","neve_meta_enable_content_width":"","neve_meta_content_width":0,"neve_meta_title_alignment":"","neve_meta_author_avatar":"","neve_post_elements_order":"","neve_meta_disable_header":"","neve_meta_disable_footer":"","neve_meta_disable_title":""},"product_brand":[],"product_cat":[103,26,17],"product_tag":[],"class_list":{"0":"post-46228","1":"product","2":"type-product","3":"status-publish","4":"has-post-thumbnail","6":"product_cat-brocas-e-parafusos","7":"product_cat-pecas-de-desgaste","8":"product_cat-pecas-e-acessorios-automotivos","10":"first","11":"instock","12":"shipping-taxable","13":"purchasable","14":"product-type-variable","15":"has-default-attributes"},"jetpack_sharing_enabled":true,"_links":{"self":[{"href":"https:\/\/listman.shop\/autoparts-br\/wp-json\/wp\/v2\/product\/46228","targetHints":{"allow":["GET"]}}],"collection":[{"href":"https:\/\/listman.shop\/autoparts-br\/wp-json\/wp\/v2\/product"}],"about":[{"href":"https:\/\/listman.shop\/autoparts-br\/wp-json\/wp\/v2\/types\/product"}],"wp:featuredmedia":[{"embeddable":true,"href":"https:\/\/listman.shop\/autoparts-br\/wp-json\/wp\/v2\/media\/46222"}],"wp:attachment":[{"href":"https:\/\/listman.shop\/autoparts-br\/wp-json\/wp\/v2\/media?parent=46228"}],"wp:term":[{"taxonomy":"product_brand","embeddable":true,"href":"https:\/\/listman.shop\/autoparts-br\/wp-json\/wp\/v2\/product_brand?post=46228"},{"taxonomy":"product_cat","embeddable":true,"href":"https:\/\/listman.shop\/autoparts-br\/wp-json\/wp\/v2\/product_cat?post=46228"},{"taxonomy":"product_tag","embeddable":true,"href":"https:\/\/listman.shop\/autoparts-br\/wp-json\/wp\/v2\/product_tag?post=46228"}],"curies":[{"name":"wp","href":"https:\/\/api.w.org\/{rel}","templated":true}]}}