{"id":46416,"date":"2025-03-30T10:43:15","date_gmt":"2025-03-30T01:43:15","guid":{"rendered":"https:\/\/listman.shop\/autoparts-br\/product\/1005007702268194\/"},"modified":"2026-04-14T21:44:06","modified_gmt":"2026-04-14T12:44:06","slug":"1005007702268194","status":"publish","type":"product","link":"https:\/\/listman.shop\/autoparts-br\/product\/1005007702268194\/","title":{"rendered":"5x porcas de parafusos de roda de carro 2434886 2179620   ACPA1012D2B para Ford Focus Fusion Mondeo Escape Kuga EcoSport B-Max C-Max M12x1.5mm"},"content":{"rendered":"<div class=\"detailmodule_html\">\n<div class=\"detail-desc-decorate-richtext\">\n<div class=\"detailmodule_html\">\n<div class=\"detail-desc-decorate-richtext\">\n<div style=\"margin:0px auto;margin-bottom:0px;margin-top:0px;margin-left:auto;margin-right:auto\">\n<p><img data-recalc-dims=\"1\" decoding=\"async\" style=\"width:930px\"  src=\"https:\/\/i0.wp.com\/ae01.alicdn.com\/kf\/HTB1spGGbizxK1RkSnaVq6xn9VXag.jpg?w=1200\"><\/p>\n<p><span style=\"font-size:14px\"><strong>Descri\u00e7\u00e3o:<\/strong><\/span><span style=\"font-size:14px\"><br \/>N\u00famero de refer\u00eancia oe\/oem:<\/span><span style=\"font-size:14px\"><strong>2434886,2179620,5114407, ACPZ-1012-H, ACPA-1012-D2B<\/strong><\/span><span style=\"font-size:14px\"><br \/>Posi\u00e7\u00e3o de montagem: Eixo dianteiro<br \/>Di\u00e2metro externo: 26,5 mm<br \/>Espessura: 31mm<br \/>Grau de qualidade: 10<br \/>Tamanho da chave: 19<br \/>Cabe\u00e7a de parafuso\/design de porca: sextavado masculino<br \/>Jantes: para aros de liga leve<br \/>Superf\u00edcie: Cromada<br \/>Material: A\u00e7o<br \/>Fixa\u00e7\u00e3o da roda: assento c\u00f4nico F<br \/>Tamanho da rosca interna:<\/span><span style=\"font-size:14px\"><strong>M12x1,5<\/strong><\/span><\/p>\n<p><span style=\"font-size:14px\"><strong>Montagem:<\/strong><\/span><span style=\"font-size:14px\"><br \/>Para ford b-max (jk) 2012-2017<br \/>Para ford c-max ii 2010-2019<br \/>Para ford ecosport 2012-2022<br \/>Para ford ficESTA v 2010-2014<br \/>Para Ford FIESTA VI 2008-2017<br \/>Para Ford FIESTA VII 2017-2023<br \/>Para Ford FIGO I 2010-2016<br \/>Para ford focagem ii 2010-2013<br \/>Para ford focagem III 2010-2020<br \/>Para Ford FOCUS IV 2018-2024<br \/>Para ford grande c-max 2010-2019<br \/>Para ford ka + III 2015-2022<br \/>Para ford KUGA II 2013-2019<br \/>Para ford KUGA III 2019-2024<br \/>Para ford maduro v 2014-2024<br \/>Para Ford PUMA (J2K, CF7) 2019-2024<br \/>Para ford ranger (tke) 2011-2023<br \/>Para ford ranger III (2n, 2g, 2p) 2011-2023<br \/>Para conex\u00e3o ford tournio\/grande conex\u00e3o tournio v408 2013-2023<br \/>Para Ford TOURNEO COURIER B460 2014-2023<br \/>Para conex\u00e3o ford tr\u00e2nis 2013-2023<br \/>Para conex\u00e3o ford tr\u00e2nct v408 2013-2023<br \/>Para Ford TR\u00c2NSIT COURIER B460 2014-2023<\/span><\/p>\n<p><span style=\"font-size:14px\"><strong>Caracter\u00edsticas:<\/strong><\/span><span style=\"font-size:14px\"><br \/>Esses parafusos cabem em uma variedade de ve\u00edculos, portanto, verifique a lista de ve\u00edculos compat\u00edveis.<br \/>F\u00e1cil instala\u00e7\u00e3o.<br \/>Caracter\u00edsticas est\u00e1veis, alta confiabilidade.<br \/>De acordo com as especifica\u00e7\u00f5es originais de f\u00e1brica.<\/span><\/p>\n<p><span style=\"font-size:14px\"><strong>Conte\u00fado do pacote:<\/strong><\/span><span style=\"font-size:14px\"><br \/>5x parafusos de roda<\/span><\/p>\n<p><img data-recalc-dims=\"1\" decoding=\"async\" style=\"width:930px\"  src=\"https:\/\/i0.wp.com\/ae01.alicdn.com\/kf\/HTB1XRKPbjDuK1Rjy1zjq6zraFXa9.jpg?w=1200\"><\/p>\n<p><img data-recalc-dims=\"1\" decoding=\"async\" src=\"https:\/\/i0.wp.com\/ae01.alicdn.com\/kf\/S04563e9abe1f40f2b56dfc11724352bde.jpg?w=1200&#038;ssl=1\"><img data-recalc-dims=\"1\" decoding=\"async\" src=\"https:\/\/i0.wp.com\/ae01.alicdn.com\/kf\/Sa89ae6765f8447b9aa21a1f4ea773e01v.jpg?w=1200&#038;ssl=1\"><img data-recalc-dims=\"1\" decoding=\"async\" src=\"https:\/\/i0.wp.com\/ae01.alicdn.com\/kf\/See9cb74f64d045df93e656560ed2c786L.jpg?w=1200&#038;ssl=1\"><img data-recalc-dims=\"1\" decoding=\"async\" src=\"https:\/\/i0.wp.com\/ae01.alicdn.com\/kf\/S7784c6618c8d42e3bfffef58256730d73.jpg?w=1200&#038;ssl=1\"><img data-recalc-dims=\"1\" decoding=\"async\" src=\"https:\/\/i0.wp.com\/ae01.alicdn.com\/kf\/S6932f479cbbc4cb3b6d6668fe4aaed236.jpg?w=1200&#038;ssl=1\"><img data-recalc-dims=\"1\" decoding=\"async\" src=\"https:\/\/i0.wp.com\/ae01.alicdn.com\/kf\/S4cd7daa70c40436384d8556b5c069782e.jpg?w=1200&#038;ssl=1\"><\/p>\n<\/div>\n<p><img data-recalc-dims=\"1\" decoding=\"async\" style=\"width:930px\"  src=\"https:\/\/i0.wp.com\/ae01.alicdn.com\/kf\/HTB1Ab9CbinrK1Rjy1Xcq6yeDVXaJ.jpg?w=1200\"><\/p>\n<div style=\"margin:0px auto;margin-bottom:0px;margin-top:0px;margin-left:auto;margin-right:auto\">\n<p><strong><span style=\"font-size:9pt;font-family:tahoma, sans-serif\">Sobre n\u00f3s<\/span><\/strong><span style=\"font-size:9pt;font-family:tahoma, sans-serif\"><br \/>Bestclickshop, uma das marcas de propriedade da Quick-Fit Automotive Co., Ltd \u00e9 uma das maiores lojas online de pe\u00e7as e acess\u00f3rios automotivos desde 2008.Nossa meta \u00e9 ser o maior varejista de pe\u00e7as automotivas online &#8220;B&#8221; ao &#8220;C&#8221; do mundo em 5 anos.Nosso objetivo \u00e9 ser emocionantes e inovadores, oferecendo aos nossos clientes as mais recentes e variadas pe\u00e7as de motor que eles desejam.<\/span><\/p>\n<div><\/div>\n<p><strong><span style=\"font-size:9pt;font-family:tahoma, sans-serif\">Por que nos escolher<\/span><\/strong><\/p>\n<p><span style=\"font-size:9pt;font-family:tahoma, sans-serif\">1.Uma enorme variedade de produtos &#8211; Com mais de 2.200.000 itens em estoque, a Quick-Fit \u00e9 atualmente uma das maiores lojas online do mundo.Voc\u00ea ter\u00e1 mais op\u00e7\u00f5es do que voc\u00ea pode imaginar.Al\u00e9m do mais, estamos atualizando com mais de 100 novidades por dia!<\/span><\/p>\n<p><span style=\"font-size:9pt;font-family:tahoma, sans-serif\">2.Pre\u00e7os acess\u00edveis &#8211; A Bestclickshop oferece as pe\u00e7as e acess\u00f3rios automotivos mais recentes h\u00e1 quase 10 anos, estamos sempre acompanhando as tend\u00eancias mais recentes e, o mais importante, tornando os pre\u00e7os os mais baixos poss\u00edvel.<\/span><\/p>\n<p><span style=\"font-size:9pt;font-family:tahoma, sans-serif\">3.Frete gr\u00e1tis para todo o mundo &#8211; Sim, voc\u00ea n\u00e3o vai acreditar que desfrutar\u00e1 de frete gr\u00e1tis para todo o mundo conosco (salvo indica\u00e7\u00e3o em contr\u00e1rio), n\u00e3o \u00e9 uma piada, mas uma verdade absoluta.<\/span><\/p>\n<p><span style=\"font-size:9pt;font-family:tahoma, sans-serif\">4.Reembolso e devolu\u00e7\u00e3o sem perguntas &#8211; Qualquer coisa errada na qualidade de emiss\u00e3o e quebra pode ser devolvida ou reembols\u00e1vel.<\/span><\/p>\n<div><\/div>\n<p><strong><span style=\"font-size:9pt;font-family:tahoma, sans-serif\">Envio:<\/span><\/strong><\/p>\n<p><span style=\"font-size:9pt;font-family:tahoma, sans-serif\">1.Tempo de recebimento = Tempo de processamento + Tempo de envio<\/span><\/p>\n<p><span style=\"font-size:9pt;font-family:tahoma, sans-serif\">2.Tempo de processamento: cerca de 5 a 15 dias<\/span><\/p>\n<p><span style=\"font-size:9pt;font-family:tahoma, sans-serif\">3.Tempo de envio:<\/span><\/p>\n<p><span style=\"font-size:9pt;font-family:tahoma, sans-serif\">15-26 dias por correio a\u00e9reo, gr\u00e1tis.<\/span><\/p>\n<p><span style=\"font-size:9pt;font-family:tahoma, sans-serif\">3-10 dias \u00fateis por expresso.<\/span><\/p>\n<div><\/div>\n<p><strong><span style=\"font-size:9pt;font-family:tahoma, sans-serif\">Aviso:<\/span><\/strong><\/p>\n<p><span style=\"font-size:9pt;font-family:tahoma, sans-serif\">Ao fazer um pedido, escolha um m\u00e9todo de envio e pague pelo pedido, incluindo a taxa de envio.E certifique-se de que seu endere\u00e7o atual esteja correto ap\u00f3s o pagamento dentro de 1-2 dias!<\/span><\/p>\n<p><span style=\"font-size:9pt;font-family:tahoma, sans-serif\">N\u00e3o garantimos o prazo de entrega em todas as remessas internacionais devido a diferen\u00e7as nos tempos de libera\u00e7\u00e3o alfandeg\u00e1ria em cada pa\u00eds, o que pode afetar a rapidez com que seu produto \u00e9 inspecionado!<\/span><\/p>\n<div><\/div>\n<p><strong><span style=\"font-size:9pt;font-family:tahoma, sans-serif\">Nossa garantia:<\/span><\/strong><\/p>\n<p><span style=\"font-size:9pt;font-family:tahoma, sans-serif\">Se n\u00e3o estiver 100% satisfeito com a qualidade dos produtos adquiridos, poder\u00e1 devolver ou trocar seus itens no prazo de 30 dias a partir da data de entrega.<\/span><\/p>\n<div><\/div>\n<p><strong><span style=\"font-size:9pt;font-family:tahoma, sans-serif\">Solicitar:<\/span><\/strong><\/p>\n<p><span style=\"font-size:9pt;font-family:tahoma, sans-serif\">1.Itens recebidos dentro de 30 dias a partir da data de entrega.<br \/>2.Itens recebidos sem uso, sem danos e na embalagem original.<br \/>3.A taxa de envio de devolu\u00e7\u00e3o \u00e9 paga pelo comprador.<\/span><\/p>\n<p><span style=\"font-size:9pt;font-family:tahoma, sans-serif\"><br \/><\/span><span style=\"font-size:9pt;font-family:tahoma, sans-serif\"><strong>Feedback:<\/strong><\/span><\/p>\n<p><span style=\"font-size:9pt;font-family:tahoma, sans-serif\">1.Seu feedback \u00e9 muito importante para n\u00f3s e para todos os compradores.Reserve alguns segundos para deixar um \u00f3timo feedback se estiver satisfeito com nosso produto e servi\u00e7o.<\/span><\/p>\n<p><span style=\"font-size:9pt;font-family:tahoma, sans-serif\">2.Entre em contato conosco antes de deixar coment\u00e1rios neutros (3 estrelas) ou negativos (1-2 estrelas).Faremos o nosso melhor para resolver o problema e deixar-lhe boas compras aqui.Obrigado!<\/span><\/p>\n<div><\/div>\n<p><strong><span style=\"font-size:9pt;font-family:tahoma, sans-serif\">Contate-nos:<\/span><\/strong><\/p>\n<p><span style=\"font-size:9pt;font-family:tahoma, sans-serif\">1.Se voc\u00ea tiver alguma d\u00favida ou precisar de ajuda, n\u00e3o hesite em nos contatar!Obrigado!<br \/>2.Tentamos responder o mais r\u00e1pido poss\u00edvel.Teremos o maior prazer em responder a qualquer pergunta que voc\u00ea tenha!<\/span><\/p>\n<div><\/div>\n<p><span style=\"font-size:9pt;font-family:tahoma, sans-serif\"><strong>Obrigado pelo seu apoio! !<\/strong><\/span><\/p>\n<div>\n<\/div>\n<\/div>\n<div><\/div>\n<\/div>\n<\/div>\n<p><\/p>\n<\/div>\n<\/div>\n","protected":false},"excerpt":{"rendered":"<p>Descri\u00e7\u00e3o:N\u00famero de refer\u00eancia oe\/oem:2434886,2179620,5114407, ACPZ-1012-H, ACPA-1012-D2BPosi\u00e7\u00e3o de montagem: Eixo dianteiroDi\u00e2metro externo: 26,5 mmEspessura: 31mmGrau de qualidade: 10Tamanho da chave: 19Cabe\u00e7a de parafuso\/design de porca: sextavado masculinoJantes: para aros de liga leveSuperf\u00edcie: CromadaMaterial: A\u00e7oFixa\u00e7\u00e3o da roda: assento c\u00f4nico FTamanho da rosca interna:M12x1,5 Montagem:Para ford b-max (jk) 2012-2017Para ford c-max ii 2010-2019Para ford ecosport 2012-2022Para ford ficESTA&hellip;&nbsp;<\/p>\n","protected":false},"featured_media":46410,"template":"","meta":{"neve_meta_sidebar":"","neve_meta_container":"","neve_meta_enable_content_width":"","neve_meta_content_width":0,"neve_meta_title_alignment":"","neve_meta_author_avatar":"","neve_post_elements_order":"","neve_meta_disable_header":"","neve_meta_disable_footer":"","neve_meta_disable_title":""},"product_brand":[],"product_cat":[103,26,17],"product_tag":[],"class_list":{"0":"post-46416","1":"product","2":"type-product","3":"status-publish","4":"has-post-thumbnail","6":"product_cat-brocas-e-parafusos","7":"product_cat-pecas-de-desgaste","8":"product_cat-pecas-e-acessorios-automotivos","10":"first","11":"instock","12":"shipping-taxable","13":"purchasable","14":"product-type-variable"},"jetpack_sharing_enabled":true,"_links":{"self":[{"href":"https:\/\/listman.shop\/autoparts-br\/wp-json\/wp\/v2\/product\/46416","targetHints":{"allow":["GET"]}}],"collection":[{"href":"https:\/\/listman.shop\/autoparts-br\/wp-json\/wp\/v2\/product"}],"about":[{"href":"https:\/\/listman.shop\/autoparts-br\/wp-json\/wp\/v2\/types\/product"}],"wp:featuredmedia":[{"embeddable":true,"href":"https:\/\/listman.shop\/autoparts-br\/wp-json\/wp\/v2\/media\/46410"}],"wp:attachment":[{"href":"https:\/\/listman.shop\/autoparts-br\/wp-json\/wp\/v2\/media?parent=46416"}],"wp:term":[{"taxonomy":"product_brand","embeddable":true,"href":"https:\/\/listman.shop\/autoparts-br\/wp-json\/wp\/v2\/product_brand?post=46416"},{"taxonomy":"product_cat","embeddable":true,"href":"https:\/\/listman.shop\/autoparts-br\/wp-json\/wp\/v2\/product_cat?post=46416"},{"taxonomy":"product_tag","embeddable":true,"href":"https:\/\/listman.shop\/autoparts-br\/wp-json\/wp\/v2\/product_tag?post=46416"}],"curies":[{"name":"wp","href":"https:\/\/api.w.org\/{rel}","templated":true}]}}