{"id":46618,"date":"2025-03-30T10:53:27","date_gmt":"2025-03-30T01:53:27","guid":{"rendered":"https:\/\/listman.shop\/autoparts-br\/product\/33002028738\/"},"modified":"2026-04-14T21:20:06","modified_gmt":"2026-04-14T12:20:06","slug":"33002028738","status":"publish","type":"product","link":"https:\/\/listman.shop\/autoparts-br\/product\/33002028738\/","title":{"rendered":"Erick limpador dianteiro &amp; traseiro conjunto de l\u00e2minas de limpador para mazda CX-5 kf 2017-2023 p\u00e1ra-brisas bagageira janela escovas 24 &#8220;18&#8221; 14&#8243;"},"content":{"rendered":"<div class=\"detailmodule_html\">\n<div class=\"detail-desc-decorate-richtext\">\n<p>&nbsp;<\/p>\n<p><img data-recalc-dims=\"1\" decoding=\"async\" alt=\"aeProduct.getSubject()\" src=\"https:\/\/i0.wp.com\/ae01.alicdn.com\/kf\/HTB1WlrMSFXXXXcpXXXXq6xXFXXXG.jpg?w=800\" ><\/p>\n<p><span style=\"font-size:18px\"><span style=\"color:#000000\"><strong>Montagem:<\/strong><\/span><\/span><\/p>\n<p><span style=\"color:#000000;font-size:16px\"><span style=\"font-size:16px\"><span style=\"color:#000000;font-size:16px\"><span style=\"font-size:16px\"><strong>Para Mazda CX-5 KF 2017-2020<\/strong><br \/>Tamanho: &#039;&#039;+ 18 24&#039;&#039; + 14 &#039;&#039;(Fit Garantia!)<\/span><\/span><\/span><\/span><\/p>\n<p><span style=\"font-size:14px\">Condi\u00e7\u00e3o: 100% Brand Novo Sem Uso (de Qualidade Verificados antes do envio)<\/span><\/p>\n<p><span style=\"font-size:14px\">Composi\u00e7\u00e3o: 2 Pcs (Lado Do Passageiro e Motorista Lado) + 1 PC limpador traseiro<\/span><\/p>\n<p><span style=\"font-size:14px\">Feito de: Made in China<\/span><\/p>\n<p><span style=\"font-size:14px\">Material: Alta Qualidade de Borracha Natural garante o m\u00e1ximo de desempenho<\/span><\/p>\n<p><span style=\"font-size:14px\">&nbsp;<\/span><\/p>\n<p><strong><span style=\"font-size:14px\">Mat\u00e9ria:<\/span><\/strong><\/p>\n<p><span style=\"font-size:14px\">Ajuste personalizado, uma substitui\u00e7\u00e3o directa dos antigos.<\/span><\/p>\n<p><span style=\"font-size:14px\">1 milh\u00f5es de Vezes de Limpeza. temperatura Toler\u00e2ncia: + 158F to-40F (+ 70C to-40C)<\/span><\/p>\n<p><span style=\"font-size:14px\">O projeto original tr\u00eas se\u00e7\u00f5es se aplica uma press\u00e3o uniforme ao longo de todo o comprimento da l\u00e2mina<\/span><\/p>\n<p><span style=\"font-size:14px\">Mem\u00f3ria se aplica at\u00e9 mesmo a press\u00e3o de tens\u00e3o ao longo de toda a l\u00e2mina lengtSpecially<\/span><\/p>\n<p><span style=\"font-size:14px\">Mistura de borracha proporciona o m\u00e1ximo suave, limpo, vibra\u00e7\u00e3o-livre limpar<\/span><\/p>\n<p><span style=\"font-size:14px\">Design aerodin\u00e2mico reduz significativamente o arrasto, o ru\u00eddo do vento e eleva\u00e7\u00e3o<\/span><\/p>\n<p><span style=\"font-size:14px\">Impede que o gelo ea neve build-up a partir da exposi\u00e7\u00e3o de metal\/pl\u00e1stico componentes<\/span><\/p>\n<p><span style=\"font-size:14px\">Instru\u00e7\u00e3o: Este item n\u00e3o vem com manual de instala\u00e7\u00e3o<\/span><\/p>\n<p>&nbsp;<\/p>\n<p>&nbsp;<\/p>\n<p>&nbsp;<\/p>\n<p><img data-recalc-dims=\"1\" decoding=\"async\" alt=\"aeProduct.getSubject()\" src=\"https:\/\/i0.wp.com\/ae01.alicdn.com\/kf\/HTB1luYhSFXXXXb4XVXXq6xXFXXXr.jpg?w=800\" ><\/p>\n<p><img data-recalc-dims=\"1\" decoding=\"async\" alt=\"aeProduct.getSubject()\" src=\"https:\/\/i0.wp.com\/ae01.alicdn.com\/kf\/HTB1PbTQSFXXXXa3XXXXq6xXFXXXu.jpg?w=800\" ><\/p>\n<p><img data-recalc-dims=\"1\" decoding=\"async\" alt=\"aeProduct.getSubject()\" src=\"https:\/\/i0.wp.com\/ae01.alicdn.com\/kf\/HTB1aa2kSFXXXXbbXVXXq6xXFXXXJ.jpg?w=800\" ><\/p>\n<p><img data-recalc-dims=\"1\" decoding=\"async\" alt=\"aeProduct.getSubject()\" src=\"https:\/\/i0.wp.com\/ae01.alicdn.com\/kf\/HTB1LmjuSFXXXXXjXFXXq6xXFXXXO.jpg?w=800\" ><\/p>\n<p><img data-recalc-dims=\"1\" decoding=\"async\" alt=\"aeProduct.getSubject()\" src=\"https:\/\/i0.wp.com\/ae01.alicdn.com\/kf\/HTB1bdDpSFXXXXXDXVXXq6xXFXXXD.jpg?w=800\" ><\/p>\n<p><strong><span style=\"font-size:16px\"><span style=\"font-family:arial , helvetica , sans-serif\">Reembolso ou Substitui\u00e7\u00e3o:<\/span><\/span><\/strong><\/p>\n<p style=\"border-bottom:0px;border-left:0px;padding-bottom:0px;margin:0px;padding-left:0px;padding-right:0px;font-family:arial , helvetica , sans-serif;color:#000000;font-size:14px;vertical-align:baseline;border-top:0px;border-right:0px;padding-top:0px\">&nbsp;<\/p>\n<p style=\"border-bottom:0px;border-left:0px;padding-bottom:0px;margin:0px;padding-left:0px;padding-right:0px;font-family:arial , helvetica , sans-serif;color:#000000;font-size:14px;vertical-align:baseline;border-top:0px;border-right:0px;padding-top:0px\"><span style=\"color:#ff0000\"><strong>Por favor n\u00e3o Deixe o Coment\u00e1rio Negativo ou Disputa Aumento.<\/strong><\/span><\/p>\n<p style=\"border-bottom:0px;border-left:0px;padding-bottom:0px;margin:0px;padding-left:0px;padding-right:0px;font-family:arial , helvetica , sans-serif;color:#000000;font-size:14px;vertical-align:baseline;border-top:0px;border-right:0px;padding-top:0px\">&nbsp;<\/p>\n<p style=\"border-bottom:0px;border-left:0px;padding-bottom:0px;margin:0px;padding-left:0px;padding-right:0px;font-family:arial , helvetica , sans-serif;color:#000000;font-size:14px;vertical-align:baseline;border-top:0px;border-right:0px;padding-top:0px\"><strong><span style=\"color:#333333\">Se voc\u00ea tiver qualquer problema com o item quando voc\u00ea o recebe, Por Favor envie-nos uma mensagem atrav\u00e9s de Aliexpress, n\u00f3s estamos indo para cuidar de voc\u00ea em 12 horas. Gostar\u00edamos sinceramente comunicar com voc\u00ea para resolver problemas em conjunto.<\/span><\/strong><\/p>\n<p style=\"border-bottom:0px;border-left:0px;padding-bottom:0px;margin:0px;padding-left:0px;padding-right:0px;font-family:arial , helvetica , sans-serif;color:#000000;font-size:14px;vertical-align:baseline;border-top:0px;border-right:0px;padding-top:0px\">&nbsp;<\/p>\n<p style=\"border-bottom:0px;border-left:0px;padding-bottom:0px;margin:0px;padding-left:0px;padding-right:0px;font-family:arial , helvetica , sans-serif;color:#000000;font-size:14px;vertical-align:baseline;border-top:0px;border-right:0px;padding-top:0px\"><strong><span style=\"color:#333333\">Quanto a isso, N\u00f3s temos uma pol\u00edtica de Reembolso ou Substitui\u00e7\u00e3o devido \u00e0s seguintes situa\u00e7\u00f5es:<\/span><\/strong><\/p>\n<p style=\"border-bottom:0px;border-left:0px;padding-bottom:0px;margin:0px;padding-left:0px;padding-right:0px;font-family:arial , helvetica , sans-serif;color:#000000;font-size:14px;vertical-align:baseline;border-top:0px;border-right:0px;padding-top:0px\">&nbsp;<\/p>\n<ul>\n<li><span style=\"font-family:arial , helvetica , sans-serif\"><span style=\"font-size:14px\">N\u00f3s temos uma garantia de que o Item pode ser substitu\u00eddo ou reembolsado sem qualquer fundamenta\u00e7\u00e3o em 90 dias (Representaram a partir de o dia em que voc\u00ea receb\u00ea-lo), exceto quebrado caixas de embalagens<\/span><\/span> <\/li>\n<li><span style=\"font-family:arial , helvetica , sans-serif\"><span style=\"font-size:14px\">Artigo \u00e9 danificado devido ao transporte, mas n\u00e3o incluem as caixas de embalagem danificada, n\u00f3s gostar\u00edamos de a reembolsar ou substituir livremente<\/span><\/span> <\/li>\n<li><span style=\"font-family:arial , helvetica , sans-serif\"><span style=\"font-size:14px\">Item tem graves defeitos, tais como fabrica\u00e7\u00e3o de barulhento, deixando pistas durante o trabalho, e assim por diante&#8230; N\u00f3s gostar\u00edamos de a reembolsar ou substituir livremente<\/span><\/span> <\/li>\n<li><span style=\"font-family:arial , helvetica , sans-serif\"><span style=\"font-size:14px\">Se voc\u00ea n\u00e3o tem id\u00e9ia do que os tamanhos de suas l\u00e2minas s\u00e3o ou que tipo de montagem que voc\u00ea precisa, por favor consulte o nosso cat\u00e1logo de limpador ou nos enviar mensagem para perguntar, vamos cuidar de voc\u00ea em 12 horas. E \u00e9 claro, n\u00f3s n\u00e3o iria reembolsar ou substituir se voc\u00ea receber errado l\u00e2minas sem se referir ao nosso cat\u00e1logo ou inquirir conosco<\/span><\/span> <\/li>\n<\/ul>\n<p style=\"border-bottom:0px;border-left:0px;padding-bottom:0px;margin:0px;padding-left:0px;padding-right:0px;font-family:arial , helvetica , sans-serif;color:#000000;font-size:14px;vertical-align:baseline;border-top:0px;border-right:0px;padding-top:0px\"><span style=\"font-size:16px\"><strong>Expedi\u00e7\u00e3o:<\/strong><\/span><\/p>\n<p style=\"border-bottom:0px;border-left:0px;padding-bottom:0px;margin:0px;padding-left:0px;padding-right:0px;font-family:arial , helvetica , sans-serif;color:#000000;font-size:14px;vertical-align:baseline;border-top:0px;border-right:0px;padding-top:0px\">&nbsp;<\/p>\n<ul>\n<li><span style=\"font-size:14px\">Suas ordens ser\u00e3o cumpridas em 2 dias (N\u00e3o edifico Nos Fins de Semana ou Feriados) depois que voc\u00ea paga<\/span><\/li>\n<li><span style=\"font-size:14px\">O Tempo Estimado de Entrega ser\u00e1 10-30 dias normalmente para a maioria dos pa\u00edses via Epacket, china Post Air Mail<\/span> <\/li>\n<li>&nbsp;<\/li>\n<li><span style=\"font-size:14px\">Se voc\u00ea n\u00e3o tiver recebido o item ainda, por favor mensagem n\u00f3s. Vamos estender o seu pedido de prote\u00e7\u00e3o imediatamente e gentilmente ajudar a olhar para ele o mais r\u00e1pido poss\u00edvel<\/span> <\/li>\n<\/ul>\n<\/div>\n<\/div>\n","protected":false},"excerpt":{"rendered":"<p>&nbsp; Montagem: Para Mazda CX-5 KF 2017-2020Tamanho: &#039;&#039;+ 18 24&#039;&#039; + 14 &#039;&#039;(Fit Garantia!) Condi\u00e7\u00e3o: 100% Brand Novo Sem Uso (de Qualidade Verificados antes do envio) Composi\u00e7\u00e3o: 2 Pcs (Lado Do Passageiro e Motorista Lado) + 1 PC limpador traseiro Feito de: Made in China Material: Alta Qualidade de Borracha Natural garante o m\u00e1ximo de&hellip;&nbsp;<\/p>\n","protected":false},"featured_media":46612,"template":"","meta":{"neve_meta_sidebar":"","neve_meta_container":"","neve_meta_enable_content_width":"","neve_meta_content_width":0,"neve_meta_title_alignment":"","neve_meta_author_avatar":"","neve_post_elements_order":"","neve_meta_disable_header":"","neve_meta_disable_footer":"","neve_meta_disable_title":""},"product_brand":[],"product_cat":[45,26,17],"product_tag":[],"class_list":{"0":"post-46618","1":"product","2":"type-product","3":"status-publish","4":"has-post-thumbnail","6":"product_cat-brisas-parts","7":"product_cat-pecas-de-desgaste","8":"product_cat-pecas-e-acessorios-automotivos","10":"first","11":"instock","12":"shipping-taxable","13":"purchasable","14":"product-type-variable"},"jetpack_sharing_enabled":true,"_links":{"self":[{"href":"https:\/\/listman.shop\/autoparts-br\/wp-json\/wp\/v2\/product\/46618","targetHints":{"allow":["GET"]}}],"collection":[{"href":"https:\/\/listman.shop\/autoparts-br\/wp-json\/wp\/v2\/product"}],"about":[{"href":"https:\/\/listman.shop\/autoparts-br\/wp-json\/wp\/v2\/types\/product"}],"wp:featuredmedia":[{"embeddable":true,"href":"https:\/\/listman.shop\/autoparts-br\/wp-json\/wp\/v2\/media\/46612"}],"wp:attachment":[{"href":"https:\/\/listman.shop\/autoparts-br\/wp-json\/wp\/v2\/media?parent=46618"}],"wp:term":[{"taxonomy":"product_brand","embeddable":true,"href":"https:\/\/listman.shop\/autoparts-br\/wp-json\/wp\/v2\/product_brand?post=46618"},{"taxonomy":"product_cat","embeddable":true,"href":"https:\/\/listman.shop\/autoparts-br\/wp-json\/wp\/v2\/product_cat?post=46618"},{"taxonomy":"product_tag","embeddable":true,"href":"https:\/\/listman.shop\/autoparts-br\/wp-json\/wp\/v2\/product_tag?post=46618"}],"curies":[{"name":"wp","href":"https:\/\/api.w.org\/{rel}","templated":true}]}}