{"id":47525,"date":"2025-03-31T00:45:37","date_gmt":"2025-03-30T15:45:37","guid":{"rendered":"https:\/\/listman.shop\/autoparts-br\/product\/1005006860955783\/"},"modified":"2026-04-15T00:51:07","modified_gmt":"2026-04-14T15:51:07","slug":"1005006860955783","status":"publish","type":"product","link":"https:\/\/listman.shop\/autoparts-br\/product\/1005006860955783\/","title":{"rendered":"Jingyuqin 2\/3 bot\u00f5es remoto van chave do carro fob id46 pcf7946 chip para fiat 500 citroen nemo peugeot z\u00edper vauxhall combo ford ka"},"content":{"rendered":"<div class=\"detailmodule_html\">\n<div class=\"detail-desc-decorate-richtext\">\n<div class=\"detailmodule_html\">\n<div class=\"detail-desc-decorate-richtext\">\n<div class=\"detailmodule_text\">\n<p style=\"font-size:12px;font-weight:bold;text-align:left;white-space:pre-wrap;margin-bottom:12px\" class=\"detail-desc-decorate-title\" align=\"left\"><img data-recalc-dims=\"1\" decoding=\"async\" style=\"font-weight:normal\" class=\"detail-desc-decorate-image\" src=\"https:\/\/i0.wp.com\/ae01.alicdn.com\/kf\/H2ef72fbf11d64ca1843f767399f4ae8fI.jpg?w=1200&#038;ssl=1\"><\/p>\n<\/div>\n<div class=\"detailmodule_text\">\n<p style=\"font-size:13px;font-weight:bold;text-align:left;white-space:pre-wrap;margin-bottom:12px\" class=\"detail-desc-decorate-title\" align=\"left\">Especifica\u00e7\u00e3o do produto<\/p>\n<p style=\"font-size:12px;font-weight:bold;text-align:left;white-space:pre-wrap;margin-bottom:2px\" class=\"detail-desc-decorate-content\" align=\"left\">Por favor, verifique a chave do seu carro cuidadosamente antes de fazer o pedido<\/p>\n<p style=\"font-size:12px;font-weight:bold;text-align:left;white-space:pre-wrap;margin-bottom:2px\" class=\"detail-desc-decorate-content\" align=\"left\"><\/p>\n<p style=\"font-size:12px;font-weight:bold;text-align:left;white-space:pre-wrap;margin-bottom:2px\" class=\"detail-desc-decorate-content\" align=\"left\"><\/p>\n<p style=\"font-size:12px;font-weight:bold;text-align:left;white-space:pre-wrap;margin-bottom:2px\" class=\"detail-desc-decorate-content\" align=\"left\"><\/p>\n<p style=\"font-size:12px;font-weight:bold;text-align:left;white-space:pre-wrap;margin-bottom:2px\" class=\"detail-desc-decorate-content\" align=\"left\">Montagem:<\/p>\n<p style=\"font-size:12px;font-weight:bold;text-align:left;white-space:pre-wrap;margin-bottom:2px\" class=\"detail-desc-decorate-content\" align=\"left\"><\/p>\n<p style=\"font-size:12px;font-weight:bold;text-align:left;white-space:pre-wrap;margin-bottom:2px\" class=\"detail-desc-decorate-content\" align=\"left\">Para FIAT Doblo 2010-2016<\/p>\n<p style=\"font-size:12px;font-weight:bold;text-align:left;white-space:pre-wrap;margin-bottom:2px\" class=\"detail-desc-decorate-content\" align=\"left\"><\/p>\n<p style=\"font-size:12px;font-weight:bold;text-align:left;white-space:pre-wrap;margin-bottom:2px\" class=\"detail-desc-decorate-content\" align=\"left\">Para FIAT Qubo 2008-2014<\/p>\n<p style=\"font-size:12px;font-weight:bold;text-align:left;white-space:pre-wrap;margin-bottom:2px\" class=\"detail-desc-decorate-content\" align=\"left\"><\/p>\n<p style=\"font-size:12px;font-weight:bold;text-align:left;white-space:pre-wrap;margin-bottom:2px\" class=\"detail-desc-decorate-content\" align=\"left\">Para FIAT 500 2004-2016<\/p>\n<p style=\"font-size:12px;font-weight:bold;text-align:left;white-space:pre-wrap;margin-bottom:2px\" class=\"detail-desc-decorate-content\" align=\"left\"><\/p>\n<p style=\"font-size:12px;font-weight:bold;text-align:left;white-space:pre-wrap;margin-bottom:2px\" class=\"detail-desc-decorate-content\" align=\"left\">Para FIAT Punto Evo 2010-2012<\/p>\n<p style=\"font-size:12px;font-weight:bold;text-align:left;white-space:pre-wrap;margin-bottom:2px\" class=\"detail-desc-decorate-content\" align=\"left\"><\/p>\n<p style=\"font-size:12px;font-weight:bold;text-align:left;white-space:pre-wrap;margin-bottom:2px\" class=\"detail-desc-decorate-content\" align=\"left\">Para FIAT Punto 2012-2016<\/p>\n<p style=\"font-size:12px;font-weight:bold;text-align:left;white-space:pre-wrap;margin-bottom:2px\" class=\"detail-desc-decorate-content\" align=\"left\"><\/p>\n<p style=\"font-size:12px;font-weight:bold;text-align:left;white-space:pre-wrap;margin-bottom:2px\" class=\"detail-desc-decorate-content\" align=\"left\">Para FIAT Grande Punto 2006-2010<\/p>\n<p style=\"font-size:12px;font-weight:bold;text-align:left;white-space:pre-wrap;margin-bottom:2px\" class=\"detail-desc-decorate-content\" align=\"left\"><\/p>\n<p style=\"font-size:12px;font-weight:bold;text-align:left;white-space:pre-wrap;margin-bottom:2px\" class=\"detail-desc-decorate-content\" align=\"left\">Para FIAT Fiorino 2007-2016<\/p>\n<p style=\"font-size:12px;font-weight:bold;text-align:left;white-space:pre-wrap;margin-bottom:2px\" class=\"detail-desc-decorate-content\" align=\"left\"><\/p>\n<p style=\"font-size:12px;font-weight:bold;text-align:left;white-space:pre-wrap;margin-bottom:2px\" class=\"detail-desc-decorate-content\" align=\"left\"><\/p>\n<p style=\"font-size:12px;font-weight:bold;text-align:left;white-space:pre-wrap;margin-bottom:2px\" class=\"detail-desc-decorate-content\" align=\"left\"><\/p>\n<p style=\"font-size:12px;font-weight:bold;text-align:left;white-space:pre-wrap;margin-bottom:2px\" class=\"detail-desc-decorate-content\" align=\"left\">Para Citroen Nemo 2007-2016<\/p>\n<p style=\"font-size:12px;font-weight:bold;text-align:left;white-space:pre-wrap;margin-bottom:2px\" class=\"detail-desc-decorate-content\" align=\"left\"><\/p>\n<p style=\"font-size:12px;font-weight:bold;text-align:left;white-space:pre-wrap;margin-bottom:2px\" class=\"detail-desc-decorate-content\" align=\"left\">Para Peugeot biper 2009-2016<\/p>\n<p style=\"font-size:12px;font-weight:bold;text-align:left;white-space:pre-wrap;margin-bottom:2px\" class=\"detail-desc-decorate-content\" align=\"left\"><\/p>\n<p style=\"font-size:12px;font-weight:bold;text-align:left;white-space:pre-wrap;margin-bottom:2px\" class=\"detail-desc-decorate-content\" align=\"left\">Para Vauxhall Combo 2010-2016<\/p>\n<p style=\"font-size:12px;font-weight:bold;text-align:left;white-space:pre-wrap;margin-bottom:2px\" class=\"detail-desc-decorate-content\" align=\"left\"><\/p>\n<p style=\"font-size:12px;font-weight:bold;text-align:left;white-space:pre-wrap;margin-bottom:2px\" class=\"detail-desc-decorate-content\" align=\"left\">Para ford KA 2008-2017<\/p>\n<p style=\"font-size:12px;font-weight:bold;text-align:left;white-space:pre-wrap;margin-bottom:2px\" class=\"detail-desc-decorate-content\" align=\"left\"><\/p>\n<p style=\"font-size:12px;font-weight:bold;text-align:left;white-space:pre-wrap;margin-bottom:2px\" class=\"detail-desc-decorate-content\" align=\"left\"><\/p>\n<p style=\"font-size:12px;font-weight:bold;text-align:left;white-space:pre-wrap;margin-bottom:2px\" class=\"detail-desc-decorate-content\" align=\"left\"><\/p>\n<p style=\"font-size:12px;font-weight:bold;text-align:left;white-space:pre-wrap;margin-bottom:2px\" class=\"detail-desc-decorate-content\" align=\"left\">E outro modelo com as mesmas especifica\u00e7\u00f5es de chave em branco e suporte de bateria listados na se\u00e7\u00e3o abaixo&#8230;<\/p>\n<p style=\"font-size:12px;font-weight:bold;text-align:left;white-space:pre-wrap;margin-bottom:2px\" class=\"detail-desc-decorate-content\" align=\"left\"><\/p>\n<p style=\"font-size:12px;font-weight:bold;text-align:left;white-space:pre-wrap;margin-bottom:2px\" class=\"detail-desc-decorate-content\" align=\"left\"><\/p>\n<p style=\"font-size:12px;font-weight:bold;text-align:left;white-space:pre-wrap;margin-bottom:2px\" class=\"detail-desc-decorate-content\" align=\"left\"><\/p>\n<p style=\"font-size:12px;font-weight:bold;text-align:left;white-space:pre-wrap;margin-bottom:2px\" class=\"detail-desc-decorate-content\" align=\"left\">Condi\u00e7\u00e3o: 100% novo<\/p>\n<p style=\"font-size:12px;font-weight:bold;text-align:left;white-space:pre-wrap;margin-bottom:2px\" class=\"detail-desc-decorate-content\" align=\"left\"><\/p>\n<p style=\"font-size:12px;font-weight:bold;text-align:left;white-space:pre-wrap;margin-bottom:2px\" class=\"detail-desc-decorate-content\" align=\"left\">Bot\u00f5es: 2\/3 bot\u00f5es<\/p>\n<p style=\"font-size:12px;font-weight:bold;text-align:left;white-space:pre-wrap;margin-bottom:2px\" class=\"detail-desc-decorate-content\" align=\"left\"><\/p>\n<p style=\"font-size:12px;font-weight:bold;text-align:left;white-space:pre-wrap;margin-bottom:2px\" class=\"detail-desc-decorate-content\" align=\"left\">Frequ\u00eancia: MHZ<\/p>\n<p style=\"font-size:12px;font-weight:bold;text-align:left;white-space:pre-wrap;margin-bottom:2px\" class=\"detail-desc-decorate-content\" align=\"left\"><\/p>\n<p style=\"font-size:12px;font-weight:bold;text-align:left;white-space:pre-wrap;margin-bottom:2px\" class=\"detail-desc-decorate-content\" align=\"left\">Chip transponder: ID46<\/p>\n<p style=\"font-size:12px;font-weight:bold;text-align:left;white-space:pre-wrap;margin-bottom:2px\" class=\"detail-desc-decorate-content\" align=\"left\"><\/p>\n<p style=\"font-size:12px;font-weight:bold;text-align:left;white-space:pre-wrap;margin-bottom:2px\" class=\"detail-desc-decorate-content\" align=\"left\">Cor: mostre a imagem<\/p>\n<p style=\"font-size:12px;font-weight:bold;text-align:left;white-space:pre-wrap;margin-bottom:2px\" class=\"detail-desc-decorate-content\" align=\"left\"><\/p>\n<p style=\"font-size:12px;font-weight:bold;text-align:left;white-space:pre-wrap;margin-bottom:2px\" class=\"detail-desc-decorate-content\" align=\"left\">L\u00e2mina da chave: Sim<\/p>\n<p style=\"font-size:12px;font-weight:bold;text-align:left;white-space:pre-wrap;margin-bottom:2px\" class=\"detail-desc-decorate-content\" align=\"left\"><\/p>\n<p style=\"font-size:12px;font-weight:bold;text-align:left;white-space:pre-wrap;margin-bottom:2px\" class=\"detail-desc-decorate-content\" align=\"left\">Eletr\u00f4nica: Sim<\/p>\n<p style=\"font-size:12px;font-weight:bold;text-align:left;white-space:pre-wrap;margin-bottom:2px\" class=\"detail-desc-decorate-content\" align=\"left\"><\/p>\n<p style=\"font-size:12px;font-weight:bold;text-align:left;white-space:pre-wrap;margin-bottom:2px\" class=\"detail-desc-decorate-content\" align=\"left\">Bateria: N\u00c3O<\/p>\n<\/div>\n<div class=\"detailmodule_text\">\n<p style=\"font-size:12px;font-weight:bold;text-align:left;white-space:pre-wrap;margin-bottom:12px\" class=\"detail-desc-decorate-title\" align=\"left\">Caracter\u00edsticas:<\/p>\n<p style=\"font-size:12px;font-weight:bold;text-align:left;white-space:pre-wrap;margin-bottom:2px\" class=\"detail-desc-decorate-content\" align=\"left\">1.Melhor substituto para uma chave com bot\u00f5es quebrados ou estojo de chave desgastado.<\/p>\n<p style=\"font-size:12px;font-weight:bold;text-align:left;white-space:pre-wrap;margin-bottom:2px\" class=\"detail-desc-decorate-content\" align=\"left\"><\/p>\n<p style=\"font-size:12px;font-weight:bold;text-align:left;white-space:pre-wrap;margin-bottom:2px\" class=\"detail-desc-decorate-content\" align=\"left\">2.Estojo de chave e l\u00e2mina de chave sem cortes com componentes eletr\u00f4nicos internos.<\/p>\n<p style=\"font-size:12px;font-weight:bold;text-align:left;white-space:pre-wrap;margin-bottom:2px\" class=\"detail-desc-decorate-content\" align=\"left\"><\/p>\n<p style=\"font-size:12px;font-weight:bold;text-align:left;white-space:pre-wrap;margin-bottom:2px\" class=\"detail-desc-decorate-content\" align=\"left\">3.Obtenha o corte da l\u00e2mina por um serralheiro\/revendedor local ou adquira um servi\u00e7o de corte CNC com o link acima.<\/p>\n<p style=\"font-size:12px;font-weight:bold;text-align:left;white-space:pre-wrap;margin-bottom:2px\" class=\"detail-desc-decorate-content\" align=\"left\"><\/p>\n<p style=\"font-size:12px;font-weight:bold;text-align:left;white-space:pre-wrap;margin-bottom:2px\" class=\"detail-desc-decorate-content\" align=\"left\">4.Programe sua chave pelo serralheiro local ou pe\u00e7a nossa ajuda.<\/p>\n<\/div>\n<div class=\"detailmodule_text\">\n<p style=\"font-size:12px;font-weight:bold;text-align:left;white-space:pre-wrap;margin-bottom:12px\" class=\"detail-desc-decorate-title\" align=\"left\">Nota importante:<\/p>\n<p style=\"font-size:12px;font-weight:bold;text-align:left;white-space:pre-wrap;margin-bottom:2px\" class=\"detail-desc-decorate-content\" align=\"left\">1.Este item \u00e9 um controle remoto, n\u00e3o \u00e9 apenas uma substitui\u00e7\u00e3o de capa de chave remota.<\/p>\n<p style=\"font-size:12px;font-weight:bold;text-align:left;white-space:pre-wrap;margin-bottom:2px\" class=\"detail-desc-decorate-content\" align=\"left\"><\/p>\n<p style=\"font-size:12px;font-weight:bold;text-align:left;white-space:pre-wrap;margin-bottom:2px\" class=\"detail-desc-decorate-content\" align=\"left\">2.H\u00e1 uma unidade interna (remoto\/eletr\u00f4nica\/chip transponder) dentro.<\/p>\n<p style=\"font-size:12px;font-weight:bold;text-align:left;white-space:pre-wrap;margin-bottom:2px\" class=\"detail-desc-decorate-content\" align=\"left\"><\/p>\n<p style=\"font-size:12px;font-weight:bold;text-align:left;white-space:pre-wrap;margin-bottom:2px\" class=\"detail-desc-decorate-content\" align=\"left\">3.A imagem \u00e9 do produto real.N\u00e3o baixado da internet.<\/p>\n<p style=\"font-size:12px;font-weight:bold;text-align:left;white-space:pre-wrap;margin-bottom:2px\" class=\"detail-desc-decorate-content\" align=\"left\"><\/p>\n<p style=\"font-size:12px;font-weight:bold;text-align:left;white-space:pre-wrap;margin-bottom:2px\" class=\"detail-desc-decorate-content\" align=\"left\">4.Por favor, compare o inv\u00f3lucro da sua chave, certifique-se de que seu item seja igual ao nosso produto antes de comprar.<\/p>\n<\/div>\n<div class=\"detailmodule_text\">\n<p style=\"font-size:12px;font-weight:bold;text-align:left;white-space:pre-wrap;margin-bottom:12px\" class=\"detail-desc-decorate-title\" align=\"left\">Sobre o pacote:<\/p>\n<p style=\"font-size:12px;font-weight:bold;text-align:left;white-space:pre-wrap;margin-bottom:2px\" class=\"detail-desc-decorate-content\" align=\"left\">1 x controle de chave remota<\/p>\n<\/div>\n<div class=\"detailmodule_image\"><img data-recalc-dims=\"1\" decoding=\"async\" class=\"detail-desc-decorate-image\" src=\"https:\/\/i0.wp.com\/ae01.alicdn.com\/kf\/HTB1RXYrJVXXXXXNXFXXq6xXFXXXU.jpg?w=1200\"><img data-recalc-dims=\"1\" decoding=\"async\" class=\"detail-desc-decorate-image\" src=\"https:\/\/i0.wp.com\/ae01.alicdn.com\/kf\/S96aea0c1cca744daa38247ce1bdf8ee8f.jpg?w=1200&#038;ssl=1\"><img data-recalc-dims=\"1\" decoding=\"async\" class=\"detail-desc-decorate-image\" src=\"https:\/\/i0.wp.com\/ae01.alicdn.com\/kf\/S97ef5b7a11714959a1649a3ae6d3c18fM.jpg?w=1200&#038;ssl=1\"><img data-recalc-dims=\"1\" decoding=\"async\" class=\"detail-desc-decorate-image\" src=\"https:\/\/i0.wp.com\/ae01.alicdn.com\/kf\/Sf60a7d33173e423b9aca866c10080d99K.jpg?w=1200&#038;ssl=1\"><\/div>\n<div class=\"detailmodule_text_image\">\n<p style=\"font-weight:900;line-height:28px;white-space:pre-wrap;margin-bottom:12px\" class=\"detail-desc-decorate-title\">Aten\u00e7\u00e3o: Para amigos empresariais do Brasil, observe que voc\u00ea precisa pagar uma taxa extra de US$ 3,5 pelo desembara\u00e7o aduaneiro ou o pacote ser\u00e1 devolvido para processamento. Este \u00e9 o an\u00fancio do correio do Brasil.<\/p>\n<p style=\"font-weight:300;line-height:20px;white-space:pre-wrap;margin-bottom:12px\" class=\"detail-desc-decorate-content\"><\/p>\n<div><img data-recalc-dims=\"1\" decoding=\"async\" style=\"margin-bottom:20px\" class=\"detail-desc-decorate-image\" src=\"https:\/\/i0.wp.com\/ae01.alicdn.com\/kf\/HTB1w.pGajzuK1Rjy0Fpq6yEpFXal.jpg?w=1200\"><\/div>\n<\/div>\n<div class=\"detailmodule_dynamic\"><\/div>\n<\/div>\n<\/div>\n<p><\/div>\n<\/div>\n","protected":false},"excerpt":{"rendered":"<p>Especifica\u00e7\u00e3o do produto Por favor, verifique a chave do seu carro cuidadosamente antes de fazer o pedido Montagem: Para FIAT Doblo 2010-2016 Para FIAT Qubo 2008-2014 Para FIAT 500 2004-2016 Para FIAT Punto Evo 2010-2012 Para FIAT Punto 2012-2016 Para FIAT Grande Punto 2006-2010 Para FIAT Fiorino 2007-2016 Para Citroen Nemo 2007-2016 Para Peugeot biper&hellip;&nbsp;<\/p>\n","protected":false},"featured_media":47521,"template":"","meta":{"neve_meta_sidebar":"","neve_meta_container":"","neve_meta_enable_content_width":"","neve_meta_content_width":0,"neve_meta_title_alignment":"","neve_meta_author_avatar":"","neve_post_elements_order":"","neve_meta_disable_header":"","neve_meta_disable_footer":"","neve_meta_disable_title":""},"product_brand":[],"product_cat":[51,17,30],"product_tag":[],"class_list":{"0":"post-47525","1":"product","2":"type-product","3":"status-publish","4":"has-post-thumbnail","6":"product_cat-chave-do-carro","7":"product_cat-pecas-e-acessorios-automotivos","8":"product_cat-starters","10":"first","11":"instock","12":"shipping-taxable","13":"purchasable","14":"product-type-variable","15":"has-default-attributes"},"jetpack_sharing_enabled":true,"_links":{"self":[{"href":"https:\/\/listman.shop\/autoparts-br\/wp-json\/wp\/v2\/product\/47525","targetHints":{"allow":["GET"]}}],"collection":[{"href":"https:\/\/listman.shop\/autoparts-br\/wp-json\/wp\/v2\/product"}],"about":[{"href":"https:\/\/listman.shop\/autoparts-br\/wp-json\/wp\/v2\/types\/product"}],"wp:featuredmedia":[{"embeddable":true,"href":"https:\/\/listman.shop\/autoparts-br\/wp-json\/wp\/v2\/media\/47521"}],"wp:attachment":[{"href":"https:\/\/listman.shop\/autoparts-br\/wp-json\/wp\/v2\/media?parent=47525"}],"wp:term":[{"taxonomy":"product_brand","embeddable":true,"href":"https:\/\/listman.shop\/autoparts-br\/wp-json\/wp\/v2\/product_brand?post=47525"},{"taxonomy":"product_cat","embeddable":true,"href":"https:\/\/listman.shop\/autoparts-br\/wp-json\/wp\/v2\/product_cat?post=47525"},{"taxonomy":"product_tag","embeddable":true,"href":"https:\/\/listman.shop\/autoparts-br\/wp-json\/wp\/v2\/product_tag?post=47525"}],"curies":[{"name":"wp","href":"https:\/\/api.w.org\/{rel}","templated":true}]}}