{"id":4820,"date":"2024-10-15T22:48:58","date_gmt":"2024-10-15T13:48:58","guid":{"rendered":"https:\/\/listman.shop\/autoparts-br\/product\/1005005259313691\/"},"modified":"2026-04-08T06:32:48","modified_gmt":"2026-04-07T21:32:48","slug":"1005005259313691","status":"publish","type":"product","link":"https:\/\/listman.shop\/autoparts-br\/product\/1005005259313691\/","title":{"rendered":"Protetor de saias laterais\/porta de carro, borracha universal, anti-arranh\u00f5es, saias laterais, protetores de borda. Protetor de p\u00e1ra-choques anticolis\u00e3o"},"content":{"rendered":"<div class=\"detailmodule_html\">\n<div class=\"detail-desc-decorate-richtext\">\n<p><\/p>\n<div><\/div>\n<p><span style=\"font-size:16px\">\u3010Recursos\u3011<\/p>\n<p>1.100% novo<\/p>\n<p>2.Material de borracha de alta qualidade<\/p>\n<p>3.F\u00e1cil de instalar e evitar arranh\u00f5es.<\/p>\n<p>[Nome do produto]: faixa de prote\u00e7\u00e3o da carroceria do carro<\/p>\n<p>[Material do produto]: Borracha<\/p>\n<p>[Tamanho do produto]: 100CMx5CM 100CMx8CM 100CMx10CM<\/p>\n<p>[Especifica\u00e7\u00f5es do produto]: 1 unidade\/conjunto ou 1 unidade\/conjunto ou 4 unidades\/conjunto<\/p>\n<p>[Classifica\u00e7\u00e3o de cores]: preto, branco (modelo universal)<\/p>\n<p>Usos: Faixa anticolis\u00e3o do carro, n\u00e3o s\u00f3 pode decorar seu carro, torn\u00e1-lo mais avan\u00e7ado e mais bonito, a principal fun\u00e7\u00e3o \u00e9 proteger a porta do seu corpo, anticolis\u00e3o, anti-riscos. \u00c9 um conjunto de tiras protetoras altamente funcionais.<\/span><\/p>\n<p><img data-recalc-dims=\"1\" decoding=\"async\" style=\"width:790px\"  src=\"https:\/\/i0.wp.com\/ae01.alicdn.com\/kf\/Sb1cbbd35f16a465f8fa0160a1ef54f9fn.jpg?w=1200&#038;ssl=1\"> <img data-recalc-dims=\"1\" decoding=\"async\" style=\"width:790px\"  src=\"https:\/\/i0.wp.com\/ae01.alicdn.com\/kf\/Sdcb0b1e464fb4cfba9c005849473f169G.jpg?w=1200&#038;ssl=1\"> <img data-recalc-dims=\"1\" decoding=\"async\" style=\"width:790px\"  src=\"https:\/\/i0.wp.com\/ae01.alicdn.com\/kf\/S93342239b847461cbea9a1d56333c766l.jpg?w=1200&#038;ssl=1\"><\/p>\n<p style=\"text-align:left;margin:0px;margin-bottom:0px;margin-top:0px;margin-left:0px;margin-right:0px\" align=\"left\"><img data-recalc-dims=\"1\" decoding=\"async\" style=\"width:800px\"  src=\"https:\/\/i0.wp.com\/ae01.alicdn.com\/kf\/S7586940aecb6454184e7e46a726a4103d.jpg?w=1200&#038;ssl=1\"><\/p>\n<\/div>\n<\/div>\n","protected":false},"excerpt":{"rendered":"<p>\u3010Recursos\u3011 1.100% novo 2.Material de borracha de alta qualidade 3.F\u00e1cil de instalar e evitar arranh\u00f5es. [Nome do produto]: faixa de prote\u00e7\u00e3o da carroceria do carro [Material do produto]: Borracha [Tamanho do produto]: 100CMx5CM 100CMx8CM 100CMx10CM [Especifica\u00e7\u00f5es do produto]: 1 unidade\/conjunto ou 1 unidade\/conjunto ou 4 unidades\/conjunto [Classifica\u00e7\u00e3o de cores]: preto, branco (modelo universal) Usos: Faixa&hellip;&nbsp;<\/p>\n","protected":false},"featured_media":4814,"template":"","meta":{"neve_meta_sidebar":"","neve_meta_container":"","neve_meta_enable_content_width":"","neve_meta_content_width":0,"neve_meta_title_alignment":"","neve_meta_author_avatar":"","neve_post_elements_order":"","neve_meta_disable_header":"","neve_meta_disable_footer":"","neve_meta_disable_title":""},"product_brand":[],"product_cat":[109,17,24],"product_tag":[],"class_list":{"0":"post-4820","1":"product","2":"type-product","3":"status-publish","4":"has-post-thumbnail","6":"product_cat-molduras-esteticas","7":"product_cat-pecas-e-acessorios-automotivos","8":"product_cat-pecas-externas","10":"first","11":"instock","12":"shipping-taxable","13":"purchasable","14":"product-type-variable","15":"has-default-attributes"},"jetpack_sharing_enabled":true,"_links":{"self":[{"href":"https:\/\/listman.shop\/autoparts-br\/wp-json\/wp\/v2\/product\/4820","targetHints":{"allow":["GET"]}}],"collection":[{"href":"https:\/\/listman.shop\/autoparts-br\/wp-json\/wp\/v2\/product"}],"about":[{"href":"https:\/\/listman.shop\/autoparts-br\/wp-json\/wp\/v2\/types\/product"}],"wp:featuredmedia":[{"embeddable":true,"href":"https:\/\/listman.shop\/autoparts-br\/wp-json\/wp\/v2\/media\/4814"}],"wp:attachment":[{"href":"https:\/\/listman.shop\/autoparts-br\/wp-json\/wp\/v2\/media?parent=4820"}],"wp:term":[{"taxonomy":"product_brand","embeddable":true,"href":"https:\/\/listman.shop\/autoparts-br\/wp-json\/wp\/v2\/product_brand?post=4820"},{"taxonomy":"product_cat","embeddable":true,"href":"https:\/\/listman.shop\/autoparts-br\/wp-json\/wp\/v2\/product_cat?post=4820"},{"taxonomy":"product_tag","embeddable":true,"href":"https:\/\/listman.shop\/autoparts-br\/wp-json\/wp\/v2\/product_tag?post=4820"}],"curies":[{"name":"wp","href":"https:\/\/api.w.org\/{rel}","templated":true}]}}