{"id":495,"date":"2024-10-12T18:55:14","date_gmt":"2024-10-12T09:55:14","guid":{"rendered":"https:\/\/listman.shop\/autoparts-br\/product\/1005005457109078\/"},"modified":"2026-05-04T18:04:06","modified_gmt":"2026-05-04T09:04:06","slug":"1005005457109078","status":"publish","type":"product","link":"https:\/\/listman.shop\/autoparts-br\/product\/1005005457109078\/","title":{"rendered":"Bot\u00e3o eletr\u00f4nico 5NA do interruptor do freio de m\u00e3o de estacionamento do freio de m\u00e3o do carro 927255   Para VW Tiguan Mk2 2017-2022"},"content":{"rendered":"<div class=\"detailmodule_html\">\n<div class=\"detail-desc-decorate-richtext\">\n<div class=\"detailmodule_html\">\n<div class=\"detail-desc-decorate-richtext\">\n<div class=\"\">\n<div><\/div>\n<\/div>\n<div>\n <br \/>\n <span style=\"font-size:18px\"><span>Caracter\u00edsticas:<\/span><\/span>\n<\/div>\n<div>\n <br \/>\n <span style=\"font-size:18px\"><span>100% novo e de alta qualidade.<\/span><\/span>\n<\/div>\n<div>\n <br \/>\n <span style=\"font-size:18px\"><span>F\u00e1cil de instalar<\/span><\/span>\n<\/div>\n<div>\n <br \/>\n <span style=\"font-size:18px\"><span>Especifica\u00e7\u00f5es:<\/span><\/span>\n<\/div>\n<div>\n <br \/>\n <span style=\"font-size:18px\"><span>OE:5NG927255C 5NA927225C<\/span><\/span>\n<\/div>\n<div>\n <br \/>\n <span style=\"font-size:18px\"><span>Tamanho: 9cm * 6cm * 6cm<\/span><\/span>\n<\/div>\n<div>\n <br \/>\n <span style=\"font-size:18px\"><span>Cor: preto<\/span><\/span>\n<\/div>\n<div>\n <br \/>\n <span style=\"font-size:18px\"><span>Material: pl\u00e1stico<\/span><\/span>\n<\/div>\n<div>\n <br \/>\n <span style=\"font-size:18px\"><span>Peso do item: 0,15 kg<\/span><\/span>\n<\/div>\n<div>\n <br \/>\n <span style=\"font-size:18px\"><span>Aplica\u00e7\u00e3o:<\/span><\/span>\n<\/div>\n<div>\n<div>\n  <br \/>\n  <span style=\"font-size:18px\"><span>Para VW Tiguan MK2 2016-2024<\/span><\/span>\n <\/div>\n<\/div>\n<div>\n <br \/>\n <span style=\"font-size:18px\"><span>Pacote inclu\u00eddo:<\/span><\/span>\n<\/div>\n<div>\n<div>\n  <br \/>\n  <span style=\"font-size:18px\"><span>1x interruptor de controle do freio de estacionamento<\/span><\/span>\n <\/div>\n<\/div>\n<div>\n <br \/>\n <img data-recalc-dims=\"1\" decoding=\"async\" src=\"https:\/\/i0.wp.com\/ae01.alicdn.com\/kf\/Sfce6cc4bad064d43ad24e4a5a62be11dZ.jpg?w=1200&#038;ssl=1\"><br \/>\n <br \/>\n <img data-recalc-dims=\"1\" decoding=\"async\" src=\"https:\/\/i0.wp.com\/ae01.alicdn.com\/kf\/S32703a4edcd741a89003bababa6c85917.jpg?w=1200&#038;ssl=1\"><br \/>\n <br \/>\n <img data-recalc-dims=\"1\" decoding=\"async\" src=\"https:\/\/i0.wp.com\/ae01.alicdn.com\/kf\/S452eb49435d2498aadef6b375f9b3e2dc.jpg?w=1200&#038;ssl=1\"><br \/>\n <br \/>\n <img data-recalc-dims=\"1\" decoding=\"async\" src=\"https:\/\/i0.wp.com\/ae01.alicdn.com\/kf\/S85e74b148bdc4daf989559033f97ed084.jpg?w=1200&#038;ssl=1\">\n<\/div>\n<p><\/div>\n<\/div>\n<\/div>\n<\/div>\n","protected":false},"excerpt":{"rendered":"<p>Caracter\u00edsticas: 100% novo e de alta qualidade. F\u00e1cil de instalar Especifica\u00e7\u00f5es: OE:5NG927255C 5NA927225C Tamanho: 9cm * 6cm * 6cm Cor: preto Material: pl\u00e1stico Peso do item: 0,15 kg Aplica\u00e7\u00e3o: Para VW Tiguan MK2 2016-2024 Pacote inclu\u00eddo: 1x interruptor de controle do freio de estacionamento<\/p>\n","protected":false},"featured_media":491,"template":"","meta":{"neve_meta_sidebar":"","neve_meta_container":"","neve_meta_enable_content_width":"","neve_meta_content_width":0,"neve_meta_title_alignment":"","neve_meta_author_avatar":"","neve_post_elements_order":"","neve_meta_disable_header":"","neve_meta_disable_footer":"","neve_meta_disable_title":""},"product_brand":[],"product_cat":[43,22,17],"product_tag":[],"class_list":{"0":"post-495","1":"product","2":"type-product","3":"status-publish","4":"has-post-thumbnail","6":"product_cat-interruptores-e-controles","7":"product_cat-partes-interiores","8":"product_cat-pecas-e-acessorios-automotivos","10":"first","11":"instock","12":"shipping-taxable","13":"purchasable","14":"product-type-variable"},"jetpack_sharing_enabled":true,"_links":{"self":[{"href":"https:\/\/listman.shop\/autoparts-br\/wp-json\/wp\/v2\/product\/495","targetHints":{"allow":["GET"]}}],"collection":[{"href":"https:\/\/listman.shop\/autoparts-br\/wp-json\/wp\/v2\/product"}],"about":[{"href":"https:\/\/listman.shop\/autoparts-br\/wp-json\/wp\/v2\/types\/product"}],"wp:featuredmedia":[{"embeddable":true,"href":"https:\/\/listman.shop\/autoparts-br\/wp-json\/wp\/v2\/media\/491"}],"wp:attachment":[{"href":"https:\/\/listman.shop\/autoparts-br\/wp-json\/wp\/v2\/media?parent=495"}],"wp:term":[{"taxonomy":"product_brand","embeddable":true,"href":"https:\/\/listman.shop\/autoparts-br\/wp-json\/wp\/v2\/product_brand?post=495"},{"taxonomy":"product_cat","embeddable":true,"href":"https:\/\/listman.shop\/autoparts-br\/wp-json\/wp\/v2\/product_cat?post=495"},{"taxonomy":"product_tag","embeddable":true,"href":"https:\/\/listman.shop\/autoparts-br\/wp-json\/wp\/v2\/product_tag?post=495"}],"curies":[{"name":"wp","href":"https:\/\/api.w.org\/{rel}","templated":true}]}}