{"id":5221,"date":"2024-10-15T22:58:01","date_gmt":"2024-10-15T13:58:01","guid":{"rendered":"https:\/\/listman.shop\/autoparts-br\/product\/1005006064998105\/"},"modified":"2026-05-04T10:23:06","modified_gmt":"2026-05-04T01:23:06","slug":"1005006064998105","status":"publish","type":"product","link":"https:\/\/listman.shop\/autoparts-br\/product\/1005006064998105\/","title":{"rendered":"CarlinKit Wireless Android Auto Box, CarPlay port\u00e1til, Dongle para r\u00e1dio de carro com fio autom\u00e1tico, 2Air, 2026"},"content":{"rendered":"<div class=\"detailmodule_html\">\n<div class=\"detail-desc-decorate-richtext\">\n<div class=\"detailmodule_media\">\n<div class=\"video-container-1100146011539\">\n<div class=\"detail-video\" id=\"1100146011539\" data-previewurl=\"https:\/\/ae01.alicdn.com\/kf\/S55ec28c8daae492d96a3521a2aa3fe8ds.jpg\"><\/div>\n<\/p><\/div>\n<\/div>\n<div class=\"detailmodule_text\">\n<p style=\"font-size:20px;font-weight:bold\">Novo lan&ccedil;amento CPC200-2Air&#8212;&#8211; Adaptador sem fio CarPlay Adroid Auto<\/p>\n<p style=\"font-size:16px\">CarlinKit 2air mais novo adaptador de carro sem fio para Android Auto e CarPlay.Ele pode converter Android auto com fio ou Apple CarPlay com fio em sem fio.<\/p>\n<p>alternando perfeitamente as fun&ccedil;&otilde;es do seu telefone para a tela do seu carro. F&aacute;cil de reproduzir m&uacute;sica, navegar ou ouvir m&uacute;sica, tamb&eacute;m suporta controle de voz, Siri, Google Assistant etc.<\/p>\n<\/div>\n<div class=\"detailmodule_text\">\n<p style=\"font-size:20px;font-weight:bold\">Caracter&iacute;stica do produto<\/p>\n<p style=\"font-size:16px\">\u2b50Plug and play, conex&atilde;o n&atilde;o indutiva, diga adeus &agrave;s restri&ccedil;&otilde;es com fio<\/p>\n<p>\u2b50Conex&atilde;o autom&aacute;tica sem fio, ap&oacute;s concluir o emparelhamento inicial, o 2Air registrar&aacute; os dados do seu telefone e se conectar&aacute; automaticamente ao seu smartphone na pr&oacute;xima vez que entrar&aacute; no carro.<\/p>\n<p>\u2b50O design de baixo consumo de energia garante que o produto possa funcionar de forma est&aacute;vel em diferentes ambientes.<\/p>\n<p>\u2b50Adote autentica&ccedil;&atilde;o e transmiss&atilde;o de dados de 2,4 GHz ~ 5,8 GHz, velocidade de transmiss&atilde;o de dados mais r&aacute;pida e baixa lat&ecirc;ncia<\/p>\n<p>\u2b50Suporte para atualiza&ccedil;&atilde;o OTA, feedback on-line, resolva problemas rapidamente<\/p>\n<p>\u2b50Compat&iacute;vel com o microfone original do carro, continue a qualidade do som original do carro, mantenha a opera&ccedil;&atilde;o original do carro, como tela sens&iacute;vel ao toque, controle do volante e controle do bot&atilde;o, etc.<\/p>\n<p>\u2b50 Ampla compatibilidade, suporte para iPhone com iOS 10 ou superior ou telefone Android com sistema Android 11 ou superior, iPhone funciona para CarPlay sem fio, telefone Android funciona para Android Auto<\/p>\n<p>\u2b50Tamanho mini, n&atilde;o ocupa espa&ccedil;o e &eacute; f&aacute;cil de esconder<\/p>\n<p>\u2b50Suporta conex&atilde;o com v&aacute;rios dispositivos. Nosso dispositivo permite salvar at&eacute; 5 dispositivos em sua lista, permitindo conex&otilde;es autom&aacute;ticas perfeitas sem o inc&ocirc;modo de configura&ccedil;&otilde;es repetidas.Esse recurso facilita o compartilhamento do dispositivo com familiares e amigos, garantindo uma experi&ecirc;ncia de usu&aacute;rio tranquila.Ao contr&aacute;rio de outros produtos, nosso suporte para v&aacute;rios dispositivos adiciona conveni&ecirc;ncia e versatilidade incompar&aacute;veis para seu uso di&aacute;rio.<\/p>\n<\/div>\n<div class=\"detailmodule_image\">\n <img data-recalc-dims=\"1\" decoding=\"async\" class=\"detail-desc-decorate-image\" src=\"https:\/\/i0.wp.com\/ae01.alicdn.com\/kf\/S8c6c95a6d10f4bf987a0ab3bd30792e0E.jpg?w=1200&#038;ssl=1\" \/><br \/>\n <img data-recalc-dims=\"1\" decoding=\"async\" class=\"detail-desc-decorate-image\" src=\"https:\/\/i0.wp.com\/ae01.alicdn.com\/kf\/Se1cc4cb4fc4b403cb14de80aeebdc64fx.jpg?w=1200&#038;ssl=1\" \/>\n<\/div>\n<div class=\"detailmodule_text\">\n<p style=\"font-size:20px;font-weight:bold\">Telefones celulares e ve&iacute;culos suportados<\/p>\n<p style=\"font-size:16px\">Modelos de carros suportados: Carro com CarPlay com fio original ou fun&ccedil;&atilde;o Android Auto com fio<\/p>\n<p>iPhone: iPhone 6 e superior, vers&atilde;o iOS 10 e superior<br \/>Telefones Android: suporte para vers&atilde;o Android 11.0 e superior<\/p>\n<\/div>\n<div class=\"detailmodule_image\">\n <img data-recalc-dims=\"1\" decoding=\"async\" class=\"detail-desc-decorate-image\" src=\"https:\/\/i0.wp.com\/ae01.alicdn.com\/kf\/Se2e3e7f016aa4bdca5ff8768cc3d99372.jpg?w=1200&#038;ssl=1\" \/><br \/>\n <img data-recalc-dims=\"1\" decoding=\"async\" class=\"detail-desc-decorate-image\" src=\"https:\/\/i0.wp.com\/ae01.alicdn.com\/kf\/Sd5792d68d24b4dc888d272ff7ea23242Y.jpg?w=1200&#038;ssl=1\" \/><br \/>\n <img data-recalc-dims=\"1\" decoding=\"async\" class=\"detail-desc-decorate-image\" src=\"https:\/\/i0.wp.com\/ae01.alicdn.com\/kf\/Se700d86736054a73a5c422a2962f5579o.jpg?w=1200&#038;ssl=1\" \/><br \/>\n <img data-recalc-dims=\"1\" decoding=\"async\" class=\"detail-desc-decorate-image\" src=\"https:\/\/i0.wp.com\/ae01.alicdn.com\/kf\/Sb3f01cc07cb9405f97df5eceb51afd8ci.jpg?w=1200&#038;ssl=1\" \/>\n<\/div>\n<div class=\"detailmodule_text\">\n<p style=\"font-size:20px;font-weight:bold\">Plug and Play, f&aacute;cil de usar<\/p>\n<p style=\"font-size:16px\">Apenas 3 etapas simples. Ap&oacute;s a primeira configura&ccedil;&atilde;o, nosso adaptador ativar&aacute; automaticamente a conex&atilde;o sem fio Android Auto ou CarPlay sempre que o carro ligar.Aproveite para configur&aacute;-lo de uma vez por todas.<\/p>\n<\/div>\n<div class=\"detailmodule_image\">\n <img data-recalc-dims=\"1\" decoding=\"async\" class=\"detail-desc-decorate-image\" src=\"https:\/\/i0.wp.com\/ae01.alicdn.com\/kf\/Sc2fcc01e81b0443bade2cee8fd7161bb2.jpg?w=1200&#038;ssl=1\" \/>\n<\/div>\n<div class=\"detailmodule_text\">\n<p style=\"font-size:20px;font-weight:bold\">Conex&atilde;o autom&aacute;tica n&atilde;o indutiva<\/p>\n<p style=\"font-size:16px\">Identifique automaticamente a conex&atilde;o e entre no sistema de navega&ccedil;&atilde;o autom&aacute;tica carplay ou Android, tornando a viagem um passo mais r&aacute;pida<\/p>\n<\/div>\n<div class=\"detailmodule_image\">\n <img data-recalc-dims=\"1\" decoding=\"async\" class=\"detail-desc-decorate-image\" src=\"https:\/\/i0.wp.com\/ae01.alicdn.com\/kf\/S12c9f80b1dc840e1809daadd001e527f1.jpg?w=1200&#038;ssl=1\" \/>\n<\/div>\n<div class=\"detailmodule_text\">\n<p style=\"font-size:20px;font-weight:bold\">Taxa de transmiss&atilde;o de 5,8 GHz, mais r&aacute;pida e est&aacute;vel<\/p>\n<p style=\"font-size:16px\">Adote m&oacute;dulo sem fio de 5,8 GHz, menos suscet&iacute;vel a interfer&ecirc;ncias, conex&atilde;o de telefone celular mais r&aacute;pida, suporte para conex&atilde;o wi-fi de banda dupla, wi-fi de 2,4 GHz e 5,8 GHz, todos podem ser usados<\/p>\n<\/div>\n<div class=\"detailmodule_image\">\n <img data-recalc-dims=\"1\" decoding=\"async\" style=\"margin-bottom:10px\" class=\"detail-desc-decorate-image\" src=\"https:\/\/i0.wp.com\/ae01.alicdn.com\/kf\/S29dc88749f594ffbb47715cee6d4bca3b.jpg?w=1200&#038;ssl=1\" \/><br \/>\n <img data-recalc-dims=\"1\" decoding=\"async\" class=\"detail-desc-decorate-image\" src=\"https:\/\/i0.wp.com\/ae01.alicdn.com\/kf\/Sb709c31c952b4c8f89598e674b07cc66j.jpg?w=1200&#038;ssl=1\" \/><br \/>\n <img data-recalc-dims=\"1\" decoding=\"async\" class=\"detail-desc-decorate-image\" src=\"https:\/\/i0.wp.com\/ae01.alicdn.com\/kf\/S5ac31dd29fa6490c890c9cdccb5fc5e6m.png?w=1200&#038;ssl=1\" \/><br \/>\n <img data-recalc-dims=\"1\" decoding=\"async\" class=\"detail-desc-decorate-image\" src=\"https:\/\/i0.wp.com\/ae01.alicdn.com\/kf\/S6f69b9ed5aff4fc1a5c4dfd1d3768acbh.png?w=1200&#038;ssl=1\" \/>\n<\/div>\n<div class=\"detailmodule_text\">\n<p style=\"font-size:20px;font-weight:bold\">Atualiza&ccedil;&atilde;o n&atilde;o destrutiva<\/p>\n<p style=\"font-size:16px\">Mantenha todas as fun&ccedil;&otilde;es do carro original, sem necessidade de alterar os h&aacute;bitos de dire&ccedil;&atilde;o, viaje com mais seguran&ccedil;a<\/p>\n<\/div>\n<div class=\"detailmodule_image\">\n <img data-recalc-dims=\"1\" decoding=\"async\" class=\"detail-desc-decorate-image\" src=\"https:\/\/i0.wp.com\/ae01.alicdn.com\/kf\/S1b1e31a5f0e94e9394de49c6b3f0d42cF.jpg?w=1200&#038;ssl=1\" \/>\n<\/div>\n<div class=\"detailmodule_text\">\n<p style=\"font-size:20px;font-weight:bold\">Apenas 3 etapas para concluir a conex&atilde;o<\/p>\n<p style=\"font-size:16px\">1Insira o adaptador na porta USB do carro<\/p>\n<p>2Abra WiFi e Bluetooth no telefone iPhone\/Android, entre na interface Bluetooth do telefone iPhone\/Android, conecte o sinal Bluetooth do produto: Autokit_xxx.<\/p>\n<p>3Uma vez conclu&iacute;da a conex&atilde;o Bluetooth, basta esperar que o carro se conecte automaticamente ao CarPlay sem fio\/Android Auto sem fio<\/p>\n<\/div>\n<div class=\"detailmodule_image\">\n <img data-recalc-dims=\"1\" decoding=\"async\" class=\"detail-desc-decorate-image\" src=\"https:\/\/i0.wp.com\/ae01.alicdn.com\/kf\/S08db5e2f7a69487388479fd5f3f94e3fk.jpg?w=1200&#038;ssl=1\" \/>\n<\/div>\n<div class=\"detailmodule_text\">\n<p style=\"font-size:20px;font-weight:bold\">Suporte Atualiza&ccedil;&atilde;o e feedback on-line<\/p>\n<\/div>\n<div class=\"detailmodule_image\">\n <img data-recalc-dims=\"1\" decoding=\"async\" class=\"detail-desc-decorate-image\" src=\"https:\/\/i0.wp.com\/ae01.alicdn.com\/kf\/S9cdaaae139034f4188de6d752ab82eb41.jpg?w=1200&#038;ssl=1\" \/><br \/>\n <img data-recalc-dims=\"1\" decoding=\"async\" class=\"detail-desc-decorate-image\" src=\"https:\/\/i0.wp.com\/ae01.alicdn.com\/kf\/Sc5ef6c14a5894ebb9118187e16338529b.png?w=1200&#038;ssl=1\" \/><br \/>\n <img data-recalc-dims=\"1\" decoding=\"async\" class=\"detail-desc-decorate-image\" src=\"https:\/\/i0.wp.com\/ae01.alicdn.com\/kf\/S10880d9bff734bda922c5cfc1241b16fT.jpg?w=1200&#038;ssl=1\" \/><br \/>\n <img data-recalc-dims=\"1\" decoding=\"async\" class=\"detail-desc-decorate-image\" src=\"https:\/\/i0.wp.com\/ae01.alicdn.com\/kf\/Sc0bc598e799049939a3092d913b251b9m.jpg?w=1200&#038;ssl=1\" \/><br \/>\n <img data-recalc-dims=\"1\" decoding=\"async\" style=\"margin-bottom:10px\" class=\"detail-desc-decorate-image\" src=\"https:\/\/i0.wp.com\/ae01.alicdn.com\/kf\/Sbc489c7a607846128fff5030c7518632v.png?w=1200&#038;ssl=1\" \/><br \/>\n <img data-recalc-dims=\"1\" decoding=\"async\" class=\"detail-desc-decorate-image\" src=\"https:\/\/i0.wp.com\/ae01.alicdn.com\/kf\/Sfa197e5596674b29a0afd6fab96d1bf6f.jpg?w=1200&#038;ssl=1\" \/>\n<\/div>\n<p><\/div>\n<\/div>\n","protected":false},"excerpt":{"rendered":"<p>Novo lan&ccedil;amento CPC200-2Air&#8212;&#8211; Adaptador sem fio CarPlay Adroid Auto CarlinKit 2air mais novo adaptador de carro sem fio para Android Auto e CarPlay.Ele pode converter Android auto com fio ou Apple CarPlay com fio em sem fio. alternando perfeitamente as fun&ccedil;&otilde;es do seu telefone para a tela do seu carro. F&aacute;cil de reproduzir m&uacute;sica, navegar&hellip;&nbsp;<\/p>\n","protected":false},"featured_media":5215,"template":"","meta":{"neve_meta_sidebar":"","neve_meta_container":"","neve_meta_enable_content_width":"","neve_meta_content_width":0,"neve_meta_title_alignment":"","neve_meta_author_avatar":"","neve_post_elements_order":"","neve_meta_disable_header":"","neve_meta_disable_footer":"","neve_meta_disable_title":""},"product_brand":[],"product_cat":[126,20,17],"product_tag":[],"class_list":{"0":"post-5221","1":"product","2":"type-product","3":"status-publish","4":"has-post-thumbnail","6":"product_cat-car-ai-box","7":"product_cat-eletronicos-automotivos","8":"product_cat-pecas-e-acessorios-automotivos","10":"first","11":"instock","12":"shipping-taxable","13":"purchasable","14":"product-type-variable","15":"has-default-attributes"},"jetpack_sharing_enabled":true,"_links":{"self":[{"href":"https:\/\/listman.shop\/autoparts-br\/wp-json\/wp\/v2\/product\/5221","targetHints":{"allow":["GET"]}}],"collection":[{"href":"https:\/\/listman.shop\/autoparts-br\/wp-json\/wp\/v2\/product"}],"about":[{"href":"https:\/\/listman.shop\/autoparts-br\/wp-json\/wp\/v2\/types\/product"}],"wp:featuredmedia":[{"embeddable":true,"href":"https:\/\/listman.shop\/autoparts-br\/wp-json\/wp\/v2\/media\/5215"}],"wp:attachment":[{"href":"https:\/\/listman.shop\/autoparts-br\/wp-json\/wp\/v2\/media?parent=5221"}],"wp:term":[{"taxonomy":"product_brand","embeddable":true,"href":"https:\/\/listman.shop\/autoparts-br\/wp-json\/wp\/v2\/product_brand?post=5221"},{"taxonomy":"product_cat","embeddable":true,"href":"https:\/\/listman.shop\/autoparts-br\/wp-json\/wp\/v2\/product_cat?post=5221"},{"taxonomy":"product_tag","embeddable":true,"href":"https:\/\/listman.shop\/autoparts-br\/wp-json\/wp\/v2\/product_tag?post=5221"}],"curies":[{"name":"wp","href":"https:\/\/api.w.org\/{rel}","templated":true}]}}