{"id":7581,"date":"2024-11-08T08:39:23","date_gmt":"2024-11-07T23:39:23","guid":{"rendered":"https:\/\/listman.shop\/autoparts-br\/product\/1005006696796302\/"},"modified":"2026-04-18T02:46:06","modified_gmt":"2026-04-17T17:46:06","slug":"1005006696796302","status":"publish","type":"product","link":"https:\/\/listman.shop\/autoparts-br\/product\/1005006696796302\/","title":{"rendered":"4F 1927225   Para audi a6 c6 a6 allroad quattro s6 rs6 pot\u00eancia eletr\u00f4nico freio de estacionamento interruptor freio de m\u00e3o 4f 1927225 Um 4F 1927225 C"},"content":{"rendered":"<div class=\"detailmodule_html\">\n<div class=\"detail-desc-decorate-richtext\">\n<p><\/p>\n<p><span style=\"font-size:20px;, helvetica, sans-serif\">N\u00famero da pe\u00e7a:<\/span><\/p>\n<p><\/p>\n<p><span style=\"font-size:20px;, helvetica, sans-serif\">4F1927225A, 4F1927225C 4F1927225<\/span><\/p>\n<p><\/p>\n<\/p>\n<p><span style=\"font-size:20px;, helvetica, sans-serif\">Tipo de produto: interruptor de freio de m\u00e3o eletr\u00f4nico<\/span><\/p>\n<p><\/p>\n<p><span style=\"font-size:20px;, helvetica, sans-serif\">Cor: Preto<\/span><\/p>\n<p><\/p>\n<p><span style=\"font-size:20px;, helvetica, sans-serif\">Material: Pl\u00e1stico ABS<\/span><\/p>\n<p><\/p>\n<p><span style=\"font-size:20px;, helvetica, sans-serif\">M\u00e9todo de instala\u00e7\u00e3o: estilo plug and play diretamente<\/span><\/p>\n<p><\/p>\n<p><span style=\"font-size:20px;, helvetica, sans-serif\">Tipo de montagem: substitui\u00e7\u00e3o direta<\/span><\/p>\n<p><\/p>\n<\/p>\n<p><span style=\"font-size:20px;, helvetica, sans-serif\">Montagem para:<\/span><\/p>\n<p><span style=\"font-size:20px;, helvetica, sans-serif\">Para AUDI &#8212; A6\/S6 2005-2011 C6<\/span><\/p>\n<p><\/p>\n<p><span style=\"font-size:20px;, helvetica, sans-serif\">Para AUDI &#8212; A6 ALLROAD QUATTRO 2007-2011<\/span><\/p>\n<p><\/p>\n<p><span style=\"font-size:20px;, helvetica, sans-serif\">Para AUDI &#8212; RS6 2008-2011<\/span><\/p>\n<p><\/p>\n<p><span style=\"font-size:20px;, helvetica, sans-serif\">Para AUDI &#8212; A3\/S3 2004-2013<\/span><\/p>\n<p><\/p>\n<p><span style=\"font-size:20px;, helvetica, sans-serif\">Para AUDI &#8212; Q7 2007-2014<\/span><\/p>\n<\/p>\n<p><span style=\"font-size:20px;, helvetica, sans-serif\">Nota:<\/span><\/p>\n<\/p>\n<p><span style=\"font-size:20px;, helvetica, sans-serif\">1.Se voc\u00ea tiver alguma d\u00favida sobre nossos modelos de produtos, pedidos e seus c\u00f3digos OE, pode entrar em contato conosco a tempo.Temos atendimento ao cliente de alta qualidade que pode resolver suas d\u00favidas a qualquer momento.<\/span><\/p>\n<p><\/p>\n<p><span style=\"font-size:20px;, helvetica, sans-serif\">2. se houver algum problema com o produto ap\u00f3s a compra, n\u00e3o clique primeiro na cr\u00edtica negativa, voc\u00ea pode entrar em contato conosco a tempo de resolver o problema p\u00f3s-venda.<\/span><\/p>\n<p><\/p>\n<p><span style=\"font-size:20px;, helvetica, sans-serif\">3.1. compare o formato com o seu carro antes de fazer o pedido. Como sabemos, as vers\u00f5es do carro ter\u00e3o algumas diferen\u00e7as.<\/span><\/p>\n<p><span style=\"font-size:20px;, helvetica, sans-serif\">em diferentes pa\u00edses.certifique-se de que a adequa\u00e7\u00e3o seja cuidadosamente antes da compra, obrigado.<\/span><\/p>\n<p><\/p>\n<p><span style=\"font-size:20px;, helvetica, sans-serif\">4. permita um erro de 1-2mm devido \u00e0 medi\u00e7\u00e3o manual.<\/span><\/p>\n<p><img data-recalc-dims=\"1\" decoding=\"async\" src=\"https:\/\/i0.wp.com\/ae01.alicdn.com\/kf\/S0f6b2c4f35e642dc8bb3ca4646835d44d.jpg?w=1200&#038;ssl=1\"><img data-recalc-dims=\"1\" decoding=\"async\" src=\"https:\/\/i0.wp.com\/ae01.alicdn.com\/kf\/S1fd2320304264b02a8920d12a32b9f76Z.jpg?w=1200&#038;ssl=1\"><img data-recalc-dims=\"1\" decoding=\"async\" src=\"https:\/\/i0.wp.com\/ae01.alicdn.com\/kf\/Seb93f5b4cfc94f55a2bf95dbfe3db089y.jpg?w=1200&#038;ssl=1\"><img data-recalc-dims=\"1\" decoding=\"async\" src=\"https:\/\/i0.wp.com\/ae01.alicdn.com\/kf\/S85d18209e87344f280c0c5abefc66b61s.jpg?w=1200&#038;ssl=1\"><img data-recalc-dims=\"1\" decoding=\"async\" src=\"https:\/\/i0.wp.com\/ae01.alicdn.com\/kf\/S62d71c2c8709419c8477702848ac07874.jpg?w=1200&#038;ssl=1\"><\/p>\n<p><\/p>\n<\/div>\n<\/div>\n","protected":false},"excerpt":{"rendered":"<p>N\u00famero da pe\u00e7a: 4F1927225A, 4F1927225C 4F1927225 Tipo de produto: interruptor de freio de m\u00e3o eletr\u00f4nico Cor: Preto Material: Pl\u00e1stico ABS M\u00e9todo de instala\u00e7\u00e3o: estilo plug and play diretamente Tipo de montagem: substitui\u00e7\u00e3o direta Montagem para: Para AUDI &#8212; A6\/S6 2005-2011 C6 Para AUDI &#8212; A6 ALLROAD QUATTRO 2007-2011 Para AUDI &#8212; RS6 2008-2011 Para AUDI&hellip;&nbsp;<\/p>\n","protected":false},"featured_media":7575,"template":"","meta":{"neve_meta_sidebar":"","neve_meta_container":"","neve_meta_enable_content_width":"","neve_meta_content_width":0,"neve_meta_title_alignment":"","neve_meta_author_avatar":"","neve_post_elements_order":"","neve_meta_disable_header":"","neve_meta_disable_footer":"","neve_meta_disable_title":""},"product_brand":[],"product_cat":[43,22,17],"product_tag":[],"class_list":{"0":"post-7581","1":"product","2":"type-product","3":"status-publish","4":"has-post-thumbnail","6":"product_cat-interruptores-e-controles","7":"product_cat-partes-interiores","8":"product_cat-pecas-e-acessorios-automotivos","10":"first","11":"instock","12":"shipping-taxable","13":"purchasable","14":"product-type-variable","15":"has-default-attributes"},"jetpack_sharing_enabled":true,"_links":{"self":[{"href":"https:\/\/listman.shop\/autoparts-br\/wp-json\/wp\/v2\/product\/7581","targetHints":{"allow":["GET"]}}],"collection":[{"href":"https:\/\/listman.shop\/autoparts-br\/wp-json\/wp\/v2\/product"}],"about":[{"href":"https:\/\/listman.shop\/autoparts-br\/wp-json\/wp\/v2\/types\/product"}],"wp:featuredmedia":[{"embeddable":true,"href":"https:\/\/listman.shop\/autoparts-br\/wp-json\/wp\/v2\/media\/7575"}],"wp:attachment":[{"href":"https:\/\/listman.shop\/autoparts-br\/wp-json\/wp\/v2\/media?parent=7581"}],"wp:term":[{"taxonomy":"product_brand","embeddable":true,"href":"https:\/\/listman.shop\/autoparts-br\/wp-json\/wp\/v2\/product_brand?post=7581"},{"taxonomy":"product_cat","embeddable":true,"href":"https:\/\/listman.shop\/autoparts-br\/wp-json\/wp\/v2\/product_cat?post=7581"},{"taxonomy":"product_tag","embeddable":true,"href":"https:\/\/listman.shop\/autoparts-br\/wp-json\/wp\/v2\/product_tag?post=7581"}],"curies":[{"name":"wp","href":"https:\/\/api.w.org\/{rel}","templated":true}]}}