{"id":8780,"date":"2024-11-08T09:01:57","date_gmt":"2024-11-08T00:01:57","guid":{"rendered":"https:\/\/listman.shop\/autoparts-br\/product\/1005007518846962\/"},"modified":"2026-04-14T17:50:19","modified_gmt":"2026-04-14T08:50:19","slug":"1005007518846962","status":"publish","type":"product","link":"https:\/\/listman.shop\/autoparts-br\/product\/1005007518846962\/","title":{"rendered":"3-15v 60a 100a 115a 12v 100a carregador ajust\u00e1vel 14.6v 100a 12.6v 100a pol\u00edmero de l\u00edtio para bateria de \u00edon de l\u00edtio bateria de chumbo-\u00e1cido"},"content":{"rendered":"<div class=\"detailmodule_html\">\n<div class=\"detail-desc-decorate-richtext\">\n<div class=\"detailmodule_html\">\n<div class=\"detail-desc-decorate-richtext\">\n<div>\n   <span style=\"font-size:20px\" id=\"tl_1\">Os acess&oacute;rios incluem: 1 carregador, 1 cabo de entrada<\/span>\n  <\/div>\n<div id=\"tl_2\">\n   <br \/>\u3010Nota\u3011 A carga total s&oacute; pode ser alcan&ccedil;ada quando a tens&atilde;o de sa&iacute;da estiver entre 220 V &#8211; 240 V.Para carregadores com corrente de sa&iacute;da de 100A ou mais, quando a tens&atilde;o de entrada &eacute; de 110V, a pot&ecirc;ncia de carregamento s&oacute; pode atingir 60%.<br \/>\n   \n  <\/div>\n<div id=\"tl_3\">\n   Modo de dissipa&ccedil;&atilde;o de calor: resfriamento a ar (ventilador de resfriamento integrado, a velocidade aumenta com o aumento da temperatura)\n  <\/div>\n<div id=\"tl_4\">\n   Acess&oacute;rios: Para o carregador 60A, h&aacute; dois fios positivos e negativos e clipes inclu&iacute;dos, os fios de sa&iacute;da devem ser fios de silicone 80A de alta qualidade.\n  <\/div>\n<div id=\"tl_5\">\n   AVISO: N&atilde;o inverta os p&oacute;los positivo e negativo da bateria (vermelho para p&oacute;lo positivo e preto para p&oacute;lo negativo)\n  <\/div>\n<div id=\"tl_6\">\n   Uso:\n  <\/div>\n<div id=\"tl_7\">\n   Primeiro passo: Em primeiro lugar, n&atilde;o conecte a bateria ao carregador, ligue a fonte de alimenta&ccedil;&atilde;o, ajuste o bot&atilde;o de tens&atilde;o para ajustar a tens&atilde;o, consulte o display de tens&atilde;o na tela (4S LiFePo4: 3.65V *4=14.6V, 3S &iacute;on de l&iacute;tio: 4.2V *3=12.6V), ajuste para a tens&atilde;o necess&aacute;ria.\n  <\/div>\n<div>\n   &nbsp;\n  <\/div>\n<div id=\"tl_8\">\n   Segundo passo: ajuste a corrente ao m&iacute;nimo, ap&oacute;s conectar a bateria, ajuste a corrente de pequena para grande, ajuste para a corrente necess&aacute;ria.(No processo de carregamento, n&atilde;o ajuste o bot&atilde;o de tens&atilde;o, caso contr&aacute;rio haver&aacute; sobrecarga ou subcarga)\n  <\/div>\n<div id=\"tl_9\">\n   Se mostrar a voltagem que voc&ecirc; definiu e a corrente for zerada, significa que j&aacute; est&aacute; totalmente carregado.\n  <\/div>\n<div id=\"tl_10\">\n   Notas para carregamento de baterias de chumbo-&aacute;cido:\n  <\/div>\n<div id=\"tl_11\">\n   As baterias de chumbo-&aacute;cido n&atilde;o suportam carregamento de alta corrente.Por favor, utilize 1\/10 da capacidade atual de carregamento.\n  <\/div>\n<div id=\"tl_12\">\n   Por exemplo: bateria de chumbo-&aacute;cido 100A, para usar carregamento de corrente de 10A!O tempo deve ser de 8 a 10 horas, se o carregamento for muito r&aacute;pido, a corrente ser&aacute; muito grande para danificar a bateria.As baterias de chumbo-&aacute;cido podem ser carregadas em torno de 14,4 volts.Dependendo da marca da bateria, a voltagem varia ligeiramente. Consulte as instru&ccedil;&otilde;es da bateria.\n  <\/div>\n<div id=\"tl_13\">\n   etiqueta<br \/>\n   <img data-recalc-dims=\"1\" decoding=\"async\" src=\"https:\/\/i0.wp.com\/ae01.alicdn.com\/kf\/S61f913268fa944ada5efa0779c819e461.jpg?w=1200&#038;ssl=1\" \/><br \/>\n   <img data-recalc-dims=\"1\" decoding=\"async\" src=\"https:\/\/i0.wp.com\/ae01.alicdn.com\/kf\/S9fa5347313cb43b1a8b001dd414039c5v.jpg?w=1200&#038;ssl=1\" \/><br \/>\n   <img data-recalc-dims=\"1\" decoding=\"async\" src=\"https:\/\/i0.wp.com\/ae01.alicdn.com\/kf\/Se4999fa6de91487298eda5008abece14x.jpg?w=1200&#038;ssl=1\" \/><br \/>\n   <img data-recalc-dims=\"1\" decoding=\"async\" src=\"https:\/\/i0.wp.com\/ae01.alicdn.com\/kf\/S3c0a8200e7a34d018ec15c53b66b0e97b.jpg?w=1200&#038;ssl=1\" \/><br \/>\n   <img data-recalc-dims=\"1\" decoding=\"async\" src=\"https:\/\/i0.wp.com\/ae01.alicdn.com\/kf\/S5dde38a96e0345e3b6042300e7b3d536V.jpg?w=1200&#038;ssl=1\" \/><br \/>\n   <img data-recalc-dims=\"1\" decoding=\"async\" src=\"https:\/\/i0.wp.com\/ae01.alicdn.com\/kf\/Sddd7f3856e064eba9ae5cc6d53162ebbz.jpg?w=1200&#038;ssl=1\" \/><br \/>\n   <img data-recalc-dims=\"1\" decoding=\"async\" src=\"https:\/\/i0.wp.com\/ae01.alicdn.com\/kf\/S6918bf978bff4507bc45459679062603P.jpg?w=1200&#038;ssl=1\" \/><br \/>\n   <img data-recalc-dims=\"1\" decoding=\"async\" src=\"https:\/\/i0.wp.com\/ae01.alicdn.com\/kf\/Sb37c10421037446e84e5e6998943143e1.jpg?w=1200&#038;ssl=1\" \/><br \/>\n   <img data-recalc-dims=\"1\" decoding=\"async\" src=\"https:\/\/i0.wp.com\/ae01.alicdn.com\/kf\/S0f6ef7cb86c147af986e5f650b60b32cJ.jpg?w=1200&#038;ssl=1\" \/>\n  <\/div>\n<div>\n   &nbsp;\n  <\/div>\n<div id=\"tl_14\">\n   Par&acirc;metros do Carregador\n  <\/div>\n<div>\n   &nbsp;\n  <\/div>\n<div id=\"tl_15\">\n   Descri&ccedil;&atilde;o 60A:\n  <\/div>\n<div id=\"tl_16\">\n   Carregador de fosfato de ferro-l&iacute;tio 14,6V 12,6V 60A, l&iacute;tio tern&aacute;rio, chumbo-&aacute;cido, carregador RV, fonte de alimenta&ccedil;&atilde;o para programa&ccedil;&atilde;o de carros\n  <\/div>\n<div id=\"tl_17\">\n   Modifica&ccedil;&atilde;o da fonte de alimenta&ccedil;&atilde;o do servi&ccedil;o, alta efici&ecirc;ncia.\n  <\/div>\n<div id=\"tl_18\">\n   Tens&atilde;o de entrada: 110-240V AC\n  <\/div>\n<div id=\"tl_19\">\n   Tens&atilde;o de sa&iacute;da: 5-15V DC ajust&aacute;vel\n  <\/div>\n<div id=\"tl_20\">\n   Corrente de sa&iacute;da: 2-60A ajust&aacute;vel\n  <\/div>\n<div id=\"tl_21\">\n   Precis&atilde;o da voltagem: 0,1V\n  <\/div>\n<div id=\"tl_22\">\n   Precis&atilde;o atual: 1,6%+-0,3A (1-2A)\n  <\/div>\n<div id=\"tl_23\">\n   Adequado para carregamento de bateria de 8-15V,\n  <\/div>\n<div>\n   &nbsp;\n  <\/div>\n<div id=\"tl_24\">\n   Introdu&ccedil;&atilde;o 100A:\n  <\/div>\n<div id=\"tl_25\">\n   Fonte de alimenta&ccedil;&atilde;o regulada programada automotiva de 12,6V, 14,6V 100A, carregador de fosfato de ferro-l&iacute;tio de 4 s&eacute;ries, carregador de l&iacute;tio tern&aacute;rio de 3 s&eacute;ries, carregador de bateria de chumbo-&aacute;cido\n  <\/div>\n<div id=\"tl_26\">\n   Tens&atilde;o de entrada: AC 110-240V 50-60Hz\n  <\/div>\n<div id=\"tl_27\">\n   Tens&atilde;o de sa&iacute;da: DC 3-15V ajust&aacute;vel\n  <\/div>\n<div id=\"tl_28\">\n   Corrente de sa&iacute;da: 3-100A ajust&aacute;vel (apenas tens&atilde;o constante de corrente constante pode ser usada como carregador)\n  <\/div>\n<div id=\"tl_29\">\n   Pot&ecirc;ncia nominal: sa&iacute;da de 1200W\n  <\/div>\n<div id=\"tl_30\">\n   Pot&ecirc;ncia de pico: Sa&iacute;da 1500W\n  <\/div>\n<div id=\"tl_31\">\n   Precis&atilde;o de erro de tens&atilde;o: +-0,1V\n  <\/div>\n<div id=\"tl_32\">\n   Precis&atilde;o do erro atual: +-2A\n  <\/div>\n<div>\n   &nbsp;\n  <\/div>\n<div id=\"tl_33\">\n   Modo de carregamento: corrente constante seguida de tens&atilde;o constante. Ao atingir a carga completa, a corrente retorna automaticamente a zero. A exibi&ccedil;&atilde;o de corrente 0 indica carga completa.\n  <\/div>\n<div id=\"tl_34\">\n   Modo de prote&ccedil;&atilde;o: sa&iacute;da de corrente constante quando o clipe positivo ou negativo estiver em curto-circuito, n&atilde;o use por muito tempo\n  <\/div>\n<div id=\"tl_35\">\n   Modo de carregamento: primeiro corrente constante e depois tens&atilde;o constante. O processo de carregamento apresenta uma tens&atilde;o inicial baixa que aumenta gradualmente, com a corrente diminuindo progressivamente. Quando a corrente atinge zero, o carregamento &eacute; interrompido e o dispositivo entra em modo de espera.\n  <\/div>\n<div id=\"tl_36\">\n   Instru&ccedil;&otilde;es de carregamento: regula&ccedil;&atilde;o de tens&atilde;o quando sem carga, regula&ccedil;&atilde;o de corrente com carga, sem regula&ccedil;&atilde;o de tens&atilde;o durante o carregamento,\n  <\/div>\n<div id=\"tl_37\">\n   Nota: o inv&oacute;lucro do carregador &eacute; comunicado com o eletrodo negativo, n&atilde;o toque no eletrodo positivo da bateria, caso contr&aacute;rio, ir&aacute; produzir fa&iacute;scas e danificar o carregador!\n  <\/div>\n<div id=\"tl_38\">\n   Os p&oacute;los positivo e negativo n&atilde;o podem ser invertidos, e o reverso ser&aacute; quebrado!O oposto ser&aacute; ruim!O oposto ser&aacute; ruim!\n  <\/div>\n<div>\n   &nbsp;\n  <\/div>\n<div id=\"tl_39\">\n   O cabo de sa&iacute;da &eacute; feito de fio de silicone resistente a altas temperaturas, suportando correntes de 60A\/100A. O comprimento do cabo &eacute; de aproximadamente 40cm e o clipe tem cerca de 10cm.<br \/>\n   <img data-recalc-dims=\"1\" decoding=\"async\" src=\"https:\/\/i0.wp.com\/ae01.alicdn.com\/kf\/S995d36558fe84d468bd37487b4e92f5cx.jpg?w=1200&#038;ssl=1\" \/><br \/>\n   <img data-recalc-dims=\"1\" decoding=\"async\" src=\"https:\/\/i0.wp.com\/ae01.alicdn.com\/kf\/Sf0f3017cf368476cb087401da56d69e8R.jpg?w=1200&#038;ssl=1\" \/><br \/>\n   <img data-recalc-dims=\"1\" decoding=\"async\" src=\"https:\/\/i0.wp.com\/ae01.alicdn.com\/kf\/Sf55fc725dc1f47a8a0214fdc81bbad66p.jpg?w=1200&#038;ssl=1\" \/>\n  <\/div>\n<p>\n <\/div>\n<\/div>\n<p><\/div>\n<\/div>\n","protected":false},"excerpt":{"rendered":"<p>Os acess&oacute;rios incluem: 1 carregador, 1 cabo de entrada \u3010Nota\u3011 A carga total s&oacute; pode ser alcan&ccedil;ada quando a tens&atilde;o de sa&iacute;da estiver entre 220 V &#8211; 240 V.Para carregadores com corrente de sa&iacute;da de 100A ou mais, quando a tens&atilde;o de entrada &eacute; de 110V, a pot&ecirc;ncia de carregamento s&oacute; pode atingir 60%. Modo&hellip;&nbsp;<\/p>\n","protected":false},"featured_media":8774,"template":"","meta":{"neve_meta_sidebar":"","neve_meta_container":"","neve_meta_enable_content_width":"","neve_meta_content_width":0,"neve_meta_title_alignment":"","neve_meta_author_avatar":"","neve_post_elements_order":"","neve_meta_disable_header":"","neve_meta_disable_footer":"","neve_meta_disable_title":""},"product_brand":[],"product_cat":[31,146,17],"product_tag":[],"class_list":{"0":"post-8780","1":"product","2":"type-product","3":"status-publish","4":"has-post-thumbnail","6":"product_cat-novo-veiculo-de-energia-pecas-acessorios","7":"product_cat-pecas-de-veiculos-eletricos","8":"product_cat-pecas-e-acessorios-automotivos","10":"first","11":"instock","12":"shipping-taxable","13":"purchasable","14":"product-type-variable","15":"has-default-attributes"},"jetpack_sharing_enabled":true,"_links":{"self":[{"href":"https:\/\/listman.shop\/autoparts-br\/wp-json\/wp\/v2\/product\/8780","targetHints":{"allow":["GET"]}}],"collection":[{"href":"https:\/\/listman.shop\/autoparts-br\/wp-json\/wp\/v2\/product"}],"about":[{"href":"https:\/\/listman.shop\/autoparts-br\/wp-json\/wp\/v2\/types\/product"}],"wp:featuredmedia":[{"embeddable":true,"href":"https:\/\/listman.shop\/autoparts-br\/wp-json\/wp\/v2\/media\/8774"}],"wp:attachment":[{"href":"https:\/\/listman.shop\/autoparts-br\/wp-json\/wp\/v2\/media?parent=8780"}],"wp:term":[{"taxonomy":"product_brand","embeddable":true,"href":"https:\/\/listman.shop\/autoparts-br\/wp-json\/wp\/v2\/product_brand?post=8780"},{"taxonomy":"product_cat","embeddable":true,"href":"https:\/\/listman.shop\/autoparts-br\/wp-json\/wp\/v2\/product_cat?post=8780"},{"taxonomy":"product_tag","embeddable":true,"href":"https:\/\/listman.shop\/autoparts-br\/wp-json\/wp\/v2\/product_tag?post=8780"}],"curies":[{"name":"wp","href":"https:\/\/api.w.org\/{rel}","templated":true}]}}