{"id":9345,"date":"2024-11-08T09:12:57","date_gmt":"2024-11-08T00:12:57","guid":{"rendered":"https:\/\/listman.shop\/autoparts-br\/product\/4000909538819\/"},"modified":"2026-04-14T18:53:06","modified_gmt":"2026-04-14T09:53:06","slug":"4000909538819","status":"publish","type":"product","link":"https:\/\/listman.shop\/autoparts-br\/product\/4000909538819\/","title":{"rendered":"Interruptor de controle de cruzeiro 6242Z8 para Citroen C3 C5 C8 Peugeot 207 307 308 407 607 3008"},"content":{"rendered":"<div class=\"detailmodule_html\">\n<div class=\"detail-desc-decorate-richtext\">\n<div class=\"detailmodule_html\">\n<div class=\"detail-desc-decorate-richtext\">\n<div>\n<div><span style=\"font-size:20px;, times, serif\"><strong>Caracter\u00edsticas:<\/strong><\/span><\/div>\n<div><span style=\"font-size:20px;, times, serif\">100% novo e de alta qualidade.<\/span><\/div>\n<div><span style=\"font-size:20px;, times, serif\">F\u00e1cil de instalar<\/span><\/div>\n<div>&nbsp;<\/div>\n<div><span style=\"font-size:20px;, times, serif\"><strong>Especifica\u00e7\u00f5es:<\/strong><\/span><\/div>\n<div><span style=\"font-size:20px;, times, serif\">OE:6242Z8<\/span><\/div>\n<div><span style=\"font-size:20px;, times, serif\">Tamanho: 15cm * 5cm * 5cm<\/span><\/div>\n<div><span style=\"font-size:20px;, times, serif\">Cor: preto<\/span><\/div>\n<div><span style=\"font-size:20px;, times, serif\">Material: pl\u00e1stico<\/span><\/div>\n<div><span style=\"font-size:20px;, times, serif\">Peso do item: 0,15 kg<\/span><\/div>\n<div>&nbsp;<\/div>\n<div><span style=\"font-size:20px;, times, serif\"><strong>Adequado para:<\/strong><\/span><\/div>\n<div><span style=\"font-size:20px;, times, serif\">Para Peugeot 207 208 307 406 407 607 807 Parceiro<\/span><\/div>\n<div><span style=\"font-size:20px;, times, serif\">Para Citroen C3 C4 C5 C8<\/span><\/div>\n<div>&nbsp;<\/div>\n<div><span style=\"font-size:20px;, times, serif\"><strong>Pacote inclu\u00eddo:<\/strong><\/span><\/div>\n<div><span style=\"font-size:20px;, times, serif\">1 * interruptor de controle de cruzeiro<\/span><\/div>\n<\/div>\n<div>\n<div><img data-recalc-dims=\"1\" decoding=\"async\" src=\"https:\/\/i0.wp.com\/ae01.alicdn.com\/kf\/HTB1iR2OewvD8KJjy0Flq6ygBFXaS.jpg?w=1200\"> <img data-recalc-dims=\"1\" decoding=\"async\" src=\"https:\/\/i0.wp.com\/ae01.alicdn.com\/kf\/HTB1mdIdbXTM8KJjSZFAq6yexXXap.jpg?w=1200\"> <img data-recalc-dims=\"1\" decoding=\"async\" src=\"https:\/\/i0.wp.com\/ae01.alicdn.com\/kf\/HTB1zg20ex6I8KJjy0Fgq6xXzVXaS.jpg?w=1200\"> <img data-recalc-dims=\"1\" decoding=\"async\" src=\"https:\/\/i0.wp.com\/ae01.alicdn.com\/kf\/HTB1S3YKeBDH8KJjSspnq6zNAVXaG.jpg?w=1200\"> <img data-recalc-dims=\"1\" decoding=\"async\" src=\"https:\/\/i0.wp.com\/ae01.alicdn.com\/kf\/HTB1.yvxeDnI8KJjSszgq6A8ApXaM.jpg?w=1200\"><\/div>\n<\/div>\n<div style=\"font-family:arial, helvetica, sans-serif;font-size:12px;line-height:150%\"><\/div>\n<p><\/div>\n<\/div>\n<\/div>\n<\/div>\n","protected":false},"excerpt":{"rendered":"<p>Caracter\u00edsticas: 100% novo e de alta qualidade. F\u00e1cil de instalar &nbsp; Especifica\u00e7\u00f5es: OE:6242Z8 Tamanho: 15cm * 5cm * 5cm Cor: preto Material: pl\u00e1stico Peso do item: 0,15 kg &nbsp; Adequado para: Para Peugeot 207 208 307 406 407 607 807 Parceiro Para Citroen C3 C4 C5 C8 &nbsp; Pacote inclu\u00eddo: 1 * interruptor de controle&hellip;&nbsp;<\/p>\n","protected":false},"featured_media":9341,"template":"","meta":{"neve_meta_sidebar":"","neve_meta_container":"","neve_meta_enable_content_width":"","neve_meta_content_width":0,"neve_meta_title_alignment":"","neve_meta_author_avatar":"","neve_post_elements_order":"","neve_meta_disable_header":"","neve_meta_disable_footer":"","neve_meta_disable_title":""},"product_brand":[],"product_cat":[43,22,17],"product_tag":[],"class_list":{"0":"post-9345","1":"product","2":"type-product","3":"status-publish","4":"has-post-thumbnail","6":"product_cat-interruptores-e-controles","7":"product_cat-partes-interiores","8":"product_cat-pecas-e-acessorios-automotivos","10":"first","11":"instock","12":"shipping-taxable","13":"purchasable","14":"product-type-variable"},"jetpack_sharing_enabled":true,"_links":{"self":[{"href":"https:\/\/listman.shop\/autoparts-br\/wp-json\/wp\/v2\/product\/9345","targetHints":{"allow":["GET"]}}],"collection":[{"href":"https:\/\/listman.shop\/autoparts-br\/wp-json\/wp\/v2\/product"}],"about":[{"href":"https:\/\/listman.shop\/autoparts-br\/wp-json\/wp\/v2\/types\/product"}],"wp:featuredmedia":[{"embeddable":true,"href":"https:\/\/listman.shop\/autoparts-br\/wp-json\/wp\/v2\/media\/9341"}],"wp:attachment":[{"href":"https:\/\/listman.shop\/autoparts-br\/wp-json\/wp\/v2\/media?parent=9345"}],"wp:term":[{"taxonomy":"product_brand","embeddable":true,"href":"https:\/\/listman.shop\/autoparts-br\/wp-json\/wp\/v2\/product_brand?post=9345"},{"taxonomy":"product_cat","embeddable":true,"href":"https:\/\/listman.shop\/autoparts-br\/wp-json\/wp\/v2\/product_cat?post=9345"},{"taxonomy":"product_tag","embeddable":true,"href":"https:\/\/listman.shop\/autoparts-br\/wp-json\/wp\/v2\/product_tag?post=9345"}],"curies":[{"name":"wp","href":"https:\/\/api.w.org\/{rel}","templated":true}]}}