{"id":13560,"date":"2024-12-10T04:01:05","date_gmt":"2024-12-09T19:01:05","guid":{"rendered":"https:\/\/listman.shop\/costume-br\/product\/1005006446852890\/"},"modified":"2026-04-05T03:45:17","modified_gmt":"2026-04-04T18:45:17","slug":"1005006446852890","status":"publish","type":"product","link":"https:\/\/listman.shop\/costume-br\/product\/1005006446852890\/","title":{"rendered":"Homem-aranha lan\u00e7ador luva web cosplay meninos spiderman atiradores pulseira recuper\u00e1vel adere\u00e7os de halloween presente de natal brinquedos de carnaval"},"content":{"rendered":"<div class=\"detailmodule_html\">\n<div class=\"detail-desc-decorate-richtext\">\n<div class=\"detailmodule_html\">\n<div class=\"detail-desc-decorate-richtext\">\n<div>\n   <span style=\"font-size:20px\"><span style=\"font-family:arial, helvetica, sans-serif\" id=\"tl_1\"><br \/>Imita&ccedil;&atilde;o: o conjunto de brinquedos para lan&ccedil;ador de teia de aranha infantil oferece a experi&ecirc;ncia emocionante de tiro e captura de teia real.Simples de operar e cheio de divers&atilde;o, permite que as crian&ccedil;as se transformem em pequenos her&oacute;is legais.Coloque-o para imitar cenas de filmes de teias de filmagem, deixando as crian&ccedil;as se imaginarem como super-her&oacute;is.<\/span><\/span>\n  <\/div>\n<div>\n   <span style=\"font-size:20px\"><span style=\"font-family:arial, helvetica, sans-serif\" id=\"tl_2\">Brinquedo Interativo Educacional: O Spider Shooter abre um mundo de inf&acirc;ncia m&aacute;gico para as crian&ccedil;as.Quando as crian&ccedil;as usam esta luva de aranha, elas podem brincar de RPG com a fam&iacute;lia e amigos, melhorando a intera&ccedil;&atilde;o.Tamb&eacute;m desperta a imagina&ccedil;&atilde;o, criando experi&ecirc;ncias de crescimento.<\/span><\/span>\n  <\/div>\n<div>\n   <span style=\"font-size:20px\"><span style=\"font-family:arial, helvetica, sans-serif\" id=\"tl_3\">Jogo inovador: Este atirador de super-her&oacute;is apresenta uma jogabilidade atualizada.A ventosa na parte superior do proj&eacute;til &eacute; fixada com seguran&ccedil;a em superf&iacute;cies lisas ou vidro.Combinado com o fio de aranha (corda), permite puxar objetos de longa dist&acirc;ncia, fazendo com que a emo&ccedil;&atilde;o da captura pare&ccedil;a real.<\/span><\/span>\n  <\/div>\n<div>\n   <span style=\"font-size:20px\"><span style=\"font-family:arial, helvetica, sans-serif\" id=\"tl_4\">Presente Ideal: Este conjunto de fotografia na web &eacute; o favorito das crian&ccedil;as, tornando-o a escolha perfeita para festas de Halloween, comemora&ccedil;&otilde;es de anivers&aacute;rio, presentes infantis, presentes de Natal, dramatiza&ccedil;&otilde;es, festas tem&aacute;ticas, noites de cinema e apresenta&ccedil;&otilde;es de palco. <br \/><\/span><\/span><br \/>\n   <img data-recalc-dims=\"1\" decoding=\"async\" src=\"https:\/\/i0.wp.com\/ae01.alicdn.com\/kf\/S69519359fda84966b76dcf889246db04r.jpg?w=1200&#038;ssl=1\" \/><br \/>\n   <span style=\"font-size:20px\"><span style=\"font-family:arial, helvetica, sans-serif\"><br \/><\/span><\/span><br \/>\n   <img data-recalc-dims=\"1\" decoding=\"async\" src=\"https:\/\/i0.wp.com\/ae01.alicdn.com\/kf\/S53fe6565ee9745b39beb937058461c43a.jpg?w=1200&#038;ssl=1\" \/><\/p>\n<p>   <img data-recalc-dims=\"1\" decoding=\"async\" src=\"https:\/\/i0.wp.com\/ae01.alicdn.com\/kf\/S733bd332385c46c8af8f6bb6db909baaQ.jpg?w=1200&#038;ssl=1\" \/><\/p>\n<p>   <img data-recalc-dims=\"1\" decoding=\"async\" src=\"https:\/\/i0.wp.com\/ae01.alicdn.com\/kf\/Sf2cec1f3708544118729dd4a78b05375G.jpg?w=1200&#038;ssl=1\" \/><br \/>\n   <img data-recalc-dims=\"1\" decoding=\"async\" src=\"https:\/\/i0.wp.com\/ae01.alicdn.com\/kf\/S07b2faa51676478b9ee05601cd3f1eb0i.jpg?w=1200&#038;ssl=1\" \/><br \/>\n   <img data-recalc-dims=\"1\" decoding=\"async\" src=\"https:\/\/i0.wp.com\/ae01.alicdn.com\/kf\/S675d284d708c4932902798aa136daba05.jpg?w=1200&#038;ssl=1\" \/><br \/>\n   <img data-recalc-dims=\"1\" decoding=\"async\" src=\"https:\/\/i0.wp.com\/ae01.alicdn.com\/kf\/Sc912d6ee1cfd4fda921ce67ada7b00cc7.jpg?w=1200&#038;ssl=1\" \/><br \/>\n   <img data-recalc-dims=\"1\" decoding=\"async\" src=\"https:\/\/i0.wp.com\/ae01.alicdn.com\/kf\/S44f7da460dd74155a9002485773cf4e2D.jpg?w=1200&#038;ssl=1\" \/><br \/>\n   <img data-recalc-dims=\"1\" decoding=\"async\" src=\"https:\/\/i0.wp.com\/ae01.alicdn.com\/kf\/S733bd332385c46c8af8f6bb6db909baaQ.jpg?w=1200&#038;ssl=1\" \/><br \/>\n   <img data-recalc-dims=\"1\" decoding=\"async\" src=\"https:\/\/i0.wp.com\/ae01.alicdn.com\/kf\/S079159f4577943428258c12a14b5b7edV.jpg?w=1200&#038;ssl=1\" \/><br \/>\n   \n  <\/div>\n<div>\n   \n  <\/div>\n<\/p><\/div>\n<\/div>\n<p><\/p>\n<\/div>\n<\/div>\n","protected":false},"excerpt":{"rendered":"<p>Imita&ccedil;&atilde;o: o conjunto de brinquedos para lan&ccedil;ador de teia de aranha infantil oferece a experi&ecirc;ncia emocionante de tiro e captura de teia real.Simples de operar e cheio de divers&atilde;o, permite que as crian&ccedil;as se transformem em pequenos her&oacute;is legais.Coloque-o para imitar cenas de filmes de teias de filmagem, deixando as crian&ccedil;as se imaginarem como super-her&oacute;is.&hellip;&nbsp;<\/p>\n","protected":false},"featured_media":13554,"template":"","meta":{"neve_meta_sidebar":"","neve_meta_container":"","neve_meta_enable_content_width":"","neve_meta_content_width":0,"neve_meta_title_alignment":"","neve_meta_author_avatar":"","neve_post_elements_order":"","neve_meta_disable_header":"","neve_meta_disable_footer":"","neve_meta_disable_title":""},"product_brand":[],"product_cat":[38,16,39],"product_tag":[],"class_list":{"0":"post-13560","1":"product","2":"type-product","3":"status-publish","4":"has-post-thumbnail","6":"product_cat-fantasias-de-cosplay","7":"product_cat-novidades-e-uso-especial","8":"product_cat-trajes-de-cosplay-desativar-fantasias-de-cosplay","10":"first","11":"instock","12":"shipping-taxable","13":"purchasable","14":"product-type-variable","15":"has-default-attributes"},"jetpack_sharing_enabled":true,"_links":{"self":[{"href":"https:\/\/listman.shop\/costume-br\/wp-json\/wp\/v2\/product\/13560","targetHints":{"allow":["GET"]}}],"collection":[{"href":"https:\/\/listman.shop\/costume-br\/wp-json\/wp\/v2\/product"}],"about":[{"href":"https:\/\/listman.shop\/costume-br\/wp-json\/wp\/v2\/types\/product"}],"wp:featuredmedia":[{"embeddable":true,"href":"https:\/\/listman.shop\/costume-br\/wp-json\/wp\/v2\/media\/13554"}],"wp:attachment":[{"href":"https:\/\/listman.shop\/costume-br\/wp-json\/wp\/v2\/media?parent=13560"}],"wp:term":[{"taxonomy":"product_brand","embeddable":true,"href":"https:\/\/listman.shop\/costume-br\/wp-json\/wp\/v2\/product_brand?post=13560"},{"taxonomy":"product_cat","embeddable":true,"href":"https:\/\/listman.shop\/costume-br\/wp-json\/wp\/v2\/product_cat?post=13560"},{"taxonomy":"product_tag","embeddable":true,"href":"https:\/\/listman.shop\/costume-br\/wp-json\/wp\/v2\/product_tag?post=13560"}],"curies":[{"name":"wp","href":"https:\/\/api.w.org\/{rel}","templated":true}]}}