{"id":14428,"date":"2024-12-10T04:26:07","date_gmt":"2024-12-09T19:26:07","guid":{"rendered":"https:\/\/listman.shop\/costume-br\/product\/1005006565266655\/"},"modified":"2026-04-05T04:09:21","modified_gmt":"2026-04-04T19:09:21","slug":"1005006565266655","status":"publish","type":"product","link":"https:\/\/listman.shop\/costume-br\/product\/1005006565266655\/","title":{"rendered":"Crian\u00e7as dinossauro traje capa para meninos meninas desdentado drag\u00e3o desempenho roupas halloween dinossauro m\u00e1scara + capa cosplay outfits"},"content":{"rendered":"<div class=\"detailmodule_html\">\n<div class=\"detail-desc-decorate-richtext\">\n<div class=\"detailmodule_html\">\n<div class=\"detail-desc-decorate-richtext\">\n<p><strong>O traje de drag\u00e3o infantil integrado inclui uma capa de chap\u00e9u de drag\u00e3o com pontas, uma m\u00e1scara e um par de luvas de drag\u00e3o, tornando todo o design perfeitamente integrado.<\/strong><\/p>\n<p><strong>Tamanho: tamanho \u00fanico com 82,5 cm de comprimento * 66 cm de largura<\/strong><\/p>\n<p><strong>Material da capa: tecido de cetim de alta qualidade<\/strong><\/p>\n<p><strong>Material da prote\u00e7\u00e3o de pulso: pel\u00facia curta<\/strong><\/p>\n<p><strong>Material da m\u00e1scara: feltro<\/strong><\/p>\n<p><strong>As fantasias de drag\u00e3o para meninos e meninas s\u00e3o muito adequadas para v\u00e1rias ocasi\u00f5es: podem ser usadas como fantasias para Halloween ou \u00e9poca \u00e0 fantasia, festas de anivers\u00e1rio de drag\u00e3o de dinossauro, acampamentos de ver\u00e3o, reuni\u00f5es familiares, festas de formatura escolar, apresenta\u00e7\u00f5es de dan\u00e7a ou dramas escolares, ou como acess\u00f3rios para floristas em casamentos. \u00c9 um presente ideal de Natal ou anivers\u00e1rio para entusiastas de drag\u00e3o\/dinossauro!<\/strong><\/p>\n<p><strong><br \/><\/strong><\/p>\n<p><img data-recalc-dims=\"1\" decoding=\"async\" src=\"https:\/\/i0.wp.com\/ae01.alicdn.com\/kf\/S1db9e3afb74c4e79af41eedebc6a0455j.jpeg?w=1200&#038;ssl=1\"><img data-recalc-dims=\"1\" decoding=\"async\" src=\"https:\/\/i0.wp.com\/ae01.alicdn.com\/kf\/S06ce0f1d51004b2192a91d65177fc4a0v.jpg?w=1200&#038;ssl=1\"><img data-recalc-dims=\"1\" decoding=\"async\" src=\"https:\/\/i0.wp.com\/ae01.alicdn.com\/kf\/Saea1fa51bfc3419fbeae483d518409b6n.jpg?w=1200&#038;ssl=1\"><img data-recalc-dims=\"1\" decoding=\"async\" src=\"https:\/\/i0.wp.com\/ae01.alicdn.com\/kf\/S4451e99bdea14703bfef6808293407bas.jpg?w=1200&#038;ssl=1\"><img data-recalc-dims=\"1\" decoding=\"async\" src=\"https:\/\/i0.wp.com\/ae01.alicdn.com\/kf\/S8fce7b8aea4b44ccb1d6908059cb22ceu.jpg?w=1200&#038;ssl=1\"><img data-recalc-dims=\"1\" decoding=\"async\" src=\"https:\/\/i0.wp.com\/ae01.alicdn.com\/kf\/Sc0727d48c778491abbf8a38dc497f1bd9.jpg?w=1200&#038;ssl=1\"><img data-recalc-dims=\"1\" decoding=\"async\" src=\"https:\/\/i0.wp.com\/ae01.alicdn.com\/kf\/Sa45160c932704e05a3cc0ecc56e5f53dG.jpg?w=1200&#038;ssl=1\"><img data-recalc-dims=\"1\" decoding=\"async\" src=\"https:\/\/i0.wp.com\/ae01.alicdn.com\/kf\/S7661d902e60746749b2aeec375e9cc365.jpg?w=1200&#038;ssl=1\"><img data-recalc-dims=\"1\" decoding=\"async\" src=\"https:\/\/i0.wp.com\/ae01.alicdn.com\/kf\/S9813e0a618cf486d8116e0b2c4651e7f2.jpg?w=1200&#038;ssl=1\"><img data-recalc-dims=\"1\" decoding=\"async\" src=\"https:\/\/i0.wp.com\/ae01.alicdn.com\/kf\/S75a05215d1ea40c79288253eb5d23d1dr.jpg?w=1200&#038;ssl=1\"><\/p>\n<\/div>\n<\/div>\n<p><\/p>\n<\/div>\n<\/div>\n","protected":false},"excerpt":{"rendered":"<p>O traje de drag\u00e3o infantil integrado inclui uma capa de chap\u00e9u de drag\u00e3o com pontas, uma m\u00e1scara e um par de luvas de drag\u00e3o, tornando todo o design perfeitamente integrado. Tamanho: tamanho \u00fanico com 82,5 cm de comprimento * 66 cm de largura Material da capa: tecido de cetim de alta qualidade Material da prote\u00e7\u00e3o&hellip;&nbsp;<\/p>\n","protected":false},"featured_media":14422,"template":"","meta":{"neve_meta_sidebar":"","neve_meta_container":"","neve_meta_enable_content_width":"","neve_meta_content_width":0,"neve_meta_title_alignment":"","neve_meta_author_avatar":"","neve_post_elements_order":"","neve_meta_disable_header":"","neve_meta_disable_footer":"","neve_meta_disable_title":""},"product_brand":[],"product_cat":[38,16,39],"product_tag":[],"class_list":{"0":"post-14428","1":"product","2":"type-product","3":"status-publish","4":"has-post-thumbnail","6":"product_cat-fantasias-de-cosplay","7":"product_cat-novidades-e-uso-especial","8":"product_cat-trajes-de-cosplay-desativar-fantasias-de-cosplay","10":"first","11":"instock","12":"shipping-taxable","13":"purchasable","14":"product-type-variable","15":"has-default-attributes"},"jetpack_sharing_enabled":true,"_links":{"self":[{"href":"https:\/\/listman.shop\/costume-br\/wp-json\/wp\/v2\/product\/14428","targetHints":{"allow":["GET"]}}],"collection":[{"href":"https:\/\/listman.shop\/costume-br\/wp-json\/wp\/v2\/product"}],"about":[{"href":"https:\/\/listman.shop\/costume-br\/wp-json\/wp\/v2\/types\/product"}],"wp:featuredmedia":[{"embeddable":true,"href":"https:\/\/listman.shop\/costume-br\/wp-json\/wp\/v2\/media\/14422"}],"wp:attachment":[{"href":"https:\/\/listman.shop\/costume-br\/wp-json\/wp\/v2\/media?parent=14428"}],"wp:term":[{"taxonomy":"product_brand","embeddable":true,"href":"https:\/\/listman.shop\/costume-br\/wp-json\/wp\/v2\/product_brand?post=14428"},{"taxonomy":"product_cat","embeddable":true,"href":"https:\/\/listman.shop\/costume-br\/wp-json\/wp\/v2\/product_cat?post=14428"},{"taxonomy":"product_tag","embeddable":true,"href":"https:\/\/listman.shop\/costume-br\/wp-json\/wp\/v2\/product_tag?post=14428"}],"curies":[{"name":"wp","href":"https:\/\/api.w.org\/{rel}","templated":true}]}}