{"id":15626,"date":"2024-12-10T04:59:29","date_gmt":"2024-12-09T19:59:29","guid":{"rendered":"https:\/\/listman.shop\/costume-br\/product\/1005006680557239\/"},"modified":"2026-04-05T03:39:16","modified_gmt":"2026-04-04T18:39:16","slug":"1005006680557239","status":"publish","type":"product","link":"https:\/\/listman.shop\/costume-br\/product\/1005006680557239\/","title":{"rendered":"Pinguim traje de halloween beb\u00ea crian\u00e7as da crian\u00e7a infantil meninos meninas fantasia vestido animal cosplay carnaval festa anivers\u00e1rio roupa"},"content":{"rendered":"<div class=\"detailmodule_html\">\n<div class=\"detail-desc-decorate-richtext\">\n<p style=\"font-size:13.3333px;border:0px;margin:0px;margin-bottom:0px;margin-top:0px;margin-left:0px;margin-right:0px;padding:0px;padding-bottom:0px;padding-top:0px;padding-left:0px;padding-right:0px\" id=\"tl_1\">Penguin Halloween Costume Baby Kids Infant Boys Girls Fancy Dress Animal Cosplay Carnival Birthday Party Outfit Clothing<\/p>\n<p>&nbsp;<\/p>\n<p style=\"font-size:13.3333px;border:0px;margin:0px;margin-bottom:0px;margin-top:0px;margin-left:0px;margin-right:0px;padding:0px;padding-bottom:0px;padding-top:0px;padding-left:0px;padding-right:0px\"><span style=\"font-size:20px\"><strong id=\"tl_2\">Penguin Animal Halloween Costume For Baby Infant Boys Girls Outfit Fancy Dress Cosplay Outfits Clothings For Carnival Party<\/strong><\/span><\/p>\n<p>&nbsp;<\/p>\n<p style=\"font-size:13.3333px;border:0px currentcolor;margin:0px;margin-bottom:0px;margin-top:0px;margin-left:0px;margin-right:0px;padding:0px;padding-bottom:0px;padding-top:0px;padding-left:0px;padding-right:0px\"><span style=\"font-size:16px\" id=\"tl_3\">We always strive to provide customers with high quality products at competitive price and trying to offer the first-rate service, and we hope you could enjoy the shopping time.<\/span><\/p>\n<p>&nbsp;<\/p>\n<div style=\"font-size:13.3333px\">\n<p><span style=\"font-size:20px;font-family:arial\" id=\"tl_4\">Measurement (Maybe 1-3cm difference)<\/span><\/p>\n<\/div>\n<div>\n<p><img data-recalc-dims=\"1\" decoding=\"async\" src=\"https:\/\/i0.wp.com\/ae01.alicdn.com\/kf\/HTB1D0WLXfvsK1RjSspdq6AZepXa7.jpg?w=1200&#038;ssl=1\" \/><img data-recalc-dims=\"1\" decoding=\"async\" src=\"https:\/\/i0.wp.com\/ae01.alicdn.com\/kf\/HTB13_uLXcfrK1RkSmLyq6xGApXae.jpg?w=1200&#038;ssl=1\" \/><img data-recalc-dims=\"1\" decoding=\"async\" src=\"https:\/\/i0.wp.com\/ae01.alicdn.com\/kf\/HTB1SvyMXdzvK1RkSnfoq6zMwVXa8.jpg?w=1200&#038;ssl=1\" \/><img data-recalc-dims=\"1\" decoding=\"async\" src=\"https:\/\/i0.wp.com\/ae01.alicdn.com\/kf\/HTB1kTeLXizxK1Rjy1zkq6yHrVXaC.jpg?w=1200&#038;ssl=1\" \/><img data-recalc-dims=\"1\" decoding=\"async\" src=\"https:\/\/i0.wp.com\/ae01.alicdn.com\/kf\/HTB1Hs1MXnHuK1RkSndVq6xVwpXau.jpg?w=1200&#038;ssl=1\" \/><img data-recalc-dims=\"1\" decoding=\"async\" src=\"https:\/\/i0.wp.com\/ae01.alicdn.com\/kf\/HTB1JPKLXiYrK1Rjy0Fdq6ACvVXae.jpg?w=1200&#038;ssl=1\" \/><img data-recalc-dims=\"1\" decoding=\"async\" src=\"https:\/\/i0.wp.com\/ae01.alicdn.com\/kf\/HTB1wXOMXcfrK1RkSnb4q6xHRFXaa.jpg?w=1200&#038;ssl=1\" \/><img data-recalc-dims=\"1\" decoding=\"async\" src=\"https:\/\/i0.wp.com\/ae01.alicdn.com\/kf\/HTB1fJyMXcfrK1Rjy0Fmq6xhEXXak.jpg?w=1200&#038;ssl=1\" \/><\/p>\n<div>\n<p> &nbsp;\n <\/div>\n<\/div>\n<p style=\"border:0px currentcolor;margin:0px;margin-bottom:0px;margin-top:0px;margin-left:0px;margin-right:0px;padding:0px;padding-bottom:0px;padding-top:0px;padding-left:0px;padding-right:0px\"><span style=\"font-size:16px\"><span id=\"tl_5\">Shipping :&nbsp;<\/span><\/span><\/p>\n<p style=\"border:0px currentcolor;margin:0px;margin-bottom:0px;margin-top:0px;margin-left:0px;margin-right:0px;padding:0px;padding-bottom:0px;padding-top:0px;padding-left:0px;padding-right:0px\"><span style=\"font-size:16px\" id=\"tl_6\">we will ship to worldwide ,you can choose the shipping method according to your time needs.<\/span><\/p>\n<p style=\"border:0px currentcolor;margin:0px;margin-bottom:0px;margin-top:0px;margin-left:0px;margin-right:0px;padding:0px;padding-bottom:0px;padding-top:0px;padding-left:0px;padding-right:0px\"><span style=\"font-size:16px\" id=\"tl_7\">1.china post air mail about 25-30 working days ,may take longer to some areas such as Russia ,Brazil etc.<\/span><\/p>\n<p style=\"border:0px currentcolor;margin:0px;margin-bottom:0px;margin-top:0px;margin-left:0px;margin-right:0px;padding:0px;padding-bottom:0px;padding-top:0px;padding-left:0px;padding-right:0px\"><span style=\"font-size:16px\" id=\"tl_8\">2.EMS&nbsp;takes 7-15&nbsp;working days.<\/span><\/p>\n<p style=\"border:0px currentcolor;margin:0px;margin-bottom:0px;margin-top:0px;margin-left:0px;margin-right:0px;padding:0px;padding-bottom:0px;padding-top:0px;padding-left:0px;padding-right:0px\"><span style=\"font-size:16px\" id=\"tl_9\">3.Fedex takes 5-7working days.<\/span><\/p>\n<p style=\"border:0px currentcolor;margin:0px;margin-bottom:0px;margin-top:0px;margin-left:0px;margin-right:0px;padding:0px;padding-bottom:0px;padding-top:0px;padding-left:0px;padding-right:0px\"><span style=\"font-size:16px\" id=\"tl_10\">4.DHL takes 3-8working days.<\/span><\/p>\n<p style=\"border:0px currentcolor;margin:0px;margin-bottom:0px;margin-top:0px;margin-left:0px;margin-right:0px;padding:0px;padding-bottom:0px;padding-top:0px;padding-left:0px;padding-right:0px\"><span style=\"font-size:16px\" id=\"tl_11\">we just ship to the address you left on the order ,if you need changes ,please contact us before shipping was made.<\/span><\/p>\n<p>&nbsp;<\/p>\n<p style=\"border:0px currentcolor;margin:0px;margin-bottom:0px;margin-top:0px;margin-left:0px;margin-right:0px;padding:0px;padding-bottom:0px;padding-top:0px;padding-left:0px;padding-right:0px\"><span style=\"font-size:16px\"><span id=\"tl_12\">Payment terms:<\/span><\/span><\/p>\n<p style=\"border:0px currentcolor;margin:0px;margin-bottom:0px;margin-top:0px;margin-left:0px;margin-right:0px;padding:0px;padding-bottom:0px;padding-top:0px;padding-left:0px;padding-right:0px\"><span style=\"font-size:16px\" id=\"tl_13\">We accept Escrow,credit card,bank transfer.For security reasons, we will only ship orders to the delivery address you confirmed with Escrow.If you have any questions about payment ,please feel free to contact us ,we will try best to solve the question.<\/span><\/p>\n<p style=\"border:0px currentcolor;margin:0px;margin-bottom:0px;margin-top:0px;margin-left:0px;margin-right:0px;padding:0px;padding-bottom:0px;padding-top:0px;padding-left:0px;padding-right:0px\"><span style=\"font-size:16px\"><span id=\"tl_14\">Refund:<\/span><\/span><\/p>\n<p style=\"border:0px currentcolor;margin:0px;margin-bottom:0px;margin-top:0px;margin-left:0px;margin-right:0px;padding:0px;padding-bottom:0px;padding-top:0px;padding-left:0px;padding-right:0px\"><span style=\"font-size:16px\" id=\"tl_15\">we accept 100% refund when the product has quality proplems or any unexpected mistakes.However buyers are requested to send the products back to our office.<\/span><\/p>\n<p>&nbsp;<\/p>\n<p style=\"border:0px currentcolor;margin:0px;margin-bottom:0px;margin-top:0px;margin-left:0px;margin-right:0px;padding:0px;padding-bottom:0px;padding-top:0px;padding-left:0px;padding-right:0px\"><span style=\"font-size:16px\"><span id=\"tl_16\">Feedback:<\/span><\/span><\/p>\n<p style=\"border:0px currentcolor;margin:0px;margin-bottom:0px;margin-top:0px;margin-left:0px;margin-right:0px;padding:0px;padding-bottom:0px;padding-top:0px;padding-left:0px;padding-right:0px\"><span style=\"font-size:16px\" id=\"tl_17\">Customer satisfaction is very important to us. If you are satisfied with the items you ordered, please leave 5 stars feedback. If you are not satisfied with the items you ordered, please contact us before leaving negative feedback. We can work together to resolve any dispute.<\/span><\/p>\n<p>&nbsp;<\/p>\n<p align=\"center\" style=\"text-align:center;border:0px currentcolor;margin:0px;margin-bottom:0px;margin-top:0px;margin-left:0px;margin-right:0px;padding:0px;padding-bottom:0px;padding-top:0px;padding-left:0px;padding-right:0px\"><span style=\"font-size:16px\"><span id=\"tl_18\">Thank you very much for visiting us! \ud83d\ude42<\/span><\/span><span style=\"font-size:16px\"><\/span><br \/> <span style=\"font-size:16px\"><span id=\"tl_19\">Enjoy aliexpress shopping!!<\/span><\/span><\/p>\n<p> &nbsp;<\/p>\n<\/p><\/div>\n<\/div>\n","protected":false},"excerpt":{"rendered":"<p>Penguin Halloween Costume Baby Kids Infant Boys Girls Fancy Dress Animal Cosplay Carnival Birthday Party Outfit Clothing &nbsp; Penguin Animal Halloween Costume For Baby Infant Boys Girls Outfit Fancy Dress Cosplay Outfits Clothings For Carnival Party &nbsp; We always strive to provide customers with high quality products at competitive price and trying to offer the&hellip;&nbsp;<\/p>\n","protected":false},"featured_media":15620,"template":"","meta":{"neve_meta_sidebar":"","neve_meta_container":"","neve_meta_enable_content_width":"","neve_meta_content_width":0,"neve_meta_title_alignment":"","neve_meta_author_avatar":"","neve_post_elements_order":"","neve_meta_disable_header":"","neve_meta_disable_footer":"","neve_meta_disable_title":""},"product_brand":[],"product_cat":[38,16,39],"product_tag":[],"class_list":{"0":"post-15626","1":"product","2":"type-product","3":"status-publish","4":"has-post-thumbnail","6":"product_cat-fantasias-de-cosplay","7":"product_cat-novidades-e-uso-especial","8":"product_cat-trajes-de-cosplay-desativar-fantasias-de-cosplay","10":"first","11":"instock","12":"shipping-taxable","13":"purchasable","14":"product-type-variable","15":"has-default-attributes"},"jetpack_sharing_enabled":true,"_links":{"self":[{"href":"https:\/\/listman.shop\/costume-br\/wp-json\/wp\/v2\/product\/15626","targetHints":{"allow":["GET"]}}],"collection":[{"href":"https:\/\/listman.shop\/costume-br\/wp-json\/wp\/v2\/product"}],"about":[{"href":"https:\/\/listman.shop\/costume-br\/wp-json\/wp\/v2\/types\/product"}],"wp:featuredmedia":[{"embeddable":true,"href":"https:\/\/listman.shop\/costume-br\/wp-json\/wp\/v2\/media\/15620"}],"wp:attachment":[{"href":"https:\/\/listman.shop\/costume-br\/wp-json\/wp\/v2\/media?parent=15626"}],"wp:term":[{"taxonomy":"product_brand","embeddable":true,"href":"https:\/\/listman.shop\/costume-br\/wp-json\/wp\/v2\/product_brand?post=15626"},{"taxonomy":"product_cat","embeddable":true,"href":"https:\/\/listman.shop\/costume-br\/wp-json\/wp\/v2\/product_cat?post=15626"},{"taxonomy":"product_tag","embeddable":true,"href":"https:\/\/listman.shop\/costume-br\/wp-json\/wp\/v2\/product_tag?post=15626"}],"curies":[{"name":"wp","href":"https:\/\/api.w.org\/{rel}","templated":true}]}}