{"id":17561,"date":"2024-12-10T05:52:47","date_gmt":"2024-12-09T20:52:47","guid":{"rendered":"https:\/\/listman.shop\/costume-br\/product\/1005006784035816\/"},"modified":"2026-04-08T12:57:17","modified_gmt":"2026-04-08T03:57:17","slug":"1005006784035816","status":"publish","type":"product","link":"https:\/\/listman.shop\/costume-br\/product\/1005006784035816\/","title":{"rendered":"M\u00e1scaras faciais inteligentes com led, program\u00e1vel, bluetooth, controle por aplicativo, mudan\u00e7a de rosto, fotos diy para exibi\u00e7\u00e3o de festa, m\u00e1scara de luz led para dia das bruxas"},"content":{"rendered":"<div class=\"detailmodule_html\">\n<div class=\"detail-desc-decorate-richtext\">\n<p id=\"tl_1\">Specifications:<\/p>\n<p id=\"tl_2\">Power Supply: 3aa battery \/ 5-hour charge type-c<\/p>\n<p id=\"tl_3\">Material: ABS plastic +pvc lens + silicone<\/p>\n<p id=\"tl_4\">Product standard: 45 dynamic pictures 70 static pictures<\/p>\n<p id=\"tl_5\">Working hours: 12 hours<\/p>\n<p id=\"tl_6\">Battery capacity: 2000mah<\/p>\n<p id=\"tl_7\">Bluetooth control: Supported<\/p>\n<p id=\"tl_8\">Control gesture: o Supported<\/p>\n<div>\n <br \/> \n<\/div>\n<p id=\"tl_9\">Features:<\/p>\n<p id=\"tl_10\">1. Mobile APP face change: 45 dynamic pictures, 70 static pictures for you to choose<\/p>\n<p id=\"tl_11\">2. Create your own custom image to display in the app<\/p>\n<p id=\"tl_12\">3. Bright full-color LED: This face-to-face is the start of a conversation that will ensure you stand out from the crowd. No matter where you are, you will get a lot of attention from other people who are curious about your mask. Suitable for all ages.<\/p>\n<p id=\"tl_13\">4. Gesture sensing face change (no face change in dynamic mode)<\/p>\n<p id=\"tl_14\">5. Wear occasions: Full LED masks can be used for any occasion, such as Halloween, parties, cosplay, raves, discos, clubs, birthdays, masks, carnivals, mardi Gras, masquerades, gifts, festivals and events.<\/p>\n<p><img data-recalc-dims=\"1\" decoding=\"async\" src=\"https:\/\/i0.wp.com\/ae01.alicdn.com\/kf\/Sc5c35b539a3349ffae44e72b3f3fd6df7.jpg?w=1200&#038;ssl=1\" \/><img data-recalc-dims=\"1\" decoding=\"async\" src=\"https:\/\/i0.wp.com\/ae01.alicdn.com\/kf\/S7ba32f05f95f4e07861427a8fef1f165M.jpg?w=1200&#038;ssl=1\" \/><img data-recalc-dims=\"1\" decoding=\"async\" src=\"https:\/\/i0.wp.com\/ae01.alicdn.com\/kf\/Sa294d5a82cd9493587b0b68cbbb6e3b0f.jpg?w=1200&#038;ssl=1\" \/><img data-recalc-dims=\"1\" decoding=\"async\" src=\"https:\/\/i0.wp.com\/ae01.alicdn.com\/kf\/S36551addeb2741d281936c493b43c9c0L.jpg?w=1200&#038;ssl=1\" \/><img data-recalc-dims=\"1\" decoding=\"async\" src=\"https:\/\/i0.wp.com\/ae01.alicdn.com\/kf\/S6fe81c8ffd8a4356b1faa25a670547ccS.jpg?w=1200&#038;ssl=1\" \/><img data-recalc-dims=\"1\" decoding=\"async\" src=\"https:\/\/i0.wp.com\/ae01.alicdn.com\/kf\/S8f30025e6f674851a6f8c2a092eba88fL.jpg?w=1200&#038;ssl=1\" \/><img data-recalc-dims=\"1\" decoding=\"async\" src=\"https:\/\/i0.wp.com\/ae01.alicdn.com\/kf\/Sf3849fb141b84216970a84bc9f90eec1K.jpg?w=1200&#038;ssl=1\" \/><img data-recalc-dims=\"1\" decoding=\"async\" src=\"https:\/\/i0.wp.com\/ae01.alicdn.com\/kf\/S55f049de2c974c549887f5a7d9ce91aaY.jpg?w=1200&#038;ssl=1\" \/><img data-recalc-dims=\"1\" decoding=\"async\" src=\"https:\/\/i0.wp.com\/ae01.alicdn.com\/kf\/S37724b801c9c41939bb68b64e481c5c6i.jpg?w=1200&#038;ssl=1\" \/><img data-recalc-dims=\"1\" decoding=\"async\" src=\"https:\/\/i0.wp.com\/ae01.alicdn.com\/kf\/S80ed596a69534aff9e43526d517725f6w.jpg?w=1200&#038;ssl=1\" \/><img data-recalc-dims=\"1\" decoding=\"async\" src=\"https:\/\/i0.wp.com\/ae01.alicdn.com\/kf\/Saebebe2006644c19b522ad86f5434876n.jpg?w=1200&#038;ssl=1\" \/><img data-recalc-dims=\"1\" decoding=\"async\" src=\"https:\/\/i0.wp.com\/ae01.alicdn.com\/kf\/Sc104ab2b4dc847f4bbe47694b9637782t.jpg?w=1200&#038;ssl=1\" \/><img data-recalc-dims=\"1\" decoding=\"async\" src=\"https:\/\/i0.wp.com\/ae01.alicdn.com\/kf\/S33329153a56549158da5c94d224320bbd.jpg?w=1200&#038;ssl=1\" \/><img data-recalc-dims=\"1\" decoding=\"async\" src=\"https:\/\/i0.wp.com\/ae01.alicdn.com\/kf\/Sbfaad4d2b40545099539f079f4d91921P.jpg?w=1200&#038;ssl=1\" \/><img data-recalc-dims=\"1\" decoding=\"async\" src=\"https:\/\/i0.wp.com\/ae01.alicdn.com\/kf\/S93c3c842ad554cc78738cef2e1a63a5fH.jpg?w=1200&#038;ssl=1\" \/><img data-recalc-dims=\"1\" decoding=\"async\" src=\"https:\/\/i0.wp.com\/ae01.alicdn.com\/kf\/S8237a6ae31e444aa9c894e395b39e246U.jpg?w=1200&#038;ssl=1\" \/><img data-recalc-dims=\"1\" decoding=\"async\" src=\"https:\/\/i0.wp.com\/ae01.alicdn.com\/kf\/Sa6bca089e7c34623bb4301bb6b60b08dM.jpg?w=1200&#038;ssl=1\" \/><img data-recalc-dims=\"1\" decoding=\"async\" src=\"https:\/\/i0.wp.com\/ae01.alicdn.com\/kf\/S8c79342d536f48aeb2452f3dca871049R.jpg?w=1200&#038;ssl=1\" \/><\/p>\n<p><\/p>\n<\/div>\n<\/div>\n","protected":false},"excerpt":{"rendered":"<p>Specifications: Power Supply: 3aa battery \/ 5-hour charge type-c Material: ABS plastic +pvc lens + silicone Product standard: 45 dynamic pictures 70 static pictures Working hours: 12 hours Battery capacity: 2000mah Bluetooth control: Supported Control gesture: o Supported Features: 1. Mobile APP face change: 45 dynamic pictures, 70 static pictures for you to choose 2.&hellip;&nbsp;<\/p>\n","protected":false},"featured_media":17555,"template":"","meta":{"neve_meta_sidebar":"","neve_meta_container":"","neve_meta_enable_content_width":"","neve_meta_content_width":0,"neve_meta_title_alignment":"","neve_meta_author_avatar":"","neve_post_elements_order":"","neve_meta_disable_header":"","neve_meta_disable_footer":"","neve_meta_disable_title":""},"product_brand":[],"product_cat":[30,28,16],"product_tag":[],"class_list":{"0":"post-17561","1":"product","2":"type-product","3":"status-publish","4":"has-post-thumbnail","6":"product_cat-acessorios-acessorios-para-cosplay","7":"product_cat-acessorios-para-cosplay","8":"product_cat-novidades-e-uso-especial","10":"first","11":"instock","12":"shipping-taxable","13":"purchasable","14":"product-type-variable","15":"has-default-attributes"},"jetpack_sharing_enabled":true,"_links":{"self":[{"href":"https:\/\/listman.shop\/costume-br\/wp-json\/wp\/v2\/product\/17561","targetHints":{"allow":["GET"]}}],"collection":[{"href":"https:\/\/listman.shop\/costume-br\/wp-json\/wp\/v2\/product"}],"about":[{"href":"https:\/\/listman.shop\/costume-br\/wp-json\/wp\/v2\/types\/product"}],"wp:featuredmedia":[{"embeddable":true,"href":"https:\/\/listman.shop\/costume-br\/wp-json\/wp\/v2\/media\/17555"}],"wp:attachment":[{"href":"https:\/\/listman.shop\/costume-br\/wp-json\/wp\/v2\/media?parent=17561"}],"wp:term":[{"taxonomy":"product_brand","embeddable":true,"href":"https:\/\/listman.shop\/costume-br\/wp-json\/wp\/v2\/product_brand?post=17561"},{"taxonomy":"product_cat","embeddable":true,"href":"https:\/\/listman.shop\/costume-br\/wp-json\/wp\/v2\/product_cat?post=17561"},{"taxonomy":"product_tag","embeddable":true,"href":"https:\/\/listman.shop\/costume-br\/wp-json\/wp\/v2\/product_tag?post=17561"}],"curies":[{"name":"wp","href":"https:\/\/api.w.org\/{rel}","templated":true}]}}