{"id":18596,"date":"2024-12-10T06:22:49","date_gmt":"2024-12-09T21:22:49","guid":{"rendered":"https:\/\/listman.shop\/costume-br\/product\/1005006820540109\/"},"modified":"2026-04-05T02:48:13","modified_gmt":"2026-04-04T17:48:13","slug":"1005006820540109","status":"publish","type":"product","link":"https:\/\/listman.shop\/costume-br\/product\/1005006820540109\/","title":{"rendered":"Traje do homem aranha para crian\u00e7as adulto tobey maguire cosplay bodysuit super-her\u00f3i zentai terno macac\u00e3o trajes de festa de carnaval de halloween"},"content":{"rendered":"<div class=\"detailmodule_html\">\n<div class=\"detail-desc-decorate-richtext\">\n<div class=\"detailmodule_html\">\n<div class=\"detail-desc-decorate-richtext\">Traje de aranha para crian\u00e7as adulto tobey maguire cosplay bodysuit super-her\u00f3i zentai terno macac\u00e3o halloween carnaval festa trajes<\/p>\n<p style=\"text-align: center;margin:0\"><img data-recalc-dims=\"1\" decoding=\"async\" src=\"https:\/\/i0.wp.com\/ae01.alicdn.com\/kf\/S0cf1ce1f57924ce7b86bbf1429717567N.jpg?w=1200&#038;ssl=1\" style=\"width:750px\"><img data-recalc-dims=\"1\" decoding=\"async\" src=\"https:\/\/i0.wp.com\/ae01.alicdn.com\/kf\/S4c9168ba290b49248f7a88bf029de586f.jpg?w=1200&#038;ssl=1\" style=\"width:750px\"><img data-recalc-dims=\"1\" decoding=\"async\" src=\"https:\/\/i0.wp.com\/ae01.alicdn.com\/kf\/S7cd39a281e2f496eaa59dcd415e1cd70Q.jpg?w=1200&#038;ssl=1\" style=\"width:750px\"><img data-recalc-dims=\"1\" decoding=\"async\" src=\"https:\/\/i0.wp.com\/ae01.alicdn.com\/kf\/Se6cff9d0df4345f1b062b02a21f3c3c4r.jpg?w=1200&#038;ssl=1\" style=\"width:750px\"><img data-recalc-dims=\"1\" decoding=\"async\" src=\"https:\/\/i0.wp.com\/ae01.alicdn.com\/kf\/Saf3a81bb934e4b2099b5f310c1597b93m.jpg?w=1200&#038;ssl=1\" style=\"width:750px\"><img data-recalc-dims=\"1\" decoding=\"async\" src=\"https:\/\/i0.wp.com\/ae01.alicdn.com\/kf\/Sff7ae11336ee44b9a5531785ba7038c4q.jpg?w=1200&#038;ssl=1\" style=\"width:750px\"><\/p>\n<\/div>\n<\/div>\n<\/div>\n<\/div>\n","protected":false},"excerpt":{"rendered":"<p>Traje de aranha para crian\u00e7as adulto tobey maguire cosplay bodysuit super-her\u00f3i zentai terno macac\u00e3o halloween carnaval festa trajes<\/p>\n","protected":false},"featured_media":18590,"template":"","meta":{"neve_meta_sidebar":"","neve_meta_container":"","neve_meta_enable_content_width":"","neve_meta_content_width":0,"neve_meta_title_alignment":"","neve_meta_author_avatar":"","neve_post_elements_order":"","neve_meta_disable_header":"","neve_meta_disable_footer":"","neve_meta_disable_title":""},"product_brand":[],"product_cat":[38,16,39],"product_tag":[],"class_list":{"0":"post-18596","1":"product","2":"type-product","3":"status-publish","4":"has-post-thumbnail","6":"product_cat-fantasias-de-cosplay","7":"product_cat-novidades-e-uso-especial","8":"product_cat-trajes-de-cosplay-desativar-fantasias-de-cosplay","10":"first","11":"instock","12":"shipping-taxable","13":"purchasable","14":"product-type-variable","15":"has-default-attributes"},"jetpack_sharing_enabled":true,"_links":{"self":[{"href":"https:\/\/listman.shop\/costume-br\/wp-json\/wp\/v2\/product\/18596","targetHints":{"allow":["GET"]}}],"collection":[{"href":"https:\/\/listman.shop\/costume-br\/wp-json\/wp\/v2\/product"}],"about":[{"href":"https:\/\/listman.shop\/costume-br\/wp-json\/wp\/v2\/types\/product"}],"wp:featuredmedia":[{"embeddable":true,"href":"https:\/\/listman.shop\/costume-br\/wp-json\/wp\/v2\/media\/18590"}],"wp:attachment":[{"href":"https:\/\/listman.shop\/costume-br\/wp-json\/wp\/v2\/media?parent=18596"}],"wp:term":[{"taxonomy":"product_brand","embeddable":true,"href":"https:\/\/listman.shop\/costume-br\/wp-json\/wp\/v2\/product_brand?post=18596"},{"taxonomy":"product_cat","embeddable":true,"href":"https:\/\/listman.shop\/costume-br\/wp-json\/wp\/v2\/product_cat?post=18596"},{"taxonomy":"product_tag","embeddable":true,"href":"https:\/\/listman.shop\/costume-br\/wp-json\/wp\/v2\/product_tag?post=18596"}],"curies":[{"name":"wp","href":"https:\/\/api.w.org\/{rel}","templated":true}]}}