{"id":21492,"date":"2024-12-10T07:50:10","date_gmt":"2024-12-09T22:50:10","guid":{"rendered":"https:\/\/listman.shop\/costume-br\/product\/1005007029784137\/"},"modified":"2026-04-05T02:56:19","modified_gmt":"2026-04-04T17:56:19","slug":"1005007029784137","status":"publish","type":"product","link":"https:\/\/listman.shop\/costume-br\/product\/1005007029784137\/","title":{"rendered":"Vestido chin\u00eas antigo para meninas, crian\u00e7as, quimono tradicional \u00e9tnico, estudantes, coro, dan\u00e7a, traje japon\u00eas, estilo quimono yukata"},"content":{"rendered":"<div class=\"detailmodule_html\">\n<div class=\"detail-desc-decorate-richtext\">\n<div>\n <img data-recalc-dims=\"1\" decoding=\"async\" src=\"https:\/\/i0.wp.com\/ae01.alicdn.com\/kf\/Sd03738126eb74b9d9483db95eba5c9b3m.jpg?w=1200&#038;ssl=1\" \/> <\/p>\n<\/div>\n<div class=\"detail-desc-decorate-richtext\">\n<div>\n  <br \/> \n <\/div>\n<div>\n<div><\/div>\n<div>\n<p> <br \/>\n   <span><span style=\"font-size:20px\"><strong id=\"tl_1\">Vestido chin&ecirc;s antigo meninas crian&ccedil;as quimono tradicional f&atilde; &eacute;tnico estudantes traje de dan&ccedil;a de coro japon&ecirc;s yukata estilo quimono<\/strong><\/span><\/span> <\/p>\n<p> <br \/>\n   <img data-recalc-dims=\"1\" decoding=\"async\" src=\"https:\/\/i0.wp.com\/ae01.alicdn.com\/kf\/S12351bcf472f4d97b69e245a830f51c1M.jpg?w=1200&#038;ssl=1\" \/> <\/p>\n<p> <br \/>\n   <img data-recalc-dims=\"1\" decoding=\"async\" src=\"https:\/\/i0.wp.com\/ae01.alicdn.com\/kf\/S3b910e855d714e6ca698de810866f58bf.jpg?w=1200&#038;ssl=1\" \/> <\/p>\n<p> <br \/>\n   <img data-recalc-dims=\"1\" decoding=\"async\" src=\"https:\/\/i0.wp.com\/ae01.alicdn.com\/kf\/Sfd2fd6724b8c40b6bd191c85aaed2c19q.jpg?w=1200&#038;ssl=1\" \/> <\/p>\n<p> <br \/>\n   <img data-recalc-dims=\"1\" decoding=\"async\" src=\"https:\/\/i0.wp.com\/ae01.alicdn.com\/kf\/Sb96c11ad1c614f64b22fe7cdfcb83e4cl.jpg?w=1200&#038;ssl=1\" \/> <\/p>\n<p> <br \/>\n   <img data-recalc-dims=\"1\" decoding=\"async\" src=\"https:\/\/i0.wp.com\/ae01.alicdn.com\/kf\/Sbacc6ab463524c46ab5d644cd8cf1157K.jpg?w=1200&#038;ssl=1\" \/> <\/p>\n<p> <br \/>\n   <img data-recalc-dims=\"1\" decoding=\"async\" src=\"https:\/\/i0.wp.com\/ae01.alicdn.com\/kf\/Sbaba7c1ce7ce4c4b958601fa75b1cf17c.jpg?w=1200&#038;ssl=1\" \/> <\/p>\n<p> <br \/>\n   <img data-recalc-dims=\"1\" decoding=\"async\" src=\"https:\/\/i0.wp.com\/ae01.alicdn.com\/kf\/Sa53b4dec07f349128ef6be9b984a2f4fF.jpg?w=1200&#038;ssl=1\" \/> <\/p>\n<p> <br \/>\n   <img data-recalc-dims=\"1\" decoding=\"async\" src=\"https:\/\/i0.wp.com\/ae01.alicdn.com\/kf\/Sc378e7d1a49b46f09bcf0141a36aa022D.jpg?w=1200&#038;ssl=1\" \/> <\/p>\n<p> <br \/>\n   <img data-recalc-dims=\"1\" decoding=\"async\" src=\"https:\/\/i0.wp.com\/ae01.alicdn.com\/kf\/S5a021a146ac442e1ac7a6b91881f53c3k.jpg?w=1200&#038;ssl=1\" \/> <\/p>\n<p> <br \/>\n   <img data-recalc-dims=\"1\" decoding=\"async\" src=\"https:\/\/i0.wp.com\/ae01.alicdn.com\/kf\/Sf6ed52d529484deda29c34d9ca37d538a.jpg?w=1200&#038;ssl=1\" \/> <\/p>\n<p> \n  <\/div>\n<div>\n   <br \/> \n  <\/div>\n<\/p><\/div>\n<div>\n  <br \/> \n <\/div>\n<\/div>\n<div>\n<\/div>\n<p><\/p>\n<\/div>\n<\/div>\n","protected":false},"excerpt":{"rendered":"<p>Vestido chin&ecirc;s antigo meninas crian&ccedil;as quimono tradicional f&atilde; &eacute;tnico estudantes traje de dan&ccedil;a de coro japon&ecirc;s yukata estilo quimono<\/p>\n","protected":false},"featured_media":21486,"template":"","meta":{"neve_meta_sidebar":"","neve_meta_container":"","neve_meta_enable_content_width":"","neve_meta_content_width":0,"neve_meta_title_alignment":"","neve_meta_author_avatar":"","neve_post_elements_order":"","neve_meta_disable_header":"","neve_meta_disable_footer":"","neve_meta_disable_title":""},"product_brand":[],"product_cat":[38,16,39],"product_tag":[],"class_list":{"0":"post-21492","1":"product","2":"type-product","3":"status-publish","4":"has-post-thumbnail","6":"product_cat-fantasias-de-cosplay","7":"product_cat-novidades-e-uso-especial","8":"product_cat-trajes-de-cosplay-desativar-fantasias-de-cosplay","10":"first","11":"instock","12":"shipping-taxable","13":"purchasable","14":"product-type-variable","15":"has-default-attributes"},"jetpack_sharing_enabled":true,"_links":{"self":[{"href":"https:\/\/listman.shop\/costume-br\/wp-json\/wp\/v2\/product\/21492","targetHints":{"allow":["GET"]}}],"collection":[{"href":"https:\/\/listman.shop\/costume-br\/wp-json\/wp\/v2\/product"}],"about":[{"href":"https:\/\/listman.shop\/costume-br\/wp-json\/wp\/v2\/types\/product"}],"wp:featuredmedia":[{"embeddable":true,"href":"https:\/\/listman.shop\/costume-br\/wp-json\/wp\/v2\/media\/21486"}],"wp:attachment":[{"href":"https:\/\/listman.shop\/costume-br\/wp-json\/wp\/v2\/media?parent=21492"}],"wp:term":[{"taxonomy":"product_brand","embeddable":true,"href":"https:\/\/listman.shop\/costume-br\/wp-json\/wp\/v2\/product_brand?post=21492"},{"taxonomy":"product_cat","embeddable":true,"href":"https:\/\/listman.shop\/costume-br\/wp-json\/wp\/v2\/product_cat?post=21492"},{"taxonomy":"product_tag","embeddable":true,"href":"https:\/\/listman.shop\/costume-br\/wp-json\/wp\/v2\/product_tag?post=21492"}],"curies":[{"name":"wp","href":"https:\/\/api.w.org\/{rel}","templated":true}]}}