{"id":21711,"date":"2024-12-10T07:55:58","date_gmt":"2024-12-09T22:55:58","guid":{"rendered":"https:\/\/listman.shop\/costume-br\/product\/1005007050075261\/"},"modified":"2026-04-08T12:15:50","modified_gmt":"2026-04-08T03:15:50","slug":"1005007050075261","status":"publish","type":"product","link":"https:\/\/listman.shop\/costume-br\/product\/1005007050075261\/","title":{"rendered":"Vicloon Elsa Princesa Tiara, Tiara Coroa e Varinha de Fada Elsa Conjunto de Acess\u00f3rios para Festa"},"content":{"rendered":"<div class=\"detailmodule_html\">\n<div class=\"detail-desc-decorate-richtext\">\n<div class=\"detailmodule_html\">\n<div class=\"detail-desc-decorate-richtext\">\n<ul style=\", Arial, sans-serif;margin:0px 0px 0px 18px;margin-bottom:0px;margin-top:0px;margin-left:18px;margin-right:0px;padding:0px;padding-bottom:0px;padding-top:0px;padding-left:0px;padding-right:0px\" class=\"a-unordered-list a-vertical a-spacing-mini\">\n<li style=\"margin:0px;margin-bottom:0px;margin-top:0px;margin-left:0px;margin-right:0px\" class=\"a-spacing-mini\">\n<p><span class=\"a-list-item\"><\/span><img data-recalc-dims=\"1\" decoding=\"async\" src=\"https:\/\/i0.wp.com\/ae01.alicdn.com\/kf\/S3e73453b88e1435db14d1be4918b57efV.png?w=1200&#038;ssl=1\"><span class=\"a-list-item\"><\/span><img data-recalc-dims=\"1\" decoding=\"async\" src=\"https:\/\/i0.wp.com\/ae01.alicdn.com\/kf\/Sbbe65dea445d4d3fab13b48a72a6d9daD.png?w=1200&#038;ssl=1\"><span class=\"a-list-item\"><\/span><img data-recalc-dims=\"1\" decoding=\"async\" src=\"https:\/\/i0.wp.com\/ae01.alicdn.com\/kf\/Se19c4496bb1b4d21adf9343a5e60f7cb7.png?w=1200&#038;ssl=1\"><span class=\"a-list-item\"><\/span><img data-recalc-dims=\"1\" decoding=\"async\" src=\"https:\/\/i0.wp.com\/ae01.alicdn.com\/kf\/Sd53584c01ff14a1394f310b15f5ff48cz.jpg?w=1200&#038;ssl=1\"><span class=\"a-list-item\"><\/span><img data-recalc-dims=\"1\" decoding=\"async\" src=\"https:\/\/i0.wp.com\/ae01.alicdn.com\/kf\/S4b4513ef5ee1489595c9fce8ffe4bc63c.png?w=1200&#038;ssl=1\"><span class=\"a-list-item\"><\/span><img data-recalc-dims=\"1\" decoding=\"async\" src=\"https:\/\/i0.wp.com\/ae01.alicdn.com\/kf\/Sd17ca7b7a3204328b9e1f7bb21ed3349i.png?w=1200&#038;ssl=1\"><span class=\"a-list-item\"><\/span><img data-recalc-dims=\"1\" decoding=\"async\" src=\"https:\/\/i0.wp.com\/ae01.alicdn.com\/kf\/S3a5a2f4f419449e7adb3a69126713325T.png?w=1200&#038;ssl=1\"><span class=\"a-list-item\"><\/span><img data-recalc-dims=\"1\" decoding=\"async\" src=\"https:\/\/i0.wp.com\/ae01.alicdn.com\/kf\/Sd758ebfc1edb46d9828bcc826d83c0b06.jpg?w=1200&#038;ssl=1\"><span class=\"a-list-item\"><\/span><img data-recalc-dims=\"1\" decoding=\"async\" src=\"https:\/\/i0.wp.com\/ae01.alicdn.com\/kf\/S77543dc0fa084790833e61cca9ca4e7fx.png?w=1200&#038;ssl=1\"><span class=\"a-list-item\"><\/span><img data-recalc-dims=\"1\" decoding=\"async\" src=\"https:\/\/i0.wp.com\/ae01.alicdn.com\/kf\/S86da6083d8dc4ed191c9e7cb47c1ca6fY.jpg?w=1200&#038;ssl=1\"><span class=\"a-list-item\"><\/span><img data-recalc-dims=\"1\" decoding=\"async\" src=\"https:\/\/i0.wp.com\/ae01.alicdn.com\/kf\/Sb8766aaad3204f37839b74258e9fea952.png?w=1200&#038;ssl=1\"><span class=\"a-list-item\"><\/span><img data-recalc-dims=\"1\" decoding=\"async\" src=\"https:\/\/i0.wp.com\/ae01.alicdn.com\/kf\/Se68e198db72e4accacf32267839aad9e2.png?w=1200&#038;ssl=1\"><span class=\"a-list-item\"><\/span><img data-recalc-dims=\"1\" decoding=\"async\" src=\"https:\/\/i0.wp.com\/ae01.alicdn.com\/kf\/Sfec4bf7ec5504fe29024dde4535df2301.png?w=1200&#038;ssl=1\"><span class=\"a-list-item\"><\/span><img data-recalc-dims=\"1\" decoding=\"async\" src=\"https:\/\/i0.wp.com\/ae01.alicdn.com\/kf\/S0eea9a6c681c4fd4a5de0537de2ac56al.png?w=1200&#038;ssl=1\"><span class=\"a-list-item\"><\/span><img data-recalc-dims=\"1\" decoding=\"async\" src=\"https:\/\/i0.wp.com\/ae01.alicdn.com\/kf\/S67cbb205ce1545fc83f38a5240da88b4b.png?w=1200&#038;ssl=1\"><span class=\"a-list-item\"><\/span><img data-recalc-dims=\"1\" decoding=\"async\" src=\"https:\/\/i0.wp.com\/ae01.alicdn.com\/kf\/Se1314d7f09074a1094a72bebae969eb0k.png?w=1200&#038;ssl=1\"><span class=\"a-list-item\">Feita de tecido macio especial, esta coroa Elsa \u00e9 confort\u00e1vel e dur\u00e1vel, n\u00e3o far\u00e1 machucar a cabe\u00e7a.<\/span><\/p>\n<\/li>\n<li style=\"margin:0px;margin-bottom:0px;margin-top:0px;margin-left:0px;margin-right:0px\" class=\"a-spacing-mini\">\n<p><span class=\"a-list-item\">Conjunto: Uma coroa de tiara da rainha da neve e uma varinha m\u00e1gica de princesa floco de neve.<\/span><\/p>\n<\/li>\n<li style=\"margin:0px;margin-bottom:0px;margin-top:0px;margin-left:0px;margin-right:0px\" class=\"a-spacing-mini\">\n<p><span class=\"a-list-item\">A escolha perfeita como complemento para fantasias infantis de princesa, seja Elsa, Cinderela ou qualquer outro, presente perfeito para seus filhos.<\/span><\/p>\n<\/li>\n<li style=\"margin:0px;margin-bottom:0px;margin-top:0px;margin-left:0px;margin-right:0px\" class=\"a-spacing-mini\">\n<p><span class=\"a-list-item\">O sonho veio verdadeiro: \u00f3timo para festas \u00e0 fantasia, festas de anivers\u00e1rio tem\u00e1ticas, dramatiza\u00e7\u00f5es.<\/span><\/p>\n<\/li>\n<li style=\"margin:0px;margin-bottom:0px;margin-top:0px;margin-left:0px;margin-right:0px\" class=\"a-spacing-mini\">\n<p><span class=\"a-list-item\">Nota: Acess\u00f3rios N\u00c3O adequados para crian\u00e7as menores de 2 anos.<\/span><\/p>\n<\/li>\n<\/ul>\n<\/div>\n<\/div>\n<p><\/div>\n<\/div>\n","protected":false},"excerpt":{"rendered":"<p>Feita de tecido macio especial, esta coroa Elsa \u00e9 confort\u00e1vel e dur\u00e1vel, n\u00e3o far\u00e1 machucar a cabe\u00e7a. Conjunto: Uma coroa de tiara da rainha da neve e uma varinha m\u00e1gica de princesa floco de neve. A escolha perfeita como complemento para fantasias infantis de princesa, seja Elsa, Cinderela ou qualquer outro, presente perfeito para seus&hellip;&nbsp;<\/p>\n","protected":false},"featured_media":21705,"template":"","meta":{"neve_meta_sidebar":"","neve_meta_container":"","neve_meta_enable_content_width":"","neve_meta_content_width":0,"neve_meta_title_alignment":"","neve_meta_author_avatar":"","neve_post_elements_order":"","neve_meta_disable_header":"","neve_meta_disable_footer":"","neve_meta_disable_title":""},"product_brand":[],"product_cat":[30,28,16],"product_tag":[],"class_list":{"0":"post-21711","1":"product","2":"type-product","3":"status-publish","4":"has-post-thumbnail","6":"product_cat-acessorios-acessorios-para-cosplay","7":"product_cat-acessorios-para-cosplay","8":"product_cat-novidades-e-uso-especial","10":"first","11":"instock","12":"shipping-taxable","13":"purchasable","14":"product-type-variable","15":"has-default-attributes"},"jetpack_sharing_enabled":true,"_links":{"self":[{"href":"https:\/\/listman.shop\/costume-br\/wp-json\/wp\/v2\/product\/21711","targetHints":{"allow":["GET"]}}],"collection":[{"href":"https:\/\/listman.shop\/costume-br\/wp-json\/wp\/v2\/product"}],"about":[{"href":"https:\/\/listman.shop\/costume-br\/wp-json\/wp\/v2\/types\/product"}],"wp:featuredmedia":[{"embeddable":true,"href":"https:\/\/listman.shop\/costume-br\/wp-json\/wp\/v2\/media\/21705"}],"wp:attachment":[{"href":"https:\/\/listman.shop\/costume-br\/wp-json\/wp\/v2\/media?parent=21711"}],"wp:term":[{"taxonomy":"product_brand","embeddable":true,"href":"https:\/\/listman.shop\/costume-br\/wp-json\/wp\/v2\/product_brand?post=21711"},{"taxonomy":"product_cat","embeddable":true,"href":"https:\/\/listman.shop\/costume-br\/wp-json\/wp\/v2\/product_cat?post=21711"},{"taxonomy":"product_tag","embeddable":true,"href":"https:\/\/listman.shop\/costume-br\/wp-json\/wp\/v2\/product_tag?post=21711"}],"curies":[{"name":"wp","href":"https:\/\/api.w.org\/{rel}","templated":true}]}}