{"id":2459,"date":"2024-12-09T22:08:42","date_gmt":"2024-12-09T13:08:42","guid":{"rendered":"https:\/\/listman.shop\/costume-br\/product\/1005001452596837\/"},"modified":"2026-04-08T13:12:28","modified_gmt":"2026-04-08T04:12:28","slug":"1005001452596837","status":"publish","type":"product","link":"https:\/\/listman.shop\/costume-br\/product\/1005001452596837\/","title":{"rendered":"M\u00e1scara preta unissex inverno quente espessamento meia face m\u00e1scara de boca algod\u00e3o padr\u00e3o dos desenhos animados anti-poeira anti-respirador m\u00e1scara kpop preta"},"content":{"rendered":"<div class=\"detailmodule_html\">\n<div class=\"detail-desc-decorate-richtext\">\n<div class=\"detailmodule_dynamic\"><\/div>\n<div class=\"detailmodule_dynamic\"><\/div>\n<div class=\"detailmodule_dynamic\"><\/div>\n<p><span style=\"font-size:16px\" id=\"tl_1\">Material: Algod&atilde;o Puro<\/span><\/p>\n<p><span style=\"font-size:16px\" id=\"tl_2\">Cor: desenho animado preto como imagem<\/span><\/p>\n<p><span style=\"font-size:16px\" id=\"tl_3\">Tamanho: 20*12,5 cm<\/span><\/p>\n<p><span style=\"font-size:16px\" id=\"tl_4\">Quantiamente: 1PCS<\/span><\/p>\n<p><img data-recalc-dims=\"1\" decoding=\"async\" style=\"width:741px\"  src=\"https:\/\/i0.wp.com\/ae01.alicdn.com\/kf\/H0599dc3a40e14e29805204f285b6ca31W.jpg?w=1200\" \/><\/p>\n<p><img data-recalc-dims=\"1\" decoding=\"async\" style=\"width:676px\"  src=\"https:\/\/i0.wp.com\/ae01.alicdn.com\/kf\/He88847ed7a9c432f926b7460791b8314z.jpg?w=1200\" \/><\/p>\n<p><img data-recalc-dims=\"1\" decoding=\"async\" style=\"width:702px\"  src=\"https:\/\/i0.wp.com\/ae01.alicdn.com\/kf\/Hf2841b7d689144fa848e0b391f475583v.jpg?w=1200\" \/><\/p>\n<p><img data-recalc-dims=\"1\" decoding=\"async\" style=\"width:688px\"  src=\"https:\/\/i0.wp.com\/ae01.alicdn.com\/kf\/Ha8b4b08ef0a84779ab56f9b6264c3962s.jpg?w=1200\" \/><\/p>\n<p><img data-recalc-dims=\"1\" decoding=\"async\" style=\"width:800px\"  src=\"https:\/\/i0.wp.com\/ae01.alicdn.com\/kf\/H05953508547b482c881c74ce5962c857P.jpg?w=1200\" \/><\/p>\n<p><img data-recalc-dims=\"1\" decoding=\"async\" style=\"width:800px\"  src=\"https:\/\/i0.wp.com\/ae01.alicdn.com\/kf\/Hc508813ed7994271a3779201da681010z.jpg?w=1200\" \/><\/p>\n<p><img data-recalc-dims=\"1\" decoding=\"async\" style=\"width:800px\"  src=\"https:\/\/i0.wp.com\/ae01.alicdn.com\/kf\/H0409965d8dae44d495ad70709caa6c7fl.jpg?w=1200\" \/><\/p>\n<p> <\/div>\n<\/div>\n","protected":false},"excerpt":{"rendered":"<p>Material: Algod&atilde;o Puro Cor: desenho animado preto como imagem Tamanho: 20*12,5 cm Quantiamente: 1PCS<\/p>\n","protected":false},"featured_media":2453,"template":"","meta":{"neve_meta_sidebar":"","neve_meta_container":"","neve_meta_enable_content_width":"","neve_meta_content_width":0,"neve_meta_title_alignment":"","neve_meta_author_avatar":"","neve_post_elements_order":"","neve_meta_disable_header":"","neve_meta_disable_footer":"","neve_meta_disable_title":""},"product_brand":[],"product_cat":[30,28,16],"product_tag":[],"class_list":{"0":"post-2459","1":"product","2":"type-product","3":"status-publish","4":"has-post-thumbnail","6":"product_cat-acessorios-acessorios-para-cosplay","7":"product_cat-acessorios-para-cosplay","8":"product_cat-novidades-e-uso-especial","10":"first","11":"instock","12":"shipping-taxable","13":"purchasable","14":"product-type-variable","15":"has-default-attributes"},"jetpack_sharing_enabled":true,"_links":{"self":[{"href":"https:\/\/listman.shop\/costume-br\/wp-json\/wp\/v2\/product\/2459","targetHints":{"allow":["GET"]}}],"collection":[{"href":"https:\/\/listman.shop\/costume-br\/wp-json\/wp\/v2\/product"}],"about":[{"href":"https:\/\/listman.shop\/costume-br\/wp-json\/wp\/v2\/types\/product"}],"wp:featuredmedia":[{"embeddable":true,"href":"https:\/\/listman.shop\/costume-br\/wp-json\/wp\/v2\/media\/2453"}],"wp:attachment":[{"href":"https:\/\/listman.shop\/costume-br\/wp-json\/wp\/v2\/media?parent=2459"}],"wp:term":[{"taxonomy":"product_brand","embeddable":true,"href":"https:\/\/listman.shop\/costume-br\/wp-json\/wp\/v2\/product_brand?post=2459"},{"taxonomy":"product_cat","embeddable":true,"href":"https:\/\/listman.shop\/costume-br\/wp-json\/wp\/v2\/product_cat?post=2459"},{"taxonomy":"product_tag","embeddable":true,"href":"https:\/\/listman.shop\/costume-br\/wp-json\/wp\/v2\/product_tag?post=2459"}],"curies":[{"name":"wp","href":"https:\/\/api.w.org\/{rel}","templated":true}]}}