{"id":26190,"date":"2024-12-11T08:05:17","date_gmt":"2024-12-10T23:05:17","guid":{"rendered":"https:\/\/listman.shop\/costume-br\/product\/1005007288374394\/"},"modified":"2026-04-08T13:29:37","modified_gmt":"2026-04-08T04:29:37","slug":"1005007288374394","status":"publish","type":"product","link":"https:\/\/listman.shop\/costume-br\/product\/1005007288374394\/","title":{"rendered":"Luvas de patas de raposa de pele falsa para halloween cosplay traje de pel\u00facia peludo gato garra luvas fursuit animal-acess\u00f3rios de animais fofos"},"content":{"rendered":"<div class=\"detailmodule_html\">\n<div class=\"detail-desc-decorate-richtext\">\n<div class=\"detailmodule_html\">\n<div class=\"detail-desc-decorate-richtext\">Caracter\u00edsticas.<br \/>Feito de material de pel\u00facia de alta qualidade, muito macio e dur\u00e1vel.<br \/>Design em forma de pata de animal de desenho animado, muito criativo e interessante.<br \/>Adequado para as crian\u00e7as brincarem ou como acess\u00f3rios de cosplay.<br \/>Melhore a capacidade cognitiva e de aprendizagem do seu filho.<br \/>Presente ideal para crian\u00e7as que amam animais.<br \/>Tamb\u00e9m a melhor escolha para cosplay de personagens de animais!<\/p>\n<p>Tamanho: 27*23 cm<br \/>Material: pel\u00facia; imita\u00e7\u00e3o de pele de coelho<br \/>Pressionar o airbag dentro da luva far\u00e1 um som estridente<\/p>\n<p>O pacote inclui<br \/>1 par de luvas de animais<\/p>\n<p><img data-recalc-dims=\"1\" decoding=\"async\" src=\"https:\/\/i0.wp.com\/ae01.alicdn.com\/kf\/Sa90c50ba153648499af4bbed8a6ac87fS.jpg?w=1200&#038;ssl=1\"><br \/><img data-recalc-dims=\"1\" decoding=\"async\" src=\"https:\/\/i0.wp.com\/ae01.alicdn.com\/kf\/Sf9b5885c8ab349aeab10b0a04cf94a53M.jpg?w=1200&#038;ssl=1\"><br \/><img data-recalc-dims=\"1\" decoding=\"async\" src=\"https:\/\/i0.wp.com\/ae01.alicdn.com\/kf\/S5b467b1d96e44adfab8043174794f3130.jpg?w=1200&#038;ssl=1\"><br \/><img data-recalc-dims=\"1\" decoding=\"async\" src=\"https:\/\/i0.wp.com\/ae01.alicdn.com\/kf\/S967053af348848128f539368cb5aa29eq.jpg?w=1200&#038;ssl=1\"><br \/><img data-recalc-dims=\"1\" decoding=\"async\" src=\"https:\/\/i0.wp.com\/ae01.alicdn.com\/kf\/S3dc520e2194040d782c77d835ccdcaa7k.jpg?w=1200&#038;ssl=1\"><br \/><img data-recalc-dims=\"1\" decoding=\"async\" src=\"https:\/\/i0.wp.com\/ae01.alicdn.com\/kf\/S1b4fa25d81c94f73b57299ddb4e2a52dh.jpg?w=1200&#038;ssl=1\"><br \/><img data-recalc-dims=\"1\" decoding=\"async\" src=\"https:\/\/i0.wp.com\/ae01.alicdn.com\/kf\/S7a5ee883eb0745018ef6de6eb3381b91X.jpg?w=1200&#038;ssl=1\"><br \/><img data-recalc-dims=\"1\" decoding=\"async\" src=\"https:\/\/i0.wp.com\/ae01.alicdn.com\/kf\/S19fb6319054d4114a78ed26ee51654f15.jpg?w=1200&#038;ssl=1\"><br \/><img data-recalc-dims=\"1\" decoding=\"async\" src=\"https:\/\/i0.wp.com\/ae01.alicdn.com\/kf\/Scf8a72bcfe9f42b1bca9999b50a1aef99.jpg?w=1200&#038;ssl=1\"><br \/><img data-recalc-dims=\"1\" decoding=\"async\" src=\"https:\/\/i0.wp.com\/ae01.alicdn.com\/kf\/Sb25a051cfde54128b665103265601496I.jpg?w=1200&#038;ssl=1\"><br \/><img data-recalc-dims=\"1\" decoding=\"async\" src=\"https:\/\/i0.wp.com\/ae01.alicdn.com\/kf\/S50881edf132d4b88a1ba0d56ad3e9787u.jpg?w=1200&#038;ssl=1\"><\/div>\n<\/div>\n<\/div>\n<\/div>\n","protected":false},"excerpt":{"rendered":"<p>Caracter\u00edsticas.Feito de material de pel\u00facia de alta qualidade, muito macio e dur\u00e1vel.Design em forma de pata de animal de desenho animado, muito criativo e interessante.Adequado para as crian\u00e7as brincarem ou como acess\u00f3rios de cosplay.Melhore a capacidade cognitiva e de aprendizagem do seu filho.Presente ideal para crian\u00e7as que amam animais.Tamb\u00e9m a melhor escolha para cosplay de&hellip;&nbsp;<\/p>\n","protected":false},"featured_media":26184,"template":"","meta":{"neve_meta_sidebar":"","neve_meta_container":"","neve_meta_enable_content_width":"","neve_meta_content_width":0,"neve_meta_title_alignment":"","neve_meta_author_avatar":"","neve_post_elements_order":"","neve_meta_disable_header":"","neve_meta_disable_footer":"","neve_meta_disable_title":""},"product_brand":[],"product_cat":[30,28,16],"product_tag":[],"class_list":{"0":"post-26190","1":"product","2":"type-product","3":"status-publish","4":"has-post-thumbnail","6":"product_cat-acessorios-acessorios-para-cosplay","7":"product_cat-acessorios-para-cosplay","8":"product_cat-novidades-e-uso-especial","10":"first","11":"instock","12":"shipping-taxable","13":"purchasable","14":"product-type-variable","15":"has-default-attributes"},"jetpack_sharing_enabled":true,"_links":{"self":[{"href":"https:\/\/listman.shop\/costume-br\/wp-json\/wp\/v2\/product\/26190","targetHints":{"allow":["GET"]}}],"collection":[{"href":"https:\/\/listman.shop\/costume-br\/wp-json\/wp\/v2\/product"}],"about":[{"href":"https:\/\/listman.shop\/costume-br\/wp-json\/wp\/v2\/types\/product"}],"wp:featuredmedia":[{"embeddable":true,"href":"https:\/\/listman.shop\/costume-br\/wp-json\/wp\/v2\/media\/26184"}],"wp:attachment":[{"href":"https:\/\/listman.shop\/costume-br\/wp-json\/wp\/v2\/media?parent=26190"}],"wp:term":[{"taxonomy":"product_brand","embeddable":true,"href":"https:\/\/listman.shop\/costume-br\/wp-json\/wp\/v2\/product_brand?post=26190"},{"taxonomy":"product_cat","embeddable":true,"href":"https:\/\/listman.shop\/costume-br\/wp-json\/wp\/v2\/product_cat?post=26190"},{"taxonomy":"product_tag","embeddable":true,"href":"https:\/\/listman.shop\/costume-br\/wp-json\/wp\/v2\/product_tag?post=26190"}],"curies":[{"name":"wp","href":"https:\/\/api.w.org\/{rel}","templated":true}]}}