{"id":3922,"date":"2024-12-09T22:52:39","date_gmt":"2024-12-09T13:52:39","guid":{"rendered":"https:\/\/listman.shop\/costume-br\/product\/1005004586266574\/"},"modified":"2026-04-05T03:42:39","modified_gmt":"2026-04-04T18:42:39","slug":"1005004586266574","status":"publish","type":"product","link":"https:\/\/listman.shop\/costume-br\/product\/1005004586266574\/","title":{"rendered":"Crian\u00e7as super-her\u00f3is verdes anime cosplay trajes musculares com luvas meninos anivers\u00e1rio halloween carnaval festa hulk vestir-se macac\u00e3o"},"content":{"rendered":"<div class=\"detailmodule_html\">\n<div class=\"detail-desc-decorate-richtext\">\n<p><\/p>\n<p style=\"text-align:left;margin:0px;margin-bottom:0px;margin-top:0px;margin-left:0px;margin-right:0px\" align=\"left\"><strong><span style=\"font-size:22px\">Altura de refer\u00eancia de tamanho!(Da cabe\u00e7a aos p\u00e9s)<br \/>O tamanho de cada imagem cont\u00e9m as informa\u00e7\u00f5es de altura correspondentes!<br \/>Tamanho: S\/M\/L<\/span><\/strong><\/p>\n<p><span style=\"font-size:14px;, Arial, Helvetica, sans-serif, Heiti\"><strong>Tamanho<\/strong><\/span><span style=\"font-size:14px;, Arial, Helvetica, sans-serif, Heiti\"><strong><span style=\"font-size:inherit\">:<\/span><\/strong><\/span><span style=\"font-size:14px;, Arial, Helvetica, sans-serif, Heiti\"><span>&nbsp;<\/span><\/span><span style=\"font-size:16px;, Arial, Helvetica, sans-serif, Heiti\"><strong><span style=\"font-size:inherit\">S (para crian\u00e7as com altura de 105cm-115cm)<\/span><\/strong><\/span><br \/><span style=\"font-size:16px;, Arial, Helvetica, sans-serif, Heiti\"><span style=\"font-size:14px\"><strong><span style=\"font-size:inherit\">M (para crian\u00e7as com altura de 115 cm a 125 cm)<\/span><\/strong><\/span><\/span><\/p>\n<p style=\", Arial, Helvetica, sans-serif, Heiti;font-size:14px;font-weight:400;letter-spacing:normal;line-height:inherit;text-align:start;white-space:normal;margin:0px;margin-bottom:0px;margin-top:0px;margin-left:0px;margin-right:0px;padding:0px;padding-bottom:0px;padding-top:0px;padding-left:0px;padding-right:0px\" align=\"start\"><span style=\"font-size:16px\"><strong><span style=\"font-size:inherit\">L (para crian\u00e7as com altura de 125 cm a 135 cm)<\/span><\/strong><\/span><\/p>\n<div id=\"offer-template-0\" style=\", sans-serif;font-size:14px;font-weight:400;letter-spacing:normal;text-align:start;white-space:normal;margin:0px;margin-bottom:0px;margin-top:0px;margin-left:0px;margin-right:0px;padding:0px;padding-bottom:0px;padding-top:0px;padding-left:0px;padding-right:0px\" align=\"start\"><img data-recalc-dims=\"1\" decoding=\"async\" style=\"margin:0px;margin-bottom:0px;margin-top:0px;margin-left:0px;margin-right:0px;padding:0px;padding-bottom:0px;padding-top:0px;padding-left:0px;padding-right:0px;max-width:100%\" src=\"https:\/\/i0.wp.com\/ae01.alicdn.com\/kf\/Sf18d155f56234fb7a510f54aa27481caw.jpg?w=1200&#038;ssl=1\"><\/div>\n<div style=\", Arial, Helvetica, sans-serif, Heiti;font-size:14px;font-weight:400;letter-spacing:normal;text-align:left;white-space:normal;margin:0px;margin-bottom:0px;margin-top:0px;margin-left:0px;margin-right:0px;padding:0px;padding-bottom:0px;padding-top:0px;padding-left:0px;padding-right:0px\" align=\"left\"><span style=\"font-size:20px\"><span>1 Escolha de acordo com o tamanho real da crian\u00e7a<\/span><\/span> <br \/><span style=\"font-size:20px\"><span>2 porque as diferen\u00e7as individuais do corpo de cada beb\u00ea, idade, altura, peso e outros par\u00e2metros apenas para refer\u00eancia<\/span><\/span> <br \/><span style=\"font-size:20px\"><span>O tamanho de medi\u00e7\u00e3o de 3 ladrilhos gerado pela faixa de erro normal \u00e9 de 1-3 cm<\/span><\/span><\/div>\n<p><img data-recalc-dims=\"1\" decoding=\"async\" src=\"https:\/\/i0.wp.com\/ae01.alicdn.com\/kf\/Se0ddfb86b83b4359afb3fa0dadc230ddM.jpg?w=1200&#038;ssl=1\"><\/p>\n<p style=\"text-align:left;margin:0px;margin-bottom:0px;margin-top:0px;margin-left:0px;margin-right:0px\" align=\"left\"><img data-recalc-dims=\"1\" decoding=\"async\" src=\"https:\/\/i0.wp.com\/ae01.alicdn.com\/kf\/Sb55db21171fa44a3862eab84e6131dd25.jpg?w=1200&#038;ssl=1\"><img data-recalc-dims=\"1\" decoding=\"async\" src=\"https:\/\/i0.wp.com\/ae01.alicdn.com\/kf\/S4b3afc4c40064c78ac2c030184dfd28f0.jpg?w=1200&#038;ssl=1\"> <img data-recalc-dims=\"1\" decoding=\"async\" style=\", Arial, Helvetica, sans-serif, Heiti;font-size:14px;font-weight:400;letter-spacing:normal;text-align:start;white-space:normal;margin:0px;margin-bottom:0px;margin-top:0px;margin-left:0px;margin-right:0px;padding:0px;padding-bottom:0px;padding-top:0px;padding-left:0px;padding-right:0px;max-width:100%\" src=\"https:\/\/i0.wp.com\/ae01.alicdn.com\/kf\/S88ffd23d23af483ba134985721a407dcp.jpg?w=1200&#038;ssl=1\"><img data-recalc-dims=\"1\" decoding=\"async\" style=\", Arial, Helvetica, sans-serif, Heiti;font-size:14px;font-weight:400;letter-spacing:normal;text-align:start;white-space:normal;margin:0px;margin-bottom:0px;margin-top:0px;margin-left:0px;margin-right:0px;padding:0px;padding-bottom:0px;padding-top:0px;padding-left:0px;padding-right:0px;max-width:100%\" src=\"https:\/\/i0.wp.com\/ae01.alicdn.com\/kf\/S470070f0c08845a18285444a1b1a39d9d.jpg?w=1200&#038;ssl=1\"><img data-recalc-dims=\"1\" decoding=\"async\" style=\", Arial, Helvetica, sans-serif, Heiti;font-size:14px;font-weight:400;letter-spacing:normal;text-align:start;white-space:normal;margin:0px;margin-bottom:0px;margin-top:0px;margin-left:0px;margin-right:0px;padding:0px;padding-bottom:0px;padding-top:0px;padding-left:0px;padding-right:0px;max-width:100%\" src=\"https:\/\/i0.wp.com\/ae01.alicdn.com\/kf\/S27d6af899e1e477796123b00c7139598O.jpg?w=1200&#038;ssl=1\"><img data-recalc-dims=\"1\" decoding=\"async\" style=\", Arial, Helvetica, sans-serif, Heiti;font-size:14px;font-weight:400;letter-spacing:normal;text-align:start;white-space:normal;margin:0px;margin-bottom:0px;margin-top:0px;margin-left:0px;margin-right:0px;padding:0px;padding-bottom:0px;padding-top:0px;padding-left:0px;padding-right:0px;max-width:100%\" src=\"https:\/\/i0.wp.com\/ae01.alicdn.com\/kf\/S86734f9a53294622b90d813e5003e6d1m.jpg?w=1200&#038;ssl=1\"> <img data-recalc-dims=\"1\" decoding=\"async\" src=\"https:\/\/i0.wp.com\/ae01.alicdn.com\/kf\/S04fcc30e41794502a9b03cc25e1b3e44k.jpg?w=1200&#038;ssl=1\"><img data-recalc-dims=\"1\" decoding=\"async\" src=\"https:\/\/i0.wp.com\/ae01.alicdn.com\/kf\/S2b61f0b75d6949abbefa239778f14ddaU.jpg?w=1200&#038;ssl=1\"><img data-recalc-dims=\"1\" decoding=\"async\" src=\"https:\/\/i0.wp.com\/ae01.alicdn.com\/kf\/S0652978c24454b90b000f2250d34ad63i.jpg?w=1200&#038;ssl=1\"><img data-recalc-dims=\"1\" decoding=\"async\" src=\"https:\/\/i0.wp.com\/ae01.alicdn.com\/kf\/S97a9e90def13478ba03a5e3a6e8c192ai.jpg?w=1200&#038;ssl=1\"><img data-recalc-dims=\"1\" decoding=\"async\" src=\"https:\/\/i0.wp.com\/ae01.alicdn.com\/kf\/S70dd1cd7813a4fcc8e671230e0e5b89cF.jpg?w=1200&#038;ssl=1\"><img data-recalc-dims=\"1\" decoding=\"async\" src=\"https:\/\/i0.wp.com\/ae01.alicdn.com\/kf\/Sd95f23f119a84efeaf9d5aecaea8ffb3R.jpg?w=1200&#038;ssl=1\"><img data-recalc-dims=\"1\" decoding=\"async\" src=\"https:\/\/i0.wp.com\/ae01.alicdn.com\/kf\/S8f3f1ef4a99d46acb72b015d7ba0f2b4o.jpg?w=1200&#038;ssl=1\"><img data-recalc-dims=\"1\" decoding=\"async\" src=\"https:\/\/i0.wp.com\/ae01.alicdn.com\/kf\/Sd6fac0afa2ee4b54a01e0f2718ca35ef2.jpg?w=1200&#038;ssl=1\"><img data-recalc-dims=\"1\" decoding=\"async\" src=\"https:\/\/i0.wp.com\/ae01.alicdn.com\/kf\/S5894174cb5e748ba9f6fb9504223d645d.jpg?w=1200&#038;ssl=1\"><img data-recalc-dims=\"1\" decoding=\"async\" src=\"https:\/\/i0.wp.com\/ae01.alicdn.com\/kf\/S6a2f3170b0594c93a8ad1c24427506ebp.jpg?w=1200&#038;ssl=1\"><img data-recalc-dims=\"1\" decoding=\"async\" src=\"https:\/\/i0.wp.com\/ae01.alicdn.com\/kf\/S9b295f0a594f482ebcec898884501cd6S.jpg?w=1200&#038;ssl=1\"><\/p>\n<\/div>\n<\/div>\n","protected":false},"excerpt":{"rendered":"<p>Altura de refer\u00eancia de tamanho!(Da cabe\u00e7a aos p\u00e9s)O tamanho de cada imagem cont\u00e9m as informa\u00e7\u00f5es de altura correspondentes!Tamanho: S\/M\/L Tamanho:&nbsp;S (para crian\u00e7as com altura de 105cm-115cm)M (para crian\u00e7as com altura de 115 cm a 125 cm) L (para crian\u00e7as com altura de 125 cm a 135 cm) 1 Escolha de acordo com o tamanho real&hellip;&nbsp;<\/p>\n","protected":false},"featured_media":3916,"template":"","meta":{"neve_meta_sidebar":"","neve_meta_container":"","neve_meta_enable_content_width":"","neve_meta_content_width":0,"neve_meta_title_alignment":"","neve_meta_author_avatar":"","neve_post_elements_order":"","neve_meta_disable_header":"","neve_meta_disable_footer":"","neve_meta_disable_title":""},"product_brand":[],"product_cat":[38,16,39],"product_tag":[],"class_list":{"0":"post-3922","1":"product","2":"type-product","3":"status-publish","4":"has-post-thumbnail","6":"product_cat-fantasias-de-cosplay","7":"product_cat-novidades-e-uso-especial","8":"product_cat-trajes-de-cosplay-desativar-fantasias-de-cosplay","10":"first","11":"instock","12":"shipping-taxable","13":"purchasable","14":"product-type-variable","15":"has-default-attributes"},"jetpack_sharing_enabled":true,"_links":{"self":[{"href":"https:\/\/listman.shop\/costume-br\/wp-json\/wp\/v2\/product\/3922","targetHints":{"allow":["GET"]}}],"collection":[{"href":"https:\/\/listman.shop\/costume-br\/wp-json\/wp\/v2\/product"}],"about":[{"href":"https:\/\/listman.shop\/costume-br\/wp-json\/wp\/v2\/types\/product"}],"wp:featuredmedia":[{"embeddable":true,"href":"https:\/\/listman.shop\/costume-br\/wp-json\/wp\/v2\/media\/3916"}],"wp:attachment":[{"href":"https:\/\/listman.shop\/costume-br\/wp-json\/wp\/v2\/media?parent=3922"}],"wp:term":[{"taxonomy":"product_brand","embeddable":true,"href":"https:\/\/listman.shop\/costume-br\/wp-json\/wp\/v2\/product_brand?post=3922"},{"taxonomy":"product_cat","embeddable":true,"href":"https:\/\/listman.shop\/costume-br\/wp-json\/wp\/v2\/product_cat?post=3922"},{"taxonomy":"product_tag","embeddable":true,"href":"https:\/\/listman.shop\/costume-br\/wp-json\/wp\/v2\/product_tag?post=3922"}],"curies":[{"name":"wp","href":"https:\/\/api.w.org\/{rel}","templated":true}]}}