{"id":4738,"date":"2024-12-09T23:18:12","date_gmt":"2024-12-09T14:18:12","guid":{"rendered":"https:\/\/listman.shop\/costume-br\/product\/1005005569549382\/"},"modified":"2026-04-05T04:43:20","modified_gmt":"2026-04-04T19:43:20","slug":"1005005569549382","status":"publish","type":"product","link":"https:\/\/listman.shop\/costume-br\/product\/1005005569549382\/","title":{"rendered":"Fantasia de ninja deluxe para meninos, com acess\u00f3rios de armas, roupa infantil de kung fu, ideias de halloween, presentes com brinquedos de baioneta"},"content":{"rendered":"<div class=\"detailmodule_html\">\n<div class=\"detail-desc-decorate-richtext\">\n<p><span style=\"font-size:14px;, Roboto, Arial, Helvetica, sans-serif, SimSun\">Poli\u00e9ster<\/span><br \/><span style=\"font-size:14px;, Roboto, Arial, Helvetica, sans-serif, SimSun\">Somente lavagem \u00e0 m\u00e3o<\/span><br \/><span style=\"font-size:14px;, Roboto, Arial, Helvetica, sans-serif, SimSun\">Fantasia Ninja de Halloween para meninos e meninas Inclui camisa preta Ninja com capuz anexado, cal\u00e7a preta, tabardo vermelho, m\u00e1scara facial Ninja, cinto, luvas Ninja, 2 punhos Ninja de espuma, 2 pulseiras e outros acess\u00f3rios de espuma.<\/span><br \/><span style=\"font-size:14px;, Roboto, Arial, Helvetica, sans-serif, SimSun\">Uniforme de Kung Fu do Role-Paying do Ninja Warrior Kid.Super dur\u00e1vel.Qualidade Superior.O traje \u00e9 macio, confort\u00e1vel e f\u00e1cil de movimentar.<\/span><br \/><span style=\"font-size:14px;, Roboto, Arial, Helvetica, sans-serif, SimSun\">Ideal para dramatiza\u00e7\u00e3o. Perfeito para festas de fantasia de Halloween, fantasia de tartaruga Ninja, fantasia Shinobi, fantasia preta Ninja Gaiden, fantasia Klyo Ren, fantasia japonesa, festivais, fantasias de festa tem\u00e1tica, melhor fantasia de Halloween, sess\u00e3o de fotos, lembrancinhas de festa de simula\u00e7\u00e3o, suprimentos de festa Ninja, uso di\u00e1rio, Brincadeiras escolares e muito mais.<\/span><\/p>\n<p><span style=\"font-size:14px;, Roboto, Arial, Helvetica, sans-serif, SimSun\"><\/span><img data-recalc-dims=\"1\" decoding=\"async\" src=\"https:\/\/i0.wp.com\/ae01.alicdn.com\/kf\/Sd435d0a3c0e8412d9f8b6702486110a70.jpg?w=1200&#038;ssl=1\"><span style=\"font-size:14px;, Roboto, Arial, Helvetica, sans-serif, SimSun\"><\/span><img data-recalc-dims=\"1\" decoding=\"async\" src=\"https:\/\/i0.wp.com\/ae01.alicdn.com\/kf\/S407623d2a12843b4b5de6c5c7ebef702i.jpg?w=1200&#038;ssl=1\"><span style=\"font-size:14px;, Roboto, Arial, Helvetica, sans-serif, SimSun\"><\/span><img data-recalc-dims=\"1\" decoding=\"async\" src=\"https:\/\/i0.wp.com\/ae01.alicdn.com\/kf\/S412b73a4efa44f50998829bf91d88666x.jpg?w=1200&#038;ssl=1\"><span style=\"font-size:14px;, Roboto, Arial, Helvetica, sans-serif, SimSun\"><\/span><img data-recalc-dims=\"1\" decoding=\"async\" src=\"https:\/\/i0.wp.com\/ae01.alicdn.com\/kf\/Se3b93ce1df2e4accb7eeda0161c3ed51t.jpg?w=1200&#038;ssl=1\"><span style=\"font-size:14px;, Roboto, Arial, Helvetica, sans-serif, SimSun\"><\/span><img data-recalc-dims=\"1\" decoding=\"async\" src=\"https:\/\/i0.wp.com\/ae01.alicdn.com\/kf\/S94ce600a30be4504aa85192ce56d4433o.jpg?w=1200&#038;ssl=1\"><span style=\"font-size:14px;, Roboto, Arial, Helvetica, sans-serif, SimSun\"><\/span><img data-recalc-dims=\"1\" decoding=\"async\" src=\"https:\/\/i0.wp.com\/ae01.alicdn.com\/kf\/Sf9916319196a4a9f83ebfe56f8e48a4bY.jpg?w=1200&#038;ssl=1\"><span style=\"font-size:14px;, Roboto, Arial, Helvetica, sans-serif, SimSun\"><\/span><img data-recalc-dims=\"1\" decoding=\"async\" src=\"https:\/\/i0.wp.com\/ae01.alicdn.com\/kf\/S9872f568823b414389e0eab65b6d1fda6.jpg?w=1200&#038;ssl=1\"><span style=\"font-size:14px;, Roboto, Arial, Helvetica, sans-serif, SimSun\"><\/span><img data-recalc-dims=\"1\" decoding=\"async\" src=\"https:\/\/i0.wp.com\/ae01.alicdn.com\/kf\/S1695d204cd564e84826c47504f216f6dv.jpg?w=1200&#038;ssl=1\"><span style=\"font-size:14px;, Roboto, Arial, Helvetica, sans-serif, SimSun\"><\/span><img data-recalc-dims=\"1\" decoding=\"async\" src=\"https:\/\/i0.wp.com\/ae01.alicdn.com\/kf\/S7245475fee5948fbaf03e56cd6419d8dK.jpg?w=1200&#038;ssl=1\"><span style=\"font-size:14px;, Roboto, Arial, Helvetica, sans-serif, SimSun\"><\/span><\/p>\n<\/div>\n<\/div>\n","protected":false},"excerpt":{"rendered":"<p>Poli\u00e9sterSomente lavagem \u00e0 m\u00e3oFantasia Ninja de Halloween para meninos e meninas Inclui camisa preta Ninja com capuz anexado, cal\u00e7a preta, tabardo vermelho, m\u00e1scara facial Ninja, cinto, luvas Ninja, 2 punhos Ninja de espuma, 2 pulseiras e outros acess\u00f3rios de espuma.Uniforme de Kung Fu do Role-Paying do Ninja Warrior Kid.Super dur\u00e1vel.Qualidade Superior.O traje \u00e9 macio, confort\u00e1vel&hellip;&nbsp;<\/p>\n","protected":false},"featured_media":4732,"template":"","meta":{"neve_meta_sidebar":"","neve_meta_container":"","neve_meta_enable_content_width":"","neve_meta_content_width":0,"neve_meta_title_alignment":"","neve_meta_author_avatar":"","neve_post_elements_order":"","neve_meta_disable_header":"","neve_meta_disable_footer":"","neve_meta_disable_title":""},"product_brand":[],"product_cat":[38,16,39],"product_tag":[],"class_list":{"0":"post-4738","1":"product","2":"type-product","3":"status-publish","4":"has-post-thumbnail","6":"product_cat-fantasias-de-cosplay","7":"product_cat-novidades-e-uso-especial","8":"product_cat-trajes-de-cosplay-desativar-fantasias-de-cosplay","10":"first","11":"instock","12":"shipping-taxable","13":"purchasable","14":"product-type-variable","15":"has-default-attributes"},"jetpack_sharing_enabled":true,"_links":{"self":[{"href":"https:\/\/listman.shop\/costume-br\/wp-json\/wp\/v2\/product\/4738","targetHints":{"allow":["GET"]}}],"collection":[{"href":"https:\/\/listman.shop\/costume-br\/wp-json\/wp\/v2\/product"}],"about":[{"href":"https:\/\/listman.shop\/costume-br\/wp-json\/wp\/v2\/types\/product"}],"wp:featuredmedia":[{"embeddable":true,"href":"https:\/\/listman.shop\/costume-br\/wp-json\/wp\/v2\/media\/4732"}],"wp:attachment":[{"href":"https:\/\/listman.shop\/costume-br\/wp-json\/wp\/v2\/media?parent=4738"}],"wp:term":[{"taxonomy":"product_brand","embeddable":true,"href":"https:\/\/listman.shop\/costume-br\/wp-json\/wp\/v2\/product_brand?post=4738"},{"taxonomy":"product_cat","embeddable":true,"href":"https:\/\/listman.shop\/costume-br\/wp-json\/wp\/v2\/product_cat?post=4738"},{"taxonomy":"product_tag","embeddable":true,"href":"https:\/\/listman.shop\/costume-br\/wp-json\/wp\/v2\/product_tag?post=4738"}],"curies":[{"name":"wp","href":"https:\/\/api.w.org\/{rel}","templated":true}]}}