{"id":5002,"date":"2024-12-09T23:25:22","date_gmt":"2024-12-09T14:25:22","guid":{"rendered":"https:\/\/listman.shop\/costume-br\/product\/1005005672217521\/"},"modified":"2026-04-05T04:42:12","modified_gmt":"2026-04-04T19:42:12","slug":"1005005672217521","status":"publish","type":"product","link":"https:\/\/listman.shop\/costume-br\/product\/1005005672217521\/","title":{"rendered":"Fantasia de Cosplay Scaramouche: Conjunto Completo de Trajes de Balladeer para Comic Con"},"content":{"rendered":"<div class=\"detailmodule_html\">\n<div class=\"detail-desc-decorate-richtext\">\n<div><span>Devido ao grande volume do chap\u00e9u, n\u00e3o podemos envi\u00e1-lo por encomenda internacional.Portanto, os chap\u00e9us n\u00e3o est\u00e3o temporariamente \u00e0 venda<\/span><\/div>\n<div><\/div>\n<p style=\"margin:0px;margin-bottom:0px;margin-top:0px;margin-left:0px;margin-right:0px;display:block;width:100%\">O traje inclui apenas: apenas fantasia (sem peruca, sem chap\u00e9u)<\/p>\n<p style=\"margin:0px;margin-bottom:0px;margin-top:0px;margin-left:0px;margin-right:0px;display:block;width:100%\">fantasia e peruca incluem: fantasia + peruca + rede de peruca (sem chap\u00e9u)<\/p>\n<p style=\"margin:0px;margin-bottom:0px;margin-top:0px;margin-left:0px;margin-right:0px;display:block;width:100%\">chap\u00e9u de fantasia inclui: fantasia + chap\u00e9u (peruca n\u00e3o inclu\u00edda)<\/p>\n<p style=\"margin:0px;margin-bottom:0px;margin-top:0px;margin-left:0px;margin-right:0px;display:block;width:100%\">O conjunto completo inclui: fantasia + chap\u00e9u + peruca + rede de peruca<\/p>\n<\/p>\n<p><span style=\"font-size:22px\"><span style=\"font-size:26px\"><strong>Nota:<\/strong><\/span><\/span> <span style=\"font-size:22px\"><span style=\"font-size:18px\"><strong>O chap\u00e9u n\u00e3o \u00e9 muito bom, seu design \u00e9 relativamente simples, mas atualmente \u00e9 o chap\u00e9u mais econ\u00f4mico que a HOMCHEE pode oferecer aos compradores.Devido ao limite de tamanho do pacote pequeno (o envio para pacotes grandes \u00e9 muito caro.), o chap\u00e9u ser\u00e1 dobrado para envio, o chap\u00e9u que voc\u00ea recebe pode ter alguma deforma\u00e7\u00e3o, se voc\u00ea se importar, pe\u00e7a o chap\u00e9u com cuidado.<\/strong><\/span><\/span><\/p>\n<p style=\"margin:0px;margin-bottom:0px;margin-top:0px;margin-left:0px;margin-right:0px;display:block;width:100%\"><img data-recalc-dims=\"1\" decoding=\"async\" src=\"https:\/\/i0.wp.com\/ae01.alicdn.com\/kf\/S4f087999ac88476da58d689e348d69f5O.jpg?w=1200&#038;ssl=1\"><\/p>\n<p style=\"text-align:left;margin:0px;margin-bottom:0px;margin-top:0px;margin-left:0px;margin-right:0px\" align=\"left\"><\/p>\n<p style=\"text-align:left;margin:0px;margin-bottom:0px;margin-top:0px;margin-left:0px;margin-right:0px\" align=\"left\"><img data-recalc-dims=\"1\" decoding=\"async\" class=\"desc-img-loaded\" src=\"https:\/\/i0.wp.com\/cbu01.alicdn.com\/img\/ibank\/O1CN01qw3hyH2CykOSskrt4_%21%212509678543-0-cib.jpg?w=1200&#038;ssl=1\" usemap=\"#_sdmap_5\"><span>&nbsp;<\/span><img data-recalc-dims=\"1\" decoding=\"async\" class=\"desc-img-loaded\" src=\"https:\/\/i0.wp.com\/cbu01.alicdn.com\/img\/ibank\/O1CN01GlIhvs2CykOUtHX7h_%21%212509678543-0-cib.jpg?w=1200&#038;ssl=1\" usemap=\"#_sdmap_6\"><span>&nbsp;<\/span><img data-recalc-dims=\"1\" decoding=\"async\" class=\"desc-img-loaded\" src=\"https:\/\/i0.wp.com\/cbu01.alicdn.com\/img\/ibank\/O1CN01rxQmeY2CykOU6VnRs_%21%212509678543-0-cib.jpg?w=1200&#038;ssl=1\" usemap=\"#_sdmap_7\"><img data-recalc-dims=\"1\" decoding=\"async\" style=\"display:initial;width:800px;height:800px\"   src=\"https:\/\/i0.wp.com\/ae01.alicdn.com\/kf\/S4fe8454cbd3d4f048b5bedc31861560aD.jpg?w=1200&#038;ssl=1\"><span>&nbsp;<\/span><img data-recalc-dims=\"1\" decoding=\"async\" style=\"display:initial;width:800px;height:800px\" class=\"desc-img-loaded\"   src=\"https:\/\/i0.wp.com\/cbu01.alicdn.com\/img\/ibank\/O1CN01qRsYgj2CykONtqHda_%21%212509678543-0-cib.jpg?w=1200&#038;ssl=1\" usemap=\"#_sdmap_8\"><span>&nbsp;<\/span><img data-recalc-dims=\"1\" decoding=\"async\" class=\"desc-img-loaded\" src=\"https:\/\/i0.wp.com\/cbu01.alicdn.com\/img\/ibank\/O1CN01WBTt0K2CykOSsiJws_%21%212509678543-0-cib.jpg?w=1200&#038;ssl=1\" usemap=\"#_sdmap_9\"><\/p>\n<h1 style=\", Roboto, Arial, Helvetica, sans-serif, SimSun;font-size:14px;font-weight:500;letter-spacing:normal;line-height:19px;text-align:start;white-space:normal;margin:0px;margin-bottom:0px;margin-top:0px;margin-left:0px;margin-right:0px;width:fit-content\" class=\"product-title-text\" align=\"start\"><span style=\"font-size:18px\"><strong><span style=\", Helvetica, Arial, sans-serif\">Peruca Kunikuzushi como abaixo<\/span><\/strong><\/span><\/h1>\n<div><img data-recalc-dims=\"1\" decoding=\"async\" src=\"https:\/\/i0.wp.com\/ae01.alicdn.com\/kf\/S368626b35c924e41a962d116424eaae3Q.jpg?w=1200&#038;ssl=1\"><\/p>\n<\/div>\n<p><img data-recalc-dims=\"1\" decoding=\"async\" src=\"https:\/\/i0.wp.com\/ae01.alicdn.com\/kf\/Sd9fb90ce553f4f42aedb44b1d74f386bN.jpg?w=1200&#038;ssl=1\"><img data-recalc-dims=\"1\" decoding=\"async\" src=\"https:\/\/i0.wp.com\/ae01.alicdn.com\/kf\/S35adab3c0529469c9d30cde4931b3627A.jpg?w=1200&#038;ssl=1\"><img data-recalc-dims=\"1\" decoding=\"async\" src=\"https:\/\/i0.wp.com\/ae01.alicdn.com\/kf\/Se5be90902fd641fe9795416269171b7e8.jpg?w=1200&#038;ssl=1\"><img data-recalc-dims=\"1\" decoding=\"async\" src=\"https:\/\/i0.wp.com\/ae01.alicdn.com\/kf\/S1533ee65042d40a59dd77d5956496676Y.jpg?w=1200&#038;ssl=1\"><img data-recalc-dims=\"1\" decoding=\"async\" src=\"https:\/\/i0.wp.com\/ae01.alicdn.com\/kf\/S461de4c3810447f1b6350363dfcf2194Q.jpg?w=1200&#038;ssl=1\"><\/p>\n<\/div>\n<\/div>\n","protected":false},"excerpt":{"rendered":"<p>Devido ao grande volume do chap\u00e9u, n\u00e3o podemos envi\u00e1-lo por encomenda internacional.Portanto, os chap\u00e9us n\u00e3o est\u00e3o temporariamente \u00e0 venda O traje inclui apenas: apenas fantasia (sem peruca, sem chap\u00e9u) fantasia e peruca incluem: fantasia + peruca + rede de peruca (sem chap\u00e9u) chap\u00e9u de fantasia inclui: fantasia + chap\u00e9u (peruca n\u00e3o inclu\u00edda) O conjunto completo&hellip;&nbsp;<\/p>\n","protected":false},"featured_media":4996,"template":"","meta":{"neve_meta_sidebar":"","neve_meta_container":"","neve_meta_enable_content_width":"","neve_meta_content_width":0,"neve_meta_title_alignment":"","neve_meta_author_avatar":"","neve_post_elements_order":"","neve_meta_disable_header":"","neve_meta_disable_footer":"","neve_meta_disable_title":""},"product_brand":[],"product_cat":[38,16,39],"product_tag":[],"class_list":{"0":"post-5002","1":"product","2":"type-product","3":"status-publish","4":"has-post-thumbnail","6":"product_cat-fantasias-de-cosplay","7":"product_cat-novidades-e-uso-especial","8":"product_cat-trajes-de-cosplay-desativar-fantasias-de-cosplay","10":"first","11":"instock","12":"shipping-taxable","13":"purchasable","14":"product-type-variable","15":"has-default-attributes"},"jetpack_sharing_enabled":true,"_links":{"self":[{"href":"https:\/\/listman.shop\/costume-br\/wp-json\/wp\/v2\/product\/5002","targetHints":{"allow":["GET"]}}],"collection":[{"href":"https:\/\/listman.shop\/costume-br\/wp-json\/wp\/v2\/product"}],"about":[{"href":"https:\/\/listman.shop\/costume-br\/wp-json\/wp\/v2\/types\/product"}],"wp:featuredmedia":[{"embeddable":true,"href":"https:\/\/listman.shop\/costume-br\/wp-json\/wp\/v2\/media\/4996"}],"wp:attachment":[{"href":"https:\/\/listman.shop\/costume-br\/wp-json\/wp\/v2\/media?parent=5002"}],"wp:term":[{"taxonomy":"product_brand","embeddable":true,"href":"https:\/\/listman.shop\/costume-br\/wp-json\/wp\/v2\/product_brand?post=5002"},{"taxonomy":"product_cat","embeddable":true,"href":"https:\/\/listman.shop\/costume-br\/wp-json\/wp\/v2\/product_cat?post=5002"},{"taxonomy":"product_tag","embeddable":true,"href":"https:\/\/listman.shop\/costume-br\/wp-json\/wp\/v2\/product_tag?post=5002"}],"curies":[{"name":"wp","href":"https:\/\/api.w.org\/{rel}","templated":true}]}}