{"id":5284,"date":"2024-12-09T23:32:43","date_gmt":"2024-12-09T14:32:43","guid":{"rendered":"https:\/\/listman.shop\/costume-br\/product\/1005005754229485\/"},"modified":"2026-04-08T11:53:45","modified_gmt":"2026-04-08T02:53:45","slug":"1005005754229485","status":"publish","type":"product","link":"https:\/\/listman.shop\/costume-br\/product\/1005005754229485\/","title":{"rendered":"Retro tiara m\u00e1scara de halloween unisex sexy m\u00e1scara de olho para mulheres homens roma bronze fantasia carnaval vestido traje fontes de festa cosplay"},"content":{"rendered":"<div class=\"detailmodule_html\">\n<div class=\"detail-desc-decorate-richtext\">\n<div class=\"detailmodule_html\">\n<div class=\"detail-desc-decorate-richtext\">\n<div><span style=\"font-size:22px\"><span style=\"font-family:Arial, Helvetica, sans-serif\"><span>Especifica\u00e7\u00e3o<\/span><\/span><\/span><span style=\"font-size:22px\"><span style=\"font-family:Arial, Helvetica, sans-serif\"><br \/>Estilo: Vintage<br \/>Tamanho: Dan\u00e7a borboleta 18*9cm Princesa pontiaguda 17*10cm Pequena Fada 18*10cm Pr\u00edncipe 17*8cm Rei 14*10cm<br \/>Material: Pl\u00e1stico<br \/>Quantidade: 1<\/p>\n<p>O pacote inclui:<br \/>1 * M\u00e1scara<\/span><\/span><\/div>\n<p style=\"text-align:left;margin:0px;margin-bottom:0px;margin-top:0px;margin-left:0px;margin-right:0px\" align=\"left\"><img data-recalc-dims=\"1\" decoding=\"async\" style=\"width:850px\"  src=\"https:\/\/i0.wp.com\/ae01.alicdn.com\/kf\/Sa6dc5385352d4837816d02c4dd53ecb4o.jpg?w=1200&#038;ssl=1\"><img data-recalc-dims=\"1\" decoding=\"async\" style=\"width:850px\"  src=\"https:\/\/i0.wp.com\/ae01.alicdn.com\/kf\/S797e18296d934a98b4516bbb8df03224J.jpg?w=1200&#038;ssl=1\"><img data-recalc-dims=\"1\" decoding=\"async\" style=\"width:850px\"  src=\"https:\/\/i0.wp.com\/ae01.alicdn.com\/kf\/S702abf03b0bf4096b74d059f46481ee5A.jpg?w=1200&#038;ssl=1\"><img data-recalc-dims=\"1\" decoding=\"async\" style=\"width:850px\"  src=\"https:\/\/i0.wp.com\/ae01.alicdn.com\/kf\/Sfa749bbc197e42dfb9aa08ee0c540fcfk.jpg?w=1200&#038;ssl=1\"><img data-recalc-dims=\"1\" decoding=\"async\" style=\"width:850px\"  src=\"https:\/\/i0.wp.com\/ae01.alicdn.com\/kf\/S22c3c587b7304865abe746ad7c3d15446.jpg?w=1200&#038;ssl=1\"><img data-recalc-dims=\"1\" decoding=\"async\" style=\"width:850px\"  src=\"https:\/\/i0.wp.com\/ae01.alicdn.com\/kf\/S626eb57a59ac42de95a84268d71be764Z.jpg?w=1200&#038;ssl=1\"><img data-recalc-dims=\"1\" decoding=\"async\" style=\"width:850px\"  src=\"https:\/\/i0.wp.com\/ae01.alicdn.com\/kf\/S16ab4f14fddb421a90575d9716989f06S.jpg?w=1200&#038;ssl=1\"><img data-recalc-dims=\"1\" decoding=\"async\" style=\"width:850px\"  src=\"https:\/\/i0.wp.com\/ae01.alicdn.com\/kf\/S90d09b18ce984919b6b801b10d7fa7f8N.jpg?w=1200&#038;ssl=1\"><img data-recalc-dims=\"1\" decoding=\"async\" style=\"width:850px\"  src=\"https:\/\/i0.wp.com\/ae01.alicdn.com\/kf\/S491aceff4c2146099223fa6609f2b3aec.jpg?w=1200&#038;ssl=1\"><img data-recalc-dims=\"1\" decoding=\"async\" style=\"width:850px\"  src=\"https:\/\/i0.wp.com\/ae01.alicdn.com\/kf\/S99edeea7f03046559584e9de16f682beY.jpg?w=1200&#038;ssl=1\"><img data-recalc-dims=\"1\" decoding=\"async\" style=\"width:850px\"  src=\"https:\/\/i0.wp.com\/ae01.alicdn.com\/kf\/S068bb6a8c28349658c63177fc83d3516m.jpg?w=1200&#038;ssl=1\"><img data-recalc-dims=\"1\" decoding=\"async\" style=\"width:850px\"  src=\"https:\/\/i0.wp.com\/ae01.alicdn.com\/kf\/Sa8636cbaf1074b829859656d1986a67ew.jpg?w=1200&#038;ssl=1\"><img data-recalc-dims=\"1\" decoding=\"async\" style=\"width:850px\"  src=\"https:\/\/i0.wp.com\/ae01.alicdn.com\/kf\/S2dbfd389899e47e4b07f156a45e214afq.jpg?w=1200&#038;ssl=1\"><img data-recalc-dims=\"1\" decoding=\"async\" style=\"width:850px\"  src=\"https:\/\/i0.wp.com\/ae01.alicdn.com\/kf\/S757c66239bc54091af27ca22c408f708D.jpg?w=1200&#038;ssl=1\"><img data-recalc-dims=\"1\" decoding=\"async\" style=\"width:850px\"  src=\"https:\/\/i0.wp.com\/ae01.alicdn.com\/kf\/S1832cc823d134e44af2f67d4a7acca6dL.jpg?w=1200&#038;ssl=1\"><img data-recalc-dims=\"1\" decoding=\"async\" style=\"width:850px\"  src=\"https:\/\/i0.wp.com\/ae01.alicdn.com\/kf\/S596560b851ee4333a82f4af82d83b6ceK.jpg?w=1200&#038;ssl=1\"><img data-recalc-dims=\"1\" decoding=\"async\" style=\"width:850px\"  src=\"https:\/\/i0.wp.com\/ae01.alicdn.com\/kf\/S737fb287143b4dca8f6662088a293928n.jpg?w=1200&#038;ssl=1\"><\/p>\n<\/div>\n<\/div>\n<p><\/div>\n<\/div>\n","protected":false},"excerpt":{"rendered":"<p>Especifica\u00e7\u00e3oEstilo: VintageTamanho: Dan\u00e7a borboleta 18*9cm Princesa pontiaguda 17*10cm Pequena Fada 18*10cm Pr\u00edncipe 17*8cm Rei 14*10cmMaterial: Pl\u00e1sticoQuantidade: 1 O pacote inclui:1 * M\u00e1scara<\/p>\n","protected":false},"featured_media":5278,"template":"","meta":{"neve_meta_sidebar":"","neve_meta_container":"","neve_meta_enable_content_width":"","neve_meta_content_width":0,"neve_meta_title_alignment":"","neve_meta_author_avatar":"","neve_post_elements_order":"","neve_meta_disable_header":"","neve_meta_disable_footer":"","neve_meta_disable_title":""},"product_brand":[],"product_cat":[30,28,16],"product_tag":[],"class_list":{"0":"post-5284","1":"product","2":"type-product","3":"status-publish","4":"has-post-thumbnail","6":"product_cat-acessorios-acessorios-para-cosplay","7":"product_cat-acessorios-para-cosplay","8":"product_cat-novidades-e-uso-especial","10":"first","11":"instock","12":"shipping-taxable","13":"purchasable","14":"product-type-variable","15":"has-default-attributes"},"jetpack_sharing_enabled":true,"_links":{"self":[{"href":"https:\/\/listman.shop\/costume-br\/wp-json\/wp\/v2\/product\/5284","targetHints":{"allow":["GET"]}}],"collection":[{"href":"https:\/\/listman.shop\/costume-br\/wp-json\/wp\/v2\/product"}],"about":[{"href":"https:\/\/listman.shop\/costume-br\/wp-json\/wp\/v2\/types\/product"}],"wp:featuredmedia":[{"embeddable":true,"href":"https:\/\/listman.shop\/costume-br\/wp-json\/wp\/v2\/media\/5278"}],"wp:attachment":[{"href":"https:\/\/listman.shop\/costume-br\/wp-json\/wp\/v2\/media?parent=5284"}],"wp:term":[{"taxonomy":"product_brand","embeddable":true,"href":"https:\/\/listman.shop\/costume-br\/wp-json\/wp\/v2\/product_brand?post=5284"},{"taxonomy":"product_cat","embeddable":true,"href":"https:\/\/listman.shop\/costume-br\/wp-json\/wp\/v2\/product_cat?post=5284"},{"taxonomy":"product_tag","embeddable":true,"href":"https:\/\/listman.shop\/costume-br\/wp-json\/wp\/v2\/product_tag?post=5284"}],"curies":[{"name":"wp","href":"https:\/\/api.w.org\/{rel}","templated":true}]}}