{"id":5374,"date":"2024-12-09T23:35:03","date_gmt":"2024-12-09T14:35:03","guid":{"rendered":"https:\/\/listman.shop\/costume-br\/product\/1005005763695143\/"},"modified":"2026-04-05T04:28:06","modified_gmt":"2026-04-04T19:28:06","slug":"1005005763695143","status":"publish","type":"product","link":"https:\/\/listman.shop\/costume-br\/product\/1005005763695143\/","title":{"rendered":"Kaveh cosplay traje tamanho grande kaveh uniforme halloween kaveh roupas para anime comic con"},"content":{"rendered":"<div class=\"detailmodule_html\">\n<div class=\"detail-desc-decorate-richtext\">\n<p><strong>Uso vers\u00e1til<\/strong><\/p>\n<p>Perfeito para v\u00e1rios eventos, como Anime Comic Con, Halloween e outras festas tem\u00e1ticas.<\/p>\n<p><strong>Material de alta qualidade<\/strong><\/p>\n<p>esta fantasia de cosplay Kaveh garante durabilidade e conforto para uso prolongado.<\/p>\n<p><strong>Design espec\u00edfico para g\u00eanero<\/strong><\/p>\n<p>Feito sob medida especificamente para homens, garantindo um ajuste perfeito e uma representa\u00e7\u00e3o aut\u00eantica do uniforme Kaveh.<\/p>\n<p><strong>Disponibilidade de tamanho grande<\/strong><\/p>\n<p>Dispon\u00edvel em tamanhos grandes, tornando-o adequado para pessoas que preferem um ajuste mais folgado ou com uma constru\u00e7\u00e3o maior.<\/p>\n<div id=\"offer-template-0\"><\/div>\n<div id=\"offer-template-0\"><span>peruca de fantasia inclui: fantasia + peruca + rede de peruca<\/span><\/div>\n<div id=\"offer-template-0\"><span>A fantasia inclui apenas: apenas fantasia (peruca e peruca n\u00e3o est\u00e3o inclu\u00eddas)<\/span><\/div>\n<div id=\"offer-template-0\"><span>material da peruca: resistente ao calor<\/span><\/div>\n<div style=\"width:790px\"><\/div>\n<div id=\"offer-template-0\">\n<h2><img data-recalc-dims=\"1\" decoding=\"async\" src=\"https:\/\/i0.wp.com\/ae01.alicdn.com\/kf\/S272f1cb6e44c43c6919464fc9b9f10412.jpg?w=1200&#038;ssl=1\"><span style=\"font-size:22px\"><strong><br \/>Mais mostrar:<\/strong><\/span><\/p>\n<p><img data-recalc-dims=\"1\" decoding=\"async\" class=\"desc-img-loaded\" src=\"https:\/\/i0.wp.com\/cbu01.alicdn.com\/img\/ibank\/O1CN01lsmZAh240HBS8gQwh_%21%212213323227328-0-cib.jpg?w=1200&#038;ssl=1\" usemap=\"#_sdmap_2\"><img data-recalc-dims=\"1\" decoding=\"async\" class=\"desc-img-loaded\" src=\"https:\/\/i0.wp.com\/cbu01.alicdn.com\/img\/ibank\/O1CN01zgOaWQ240HBM5nQqf_%21%212213323227328-0-cib.jpg?w=1200&#038;ssl=1\" usemap=\"#_sdmap_3\"><img data-recalc-dims=\"1\" decoding=\"async\" class=\"desc-img-loaded\" src=\"https:\/\/i0.wp.com\/cbu01.alicdn.com\/img\/ibank\/O1CN012xWZt3240HBUz7v00_%21%212213323227328-0-cib.jpg?w=1200&#038;ssl=1\" usemap=\"#_sdmap_4\"><img data-recalc-dims=\"1\" decoding=\"async\" class=\"desc-img-loaded\" src=\"https:\/\/i0.wp.com\/cbu01.alicdn.com\/img\/ibank\/O1CN01FAIweh240HBS8iFEP_%21%212213323227328-0-cib.jpg?w=1200&#038;ssl=1\" usemap=\"#_sdmap_5\"><img data-recalc-dims=\"1\" decoding=\"async\" class=\"desc-img-loaded\" src=\"https:\/\/i0.wp.com\/cbu01.alicdn.com\/img\/ibank\/O1CN01shbyMr240HBadZFkK_%21%212213323227328-0-cib.jpg?w=1200&#038;ssl=1\" usemap=\"#_sdmap_6\"><img data-recalc-dims=\"1\" decoding=\"async\" class=\"desc-img-loaded\" src=\"https:\/\/i0.wp.com\/cbu01.alicdn.com\/img\/ibank\/O1CN013hehki240HBM5pZrR_%21%212213323227328-0-cib.jpg?w=1200&#038;ssl=1\" usemap=\"#_sdmap_7\"><img data-recalc-dims=\"1\" decoding=\"async\" class=\"desc-img-loaded\" src=\"https:\/\/i0.wp.com\/cbu01.alicdn.com\/img\/ibank\/O1CN01LE5dm0240HBVOarOb_%21%212213323227328-0-cib.jpg?w=1200&#038;ssl=1\" usemap=\"#_sdmap_8\"><\/h2>\n<\/div>\n<p><img data-recalc-dims=\"1\" decoding=\"async\" src=\"https:\/\/i0.wp.com\/ae01.alicdn.com\/kf\/Sd2b0d9669b0141d8b7bcfb7bdc2ad4c8d.jpg?w=1200&#038;ssl=1\"> <img data-recalc-dims=\"1\" decoding=\"async\" src=\"https:\/\/i0.wp.com\/ae01.alicdn.com\/kf\/S721f96178d9443168308d97e4cfcf733W.jpg?w=1200&#038;ssl=1\"><\/p>\n<\/div>\n<\/div>\n","protected":false},"excerpt":{"rendered":"<p>Uso vers\u00e1til Perfeito para v\u00e1rios eventos, como Anime Comic Con, Halloween e outras festas tem\u00e1ticas. Material de alta qualidade esta fantasia de cosplay Kaveh garante durabilidade e conforto para uso prolongado. Design espec\u00edfico para g\u00eanero Feito sob medida especificamente para homens, garantindo um ajuste perfeito e uma representa\u00e7\u00e3o aut\u00eantica do uniforme Kaveh. Disponibilidade de tamanho&hellip;&nbsp;<\/p>\n","protected":false},"featured_media":5368,"template":"","meta":{"neve_meta_sidebar":"","neve_meta_container":"","neve_meta_enable_content_width":"","neve_meta_content_width":0,"neve_meta_title_alignment":"","neve_meta_author_avatar":"","neve_post_elements_order":"","neve_meta_disable_header":"","neve_meta_disable_footer":"","neve_meta_disable_title":""},"product_brand":[],"product_cat":[38,16,39],"product_tag":[],"class_list":{"0":"post-5374","1":"product","2":"type-product","3":"status-publish","4":"has-post-thumbnail","6":"product_cat-fantasias-de-cosplay","7":"product_cat-novidades-e-uso-especial","8":"product_cat-trajes-de-cosplay-desativar-fantasias-de-cosplay","10":"first","11":"instock","12":"shipping-taxable","13":"purchasable","14":"product-type-variable","15":"has-default-attributes"},"jetpack_sharing_enabled":true,"_links":{"self":[{"href":"https:\/\/listman.shop\/costume-br\/wp-json\/wp\/v2\/product\/5374","targetHints":{"allow":["GET"]}}],"collection":[{"href":"https:\/\/listman.shop\/costume-br\/wp-json\/wp\/v2\/product"}],"about":[{"href":"https:\/\/listman.shop\/costume-br\/wp-json\/wp\/v2\/types\/product"}],"wp:featuredmedia":[{"embeddable":true,"href":"https:\/\/listman.shop\/costume-br\/wp-json\/wp\/v2\/media\/5368"}],"wp:attachment":[{"href":"https:\/\/listman.shop\/costume-br\/wp-json\/wp\/v2\/media?parent=5374"}],"wp:term":[{"taxonomy":"product_brand","embeddable":true,"href":"https:\/\/listman.shop\/costume-br\/wp-json\/wp\/v2\/product_brand?post=5374"},{"taxonomy":"product_cat","embeddable":true,"href":"https:\/\/listman.shop\/costume-br\/wp-json\/wp\/v2\/product_cat?post=5374"},{"taxonomy":"product_tag","embeddable":true,"href":"https:\/\/listman.shop\/costume-br\/wp-json\/wp\/v2\/product_tag?post=5374"}],"curies":[{"name":"wp","href":"https:\/\/api.w.org\/{rel}","templated":true}]}}