{"id":6624,"date":"2024-12-10T00:10:11","date_gmt":"2024-12-09T15:10:11","guid":{"rendered":"https:\/\/listman.shop\/costume-br\/product\/1005005897712389\/"},"modified":"2026-04-05T02:39:52","modified_gmt":"2026-04-04T17:39:52","slug":"1005005897712389","status":"publish","type":"product","link":"https:\/\/listman.shop\/costume-br\/product\/1005005897712389\/","title":{"rendered":"Yor forger cosplay traje bandana el\u00e1stica coxa meias collants altos peruca brincos yor forger vestido conjunto completo para comic con"},"content":{"rendered":"<div class=\"detailmodule_html\">\n<div class=\"detail-desc-decorate-richtext\">\n<p><span style=\"font-size:20px\"><span class=\"slate-node-text\" style=\"font-size:20px\">NOTA: A partir de 14 de agosto de 2023, existem dois estilos de brincos para o pedido na imagem abaixo, escolheremos um par deles para enviar aleatoriamente.(aleat\u00f3rio 2 escolha 1)<\/span><\/span><\/p>\n<p><img data-recalc-dims=\"1\" decoding=\"async\" src=\"https:\/\/i0.wp.com\/ae01.alicdn.com\/kf\/Sd16b8bc625fb4a66abb4eac5941e8b53p.jpg?w=1200&#038;ssl=1\"><\/p>\n<p><span class=\"slate-node-text\"><span>material de tecido de vestido e luvas: poli\u00e9ster,<\/span><\/span><\/p>\n<p><span class=\"slate-node-text\"><span>material das luvas: couro artificial el\u00e1stico<\/span><\/span><\/p>\n<p><span class=\"slate-node-text\"><span>O traje inclui apenas: bandana + galhos + vestido + luvas + meias (sem peruca)<\/span><\/span><\/p>\n<p><span class=\"slate-node-text\"><span>A peruca do traje inclui: bandana + galhos + vestido + luvas + meias + peruca + rede de peruca<\/span><\/span><\/p>\n<p><span class=\"slate-node-text\"><span>COMPRIMENTO DA PERUCA: 60CM<\/span><\/span><\/p>\n<p><span class=\"slate-node-text\"><span>Material da peruca: RESISTENTE AO CALOR<\/span><\/span><img data-recalc-dims=\"1\" decoding=\"async\" style=\"width:800px;height:800px\"   src=\"https:\/\/i0.wp.com\/ae03.alicdn.com\/kf\/S78f459429fa94bf396784c9ad359608aB.jpg?w=1200&#038;ssl=1\"><\/p>\n<p><img data-recalc-dims=\"1\" decoding=\"async\" src=\"https:\/\/i0.wp.com\/ae01.alicdn.com\/kf\/Scd600a6c9c0946d98a5ac3b908e50bc7G.jpg?w=1200&#038;ssl=1\"><img data-recalc-dims=\"1\" decoding=\"async\" src=\"https:\/\/i0.wp.com\/ae01.alicdn.com\/kf\/Sbbe04b59abd449e8bc1b6a43185ee0ack.jpg?w=1200&#038;ssl=1\"><img data-recalc-dims=\"1\" decoding=\"async\" src=\"https:\/\/i0.wp.com\/ae01.alicdn.com\/kf\/S69c6e6017366403099f13844c43f8efcm.jpg?w=1200&#038;ssl=1\"><img data-recalc-dims=\"1\" decoding=\"async\" src=\"https:\/\/i0.wp.com\/ae01.alicdn.com\/kf\/S2a651fae2c9442aeb9f9fb26cbc44ffdH.jpg?w=1200&#038;ssl=1\"><img data-recalc-dims=\"1\" decoding=\"async\" src=\"https:\/\/i0.wp.com\/ae01.alicdn.com\/kf\/S4c9eae78bb9a40739416a697bd66ea84C.jpg?w=1200&#038;ssl=1\"><img data-recalc-dims=\"1\" decoding=\"async\" src=\"https:\/\/i0.wp.com\/ae01.alicdn.com\/kf\/S5d5a0ef04ed142bebc7c23721f1409d4Y.jpg?w=1200&#038;ssl=1\"><img data-recalc-dims=\"1\" decoding=\"async\" src=\"https:\/\/i0.wp.com\/ae01.alicdn.com\/kf\/S3e7c7f072539447bb6f8989c38d44442t.jpg?w=1200&#038;ssl=1\"><img data-recalc-dims=\"1\" decoding=\"async\" src=\"https:\/\/i0.wp.com\/ae01.alicdn.com\/kf\/S1d91fab31c834f65a64eb2194114f34ba.jpg?w=1200&#038;ssl=1\"><img data-recalc-dims=\"1\" decoding=\"async\" src=\"https:\/\/i0.wp.com\/ae01.alicdn.com\/kf\/Sb155fa2583ca43e2ad9e0e2aa09bc0a0h.jpg?w=1200&#038;ssl=1\"><br \/><img data-recalc-dims=\"1\" decoding=\"async\" class=\"desc-img-loaded\" src=\"https:\/\/i0.wp.com\/ae01.alicdn.com\/kf\/Sfbe82b66b4474438ba9c184f3ab44740r.jpg?w=1200&#038;ssl=1\"><br \/><img data-recalc-dims=\"1\" decoding=\"async\" class=\"desc-img-loaded\" src=\"https:\/\/i0.wp.com\/ae01.alicdn.com\/kf\/Sfbda62b2882f4b7aa58aaced951a1f79x.jpg?w=1200&#038;ssl=1\"><br \/><img data-recalc-dims=\"1\" decoding=\"async\" src=\"https:\/\/i0.wp.com\/ae01.alicdn.com\/kf\/S24d1bd43547148408e46cb276ca6dbdeJ.jpg?w=1200&#038;ssl=1\"><img data-recalc-dims=\"1\" decoding=\"async\" style=\"width:800px\"  src=\"https:\/\/i0.wp.com\/ae01.alicdn.com\/kf\/S2413bc63844d44fda176cfae6a45395ab.jpg?w=1200&#038;ssl=1\"><img data-recalc-dims=\"1\" decoding=\"async\" src=\"https:\/\/i0.wp.com\/ae01.alicdn.com\/kf\/S978833717a284553b3834bd125bf5ffdI.jpg?w=1200&#038;ssl=1\"><img data-recalc-dims=\"1\" decoding=\"async\" src=\"https:\/\/i0.wp.com\/ae01.alicdn.com\/kf\/S159ff5114aae4aa69467db79a9cc9e458.jpg?w=1200&#038;ssl=1\"><\/p>\n<\/div>\n<\/div>\n","protected":false},"excerpt":{"rendered":"<p>NOTA: A partir de 14 de agosto de 2023, existem dois estilos de brincos para o pedido na imagem abaixo, escolheremos um par deles para enviar aleatoriamente.(aleat\u00f3rio 2 escolha 1) material de tecido de vestido e luvas: poli\u00e9ster, material das luvas: couro artificial el\u00e1stico O traje inclui apenas: bandana + galhos + vestido + luvas&hellip;&nbsp;<\/p>\n","protected":false},"featured_media":6618,"template":"","meta":{"neve_meta_sidebar":"","neve_meta_container":"","neve_meta_enable_content_width":"","neve_meta_content_width":0,"neve_meta_title_alignment":"","neve_meta_author_avatar":"","neve_post_elements_order":"","neve_meta_disable_header":"","neve_meta_disable_footer":"","neve_meta_disable_title":""},"product_brand":[],"product_cat":[38,16,39],"product_tag":[],"class_list":{"0":"post-6624","1":"product","2":"type-product","3":"status-publish","4":"has-post-thumbnail","6":"product_cat-fantasias-de-cosplay","7":"product_cat-novidades-e-uso-especial","8":"product_cat-trajes-de-cosplay-desativar-fantasias-de-cosplay","10":"first","11":"instock","12":"shipping-taxable","13":"purchasable","14":"product-type-variable","15":"has-default-attributes"},"jetpack_sharing_enabled":true,"_links":{"self":[{"href":"https:\/\/listman.shop\/costume-br\/wp-json\/wp\/v2\/product\/6624","targetHints":{"allow":["GET"]}}],"collection":[{"href":"https:\/\/listman.shop\/costume-br\/wp-json\/wp\/v2\/product"}],"about":[{"href":"https:\/\/listman.shop\/costume-br\/wp-json\/wp\/v2\/types\/product"}],"wp:featuredmedia":[{"embeddable":true,"href":"https:\/\/listman.shop\/costume-br\/wp-json\/wp\/v2\/media\/6618"}],"wp:attachment":[{"href":"https:\/\/listman.shop\/costume-br\/wp-json\/wp\/v2\/media?parent=6624"}],"wp:term":[{"taxonomy":"product_brand","embeddable":true,"href":"https:\/\/listman.shop\/costume-br\/wp-json\/wp\/v2\/product_brand?post=6624"},{"taxonomy":"product_cat","embeddable":true,"href":"https:\/\/listman.shop\/costume-br\/wp-json\/wp\/v2\/product_cat?post=6624"},{"taxonomy":"product_tag","embeddable":true,"href":"https:\/\/listman.shop\/costume-br\/wp-json\/wp\/v2\/product_tag?post=6624"}],"curies":[{"name":"wp","href":"https:\/\/api.w.org\/{rel}","templated":true}]}}