{"id":6678,"date":"2024-12-10T00:28:39","date_gmt":"2024-12-09T15:28:39","guid":{"rendered":"https:\/\/listman.shop\/costume-br\/product\/1005005901965968\/"},"modified":"2026-04-08T11:25:17","modified_gmt":"2026-04-08T02:25:17","slug":"1005005901965968","status":"publish","type":"product","link":"https:\/\/listman.shop\/costume-br\/product\/1005005901965968\/","title":{"rendered":"Gojo satoru itadori yuji esmalte pinos anime papel m\u00e1scara de olho figura mang\u00e1 broches crach\u00e1 dos desenhos animados jujutsu kaisen acess\u00f3rios j\u00f3ias"},"content":{"rendered":"<div class=\"detailmodule_html\">\n<div class=\"detail-desc-decorate-richtext\">\n<h2><strong>Gojo satoru itadori yuji esmalte pino anime m\u00e1scara de olho figura mang\u00e1 broches emblema dos desenhos animados jujutsu kaisen acess\u00f3rios j\u00f3ias<\/strong><\/h2>\n<p><strong><\/strong><img data-recalc-dims=\"1\" decoding=\"async\" src=\"https:\/\/i0.wp.com\/ae01.alicdn.com\/kf\/Sc2b7cbd5b1d64b95b106f492f8cc0872F.jpg?w=1200&#038;ssl=1\"><strong><\/strong><img data-recalc-dims=\"1\" decoding=\"async\" src=\"https:\/\/i0.wp.com\/ae01.alicdn.com\/kf\/Se1c2c4ed47fa4eababa4cdee74e3a50ck.jpg?w=1200&#038;ssl=1\"><strong><\/strong><img data-recalc-dims=\"1\" decoding=\"async\" src=\"https:\/\/i0.wp.com\/ae01.alicdn.com\/kf\/Sb905c900c37b4acaaa3857e719672fa0j.jpg?w=1200&#038;ssl=1\"><strong><\/strong><img data-recalc-dims=\"1\" decoding=\"async\" src=\"https:\/\/i0.wp.com\/ae01.alicdn.com\/kf\/Sb9b01c90aa934d21a0daebb4f6da1ed3L.jpg?w=1200&#038;ssl=1\"><strong><\/strong><img data-recalc-dims=\"1\" decoding=\"async\" src=\"https:\/\/i0.wp.com\/ae01.alicdn.com\/kf\/S7c950c83ba434e31bbc4e725d3ba90e1O.jpg?w=1200&#038;ssl=1\"><strong><\/strong><img data-recalc-dims=\"1\" decoding=\"async\" src=\"https:\/\/i0.wp.com\/ae01.alicdn.com\/kf\/S5458301fbced4658918a8f308d50f63f3.jpg?w=1200&#038;ssl=1\"><strong><\/strong><img data-recalc-dims=\"1\" decoding=\"async\" src=\"https:\/\/i0.wp.com\/ae01.alicdn.com\/kf\/See28c9e5de4f4370bb6530ebbbaf022eb.jpg?w=1200&#038;ssl=1\"><strong><\/strong><img data-recalc-dims=\"1\" decoding=\"async\" src=\"https:\/\/i0.wp.com\/ae01.alicdn.com\/kf\/Sb4dae217a6c14bd0acca9f8343b7f264w.jpg?w=1200&#038;ssl=1\"><strong><\/strong><img data-recalc-dims=\"1\" decoding=\"async\" src=\"https:\/\/i0.wp.com\/ae01.alicdn.com\/kf\/Sbcd2a195226f491d915ba54831752fd56.jpg?w=1200&#038;ssl=1\"><strong><\/strong><\/p>\n<p><\/div>\n<\/div>\n","protected":false},"excerpt":{"rendered":"<p>Gojo satoru itadori yuji esmalte pino anime m\u00e1scara de olho figura mang\u00e1 broches emblema dos desenhos animados jujutsu kaisen acess\u00f3rios j\u00f3ias<\/p>\n","protected":false},"featured_media":6672,"template":"","meta":{"neve_meta_sidebar":"","neve_meta_container":"","neve_meta_enable_content_width":"","neve_meta_content_width":0,"neve_meta_title_alignment":"","neve_meta_author_avatar":"","neve_post_elements_order":"","neve_meta_disable_header":"","neve_meta_disable_footer":"","neve_meta_disable_title":""},"product_brand":[],"product_cat":[30,28,16],"product_tag":[],"class_list":{"0":"post-6678","1":"product","2":"type-product","3":"status-publish","4":"has-post-thumbnail","6":"product_cat-acessorios-acessorios-para-cosplay","7":"product_cat-acessorios-para-cosplay","8":"product_cat-novidades-e-uso-especial","10":"first","11":"instock","12":"shipping-taxable","13":"purchasable","14":"product-type-variable","15":"has-default-attributes"},"jetpack_sharing_enabled":true,"_links":{"self":[{"href":"https:\/\/listman.shop\/costume-br\/wp-json\/wp\/v2\/product\/6678","targetHints":{"allow":["GET"]}}],"collection":[{"href":"https:\/\/listman.shop\/costume-br\/wp-json\/wp\/v2\/product"}],"about":[{"href":"https:\/\/listman.shop\/costume-br\/wp-json\/wp\/v2\/types\/product"}],"wp:featuredmedia":[{"embeddable":true,"href":"https:\/\/listman.shop\/costume-br\/wp-json\/wp\/v2\/media\/6672"}],"wp:attachment":[{"href":"https:\/\/listman.shop\/costume-br\/wp-json\/wp\/v2\/media?parent=6678"}],"wp:term":[{"taxonomy":"product_brand","embeddable":true,"href":"https:\/\/listman.shop\/costume-br\/wp-json\/wp\/v2\/product_brand?post=6678"},{"taxonomy":"product_cat","embeddable":true,"href":"https:\/\/listman.shop\/costume-br\/wp-json\/wp\/v2\/product_cat?post=6678"},{"taxonomy":"product_tag","embeddable":true,"href":"https:\/\/listman.shop\/costume-br\/wp-json\/wp\/v2\/product_tag?post=6678"}],"curies":[{"name":"wp","href":"https:\/\/api.w.org\/{rel}","templated":true}]}}