{"id":8864,"date":"2024-12-10T01:50:18","date_gmt":"2024-12-09T16:50:18","guid":{"rendered":"https:\/\/listman.shop\/costume-br\/product\/1005006116141369\/"},"modified":"2026-04-08T10:38:34","modified_gmt":"2026-04-08T01:38:34","slug":"1005006116141369","status":"publish","type":"product","link":"https:\/\/listman.shop\/costume-br\/product\/1005006116141369\/","title":{"rendered":"Bon\u00e9s de beisebol dos desenhos animados anime pinheiros bon\u00e9s de beisebol mabel dipper cosplay lona ajust\u00e1vel algod\u00e3o pinho esporte bon\u00e9"},"content":{"rendered":"<div class=\"detailmodule_html\">\n<div class=\"detail-desc-decorate-richtext\">\n<p style=\"text-align:center\" align=\"center\"><strong><span style=\"font-size:20px\">Desenhos animados anime pinos chap\u00e9us bon\u00e9s de beisebol mabel Dipper cosplay lona ajust\u00e1vel algod\u00e3o pinho esporte bon\u00e9<\/span><\/strong><\/p>\n<p><\/p>\n<p style=\"text-align:center\" align=\"center\"><strong><span style=\"font-size:24px;font-family:georgia, serif\">Material: mistura de algod\u00e3o<\/span><\/strong><\/p>\n<p style=\"text-align:center\" align=\"center\"><strong><br \/><\/strong><\/p>\n<p style=\"text-align:center\" align=\"center\"><strong><span style=\"font-size:24px;font-family:georgia, serif\">Cor: azul<\/span><\/strong><\/p>\n<p style=\"text-align:center\" align=\"center\"><strong><br \/><\/strong><\/p>\n<p style=\"text-align:center\" align=\"center\"><strong><span style=\"font-size:24px;font-family:georgia, serif\">Tamanho: 55-60cm ajust\u00e1vel para a maioria das pessoas<\/span><\/strong><\/p>\n<p style=\"text-align:center\" align=\"center\"><strong><br \/><\/strong><\/p>\n<p style=\"text-align:center\" align=\"center\"><strong><span style=\"font-size:24px;font-family:georgia, serif\">Pacote: 1 unidade * bon\u00e9<\/span><\/strong><\/p>\n<p><\/p>\n<p style=\"text-align:center\" align=\"center\">\n<p style=\"text-align:center\" align=\"center\"><img data-recalc-dims=\"1\" decoding=\"async\" src=\"https:\/\/i0.wp.com\/ae01.alicdn.com\/kf\/Sf059091e9931483faab7d0ff40e783beA.jpg?w=1200&#038;ssl=1\"><img data-recalc-dims=\"1\" decoding=\"async\" src=\"https:\/\/i0.wp.com\/ae01.alicdn.com\/kf\/Sb0cac5533c4843c0adac8fe6644331a36.jpg?w=1200&#038;ssl=1\"><img data-recalc-dims=\"1\" decoding=\"async\" src=\"https:\/\/i0.wp.com\/ae01.alicdn.com\/kf\/S1ea8e7e804ee4fe19ccc5adc81d51947Z.jpg?w=1200&#038;ssl=1\"><img data-recalc-dims=\"1\" decoding=\"async\" src=\"https:\/\/i0.wp.com\/ae01.alicdn.com\/kf\/Sa900a8742ec8492fb86560764b3f4795o.jpg?w=1200&#038;ssl=1\"><img data-recalc-dims=\"1\" decoding=\"async\" src=\"https:\/\/i0.wp.com\/ae01.alicdn.com\/kf\/Sc266b5f5d7914d048e19d9394e70d794x.jpg?w=1200&#038;ssl=1\"><\/p>\n<\/div>\n<\/div>\n","protected":false},"excerpt":{"rendered":"<p>Desenhos animados anime pinos chap\u00e9us bon\u00e9s de beisebol mabel Dipper cosplay lona ajust\u00e1vel algod\u00e3o pinho esporte bon\u00e9 Material: mistura de algod\u00e3o Cor: azul Tamanho: 55-60cm ajust\u00e1vel para a maioria das pessoas Pacote: 1 unidade * bon\u00e9<\/p>\n","protected":false},"featured_media":8859,"template":"","meta":{"neve_meta_sidebar":"","neve_meta_container":"","neve_meta_enable_content_width":"","neve_meta_content_width":0,"neve_meta_title_alignment":"","neve_meta_author_avatar":"","neve_post_elements_order":"","neve_meta_disable_header":"","neve_meta_disable_footer":"","neve_meta_disable_title":""},"product_brand":[],"product_cat":[30,28,16],"product_tag":[],"class_list":{"0":"post-8864","1":"product","2":"type-product","3":"status-publish","4":"has-post-thumbnail","6":"product_cat-acessorios-acessorios-para-cosplay","7":"product_cat-acessorios-para-cosplay","8":"product_cat-novidades-e-uso-especial","10":"first","11":"instock","12":"shipping-taxable","13":"purchasable","14":"product-type-variable","15":"has-default-attributes"},"jetpack_sharing_enabled":true,"_links":{"self":[{"href":"https:\/\/listman.shop\/costume-br\/wp-json\/wp\/v2\/product\/8864","targetHints":{"allow":["GET"]}}],"collection":[{"href":"https:\/\/listman.shop\/costume-br\/wp-json\/wp\/v2\/product"}],"about":[{"href":"https:\/\/listman.shop\/costume-br\/wp-json\/wp\/v2\/types\/product"}],"wp:featuredmedia":[{"embeddable":true,"href":"https:\/\/listman.shop\/costume-br\/wp-json\/wp\/v2\/media\/8859"}],"wp:attachment":[{"href":"https:\/\/listman.shop\/costume-br\/wp-json\/wp\/v2\/media?parent=8864"}],"wp:term":[{"taxonomy":"product_brand","embeddable":true,"href":"https:\/\/listman.shop\/costume-br\/wp-json\/wp\/v2\/product_brand?post=8864"},{"taxonomy":"product_cat","embeddable":true,"href":"https:\/\/listman.shop\/costume-br\/wp-json\/wp\/v2\/product_cat?post=8864"},{"taxonomy":"product_tag","embeddable":true,"href":"https:\/\/listman.shop\/costume-br\/wp-json\/wp\/v2\/product_tag?post=8864"}],"curies":[{"name":"wp","href":"https:\/\/api.w.org\/{rel}","templated":true}]}}